--
-- Host: mysql5-30.90    Database: lymphoenpress
-- ------------------------------------------------------


--
-- Table structure for table `wp_ajaxy_tracker`
--

CREATE TABLE `wp_ajaxy_tracker` (
  `id` mediumint(9) NOT NULL AUTO_INCREMENT,
  `time` datetime NOT NULL DEFAULT '0000-00-00 00:00:00',
  `total` mediumint(9) NOT NULL DEFAULT '0',
  `keyword` varchar(250) NOT NULL,
  `details` text,
  UNIQUE KEY `id` (`id`)
) ENGINE=MyISAM AUTO_INCREMENT=191 DEFAULT CHARSET=utf8;

--
-- Dumping data for table `wp_ajaxy_tracker`
--

INSERT INTO `wp_ajaxy_tracker` VALUES (1,'2013-11-13 20:02:18',1,'stages','s'),(2,'2013-11-13 20:02:19',1,'stages','s'),(3,'2013-11-13 20:02:21',0,'favicon.ico','s'),(4,'2013-11-13 20:02:22',0,'favicon.ico','s'),(5,'2013-11-13 20:02:36',2,'asd','s'),(6,'2013-11-13 20:02:37',2,'asd','s'),(7,'2013-11-13 20:02:39',0,'favicon.ico','s'),(8,'2013-11-13 20:02:40',0,'favicon.ico','s'),(9,'2013-11-13 20:05:17',2,'asd','s'),(10,'2013-11-13 20:05:19',0,'favicon.ico','s'),(11,'2013-11-13 20:05:20',0,'favicon.ico','s'),(12,'2013-11-13 20:05:25',2,'asd','ls'),(13,'2013-11-13 20:05:32',2,'asd','s'),(14,'2013-11-13 20:05:33',2,'asd','s'),(15,'2013-11-13 20:05:35',0,'favicon.ico','s'),(16,'2013-11-13 20:05:36',0,'favicon.ico','s'),(17,'2013-11-13 20:10:53',2,'asd','s'),(18,'2013-11-13 20:10:56',0,'favicon.ico','s'),(19,'2013-11-13 20:10:58',0,'favicon.ico','s'),(20,'2013-11-13 20:11:27',2,'asd','s'),(21,'2013-11-13 20:11:30',0,'favicon.ico','s'),(22,'2013-11-13 20:11:31',0,'favicon.ico','s'),(23,'2013-11-13 20:12:25',2,'asd','s'),(24,'2013-11-13 20:12:27',0,'favicon.ico','s'),(25,'2013-11-13 20:12:29',0,'favicon.ico','s'),(26,'2013-11-13 20:12:49',2,'asd','s'),(27,'2013-11-13 20:12:51',0,'favicon.ico','s'),(28,'2013-11-13 20:12:52',0,'favicon.ico','s'),(29,'2013-11-13 20:12:55',1,'test','ls'),(30,'2013-11-13 20:13:32',2,'asd','s'),(31,'2013-11-13 20:13:34',0,'favicon.ico','s'),(32,'2013-11-13 20:13:35',0,'favicon.ico','s'),(33,'2013-11-13 20:16:41',2,'asd','s'),(34,'2013-11-13 20:16:44',0,'favicon.ico','s'),(35,'2013-11-13 20:16:45',0,'favicon.ico','s'),(36,'2013-11-13 20:17:00',2,'asd','s'),(37,'2013-11-13 20:17:02',0,'favicon.ico','s'),(38,'2013-11-13 20:17:04',0,'favicon.ico','s'),(39,'2013-11-13 20:17:16',2,'asd','s'),(40,'2013-11-13 20:17:19',0,'favicon.ico','s'),(41,'2013-11-13 20:17:20',0,'favicon.ico','s'),(42,'2013-11-13 20:17:33',2,'asd','s'),(43,'2013-11-13 20:17:36',0,'favicon.ico','s'),(44,'2013-11-13 20:17:37',0,'favicon.ico','s'),(45,'2013-11-13 20:17:44',8,' ','s'),(46,'2013-11-13 20:17:45',8,' ','s'),(47,'2013-11-13 20:17:47',0,'favicon.ico','s'),(48,'2013-11-13 20:17:48',0,'favicon.ico','s'),(49,'2013-11-13 20:18:19',0,' test','ls'),(50,'2013-11-13 20:18:22',1,' test','s'),(51,'2013-11-13 20:18:24',1,' test','s'),(52,'2013-11-13 20:18:26',0,'favicon.ico','s'),(53,'2013-11-13 20:18:27',0,'favicon.ico','s'),(54,'2013-11-13 20:18:34',1,'test','ls'),(55,'2013-11-13 20:20:07',1,'test','ls'),(56,'2013-11-13 20:29:17',6,'te','ls'),(57,'2013-11-13 20:30:21',2,'tes','ls'),(58,'2013-11-13 20:30:21',1,'test','ls'),(59,'2013-11-13 20:31:12',2,'tes','ls'),(60,'2013-11-13 20:42:28',6,'te','ls'),(61,'2013-11-13 20:42:31',2,'tes','ls'),(62,'2013-11-13 20:42:33',6,'te','ls'),(63,'2013-11-13 20:42:52',6,'te','ls'),(64,'2013-11-13 20:43:34',0,'qr','ls'),(65,'2013-11-13 20:45:45',6,'te','ls'),(66,'2013-11-13 20:45:45',6,'te','ls'),(67,'2013-11-13 20:49:54',6,'te','ls'),(68,'2013-11-13 20:49:55',1,'test','ls'),(69,'2013-11-13 20:50:19',6,'te','ls'),(70,'2013-11-13 20:51:27',6,'te','ls'),(71,'2013-11-13 20:51:27',6,'te','ls'),(72,'2013-11-13 20:51:39',19,'t','ls'),(73,'2013-11-13 20:51:39',6,'te','ls'),(74,'2013-11-13 20:51:42',2,'tes','ls'),(75,'2013-11-13 20:56:30',6,'te','ls'),(76,'2013-11-13 20:56:31',1,'test','ls'),(77,'2013-11-13 20:58:19',6,'te','ls'),(78,'2013-11-13 20:58:20',1,'test','ls'),(79,'2013-11-13 20:59:16',2,'tes','ls'),(80,'2013-11-13 20:59:16',6,'te','ls'),(81,'2013-11-13 21:00:44',6,'te','ls'),(82,'2013-11-13 21:00:45',2,'tes','ls'),(83,'2013-11-13 21:02:58',6,'te','ls'),(84,'2013-11-13 21:02:58',1,'test','ls'),(85,'2013-11-13 21:03:05',6,'te','ls'),(86,'2013-11-13 21:03:06',6,'te','ls'),(87,'2013-11-13 21:05:01',6,'te','ls'),(88,'2013-11-13 21:05:01',6,'te','ls'),(89,'2013-11-13 21:05:02',1,'test','ls'),(90,'2013-11-13 21:05:19',6,'te','ls'),(91,'2013-11-13 21:05:19',1,'test','ls'),(92,'2013-11-13 21:05:24',2,'tes','ls'),(93,'2013-11-13 21:05:24',6,'te','ls'),(94,'2013-11-13 21:08:17',0,'rw','ls'),(95,'2013-11-13 21:08:22',19,'t','ls'),(96,'2013-11-13 21:08:22',6,'te','ls'),(97,'2013-11-13 21:10:39',2,'tes','ls'),(98,'2013-11-13 21:11:11',6,'te','ls'),(99,'2013-11-13 21:12:53',6,'te','ls'),(100,'2013-11-13 21:13:02',0,'teqw','ls'),(101,'2013-11-13 21:13:07',0,'teqwqwer','ls'),(102,'2013-11-13 21:13:07',0,'teqwqwerqwer','ls'),(103,'2013-11-13 21:13:16',0,'qre','ls'),(104,'2013-11-13 21:13:18',0,'qreqwer','ls'),(105,'2013-11-13 21:13:58',0,'qwer','ls'),(106,'2013-11-13 21:14:34',0,'qwer','ls'),(107,'2013-11-13 21:15:14',6,'te','ls'),(108,'2013-11-13 21:15:40',2,'tes','ls'),(109,'2013-11-13 21:15:46',6,'te','ls'),(110,'2013-11-13 21:15:51',0,'tee','ls'),(111,'2013-11-13 21:15:53',0,'teee','ls'),(112,'2013-11-13 21:16:07',0,'tee','ls'),(113,'2013-11-13 21:16:09',6,'te','ls'),(114,'2013-11-13 21:16:11',19,'t','ls'),(115,'2013-11-13 21:23:31',6,'te','ls'),(116,'2013-11-13 21:25:13',9,'q','ls'),(117,'2013-11-13 21:25:19',18,'a','ls'),(118,'2013-11-13 21:26:34',6,'te','ls'),(119,'2013-11-13 21:26:46',6,'te','ls'),(120,'2013-11-13 21:28:07',6,'te','ls'),(121,'2013-11-13 21:29:10',6,'te','ls'),(122,'2013-11-13 21:29:10',2,'tes','ls'),(123,'2013-11-13 21:29:26',6,'te','ls'),(124,'2013-11-13 21:29:26',1,'test','ls'),(125,'2013-11-13 21:30:22',6,'te','ls'),(126,'2013-11-13 21:30:22',1,'test','ls'),(127,'2013-11-13 21:30:28',2,'tes','ls'),(128,'2013-11-13 21:30:28',6,'te','ls'),(129,'2013-11-13 21:35:41',4,'te','ls'),(130,'2013-11-13 21:35:50',14,'s','ls'),(131,'2013-11-13 21:35:50',1,'sta','ls'),(132,'2013-11-13 21:35:51',1,'sta','ls'),(133,'2013-11-13 21:36:00',5,'st','ls'),(134,'2013-11-13 21:36:13',5,'st','s'),(135,'2013-11-13 21:36:14',5,'st','s'),(136,'2013-11-13 21:36:15',0,'favicon.ico','s'),(137,'2013-11-13 21:36:17',0,'favicon.ico','s'),(138,'2013-11-13 21:36:21',4,'te','ls'),(139,'2013-11-13 21:38:16',4,'te','ls'),(140,'2013-11-13 21:39:14',4,'te','ls'),(141,'2013-11-13 21:42:07',4,'te','ls'),(142,'2013-11-13 21:43:07',0,'rw','ls'),(143,'2013-11-13 21:43:11',10,'r','ls'),(144,'2013-11-13 21:43:12',14,'s','ls'),(145,'2013-11-13 21:43:12',1,'sta','ls'),(146,'2013-11-13 21:52:06',0,'qwerewqr','ls'),(147,'2013-11-13 21:52:06',0,'qwe','ls'),(148,'2013-11-13 21:52:06',0,'qwer','ls'),(149,'2013-11-13 21:52:06',0,'qwerewq','ls'),(150,'2013-11-13 21:52:06',0,'qwerewqr','ls'),(151,'2013-11-13 22:38:58',0,'0','ls'),(152,'2013-11-13 22:39:12',5,'st','ls'),(153,'2013-11-13 22:39:13',5,'st','ls'),(154,'2013-11-13 22:39:13',1,'sta','ls'),(155,'2013-11-14 06:29:39',4,'te','ls'),(156,'2013-11-14 06:29:39',4,'te','ls'),(157,'2013-11-14 06:29:49',4,'te','ls'),(158,'2013-11-14 09:07:55',4,'te','ls'),(159,'2013-11-14 09:07:55',12,'t','ls'),(160,'2013-11-14 09:08:03',2,'tes','ls'),(161,'2013-11-14 09:08:03',1,'test','ls'),(162,'2013-11-14 17:38:57',1,'massage','s'),(163,'2013-11-14 17:45:10',1,'adsf','ls'),(164,'2013-11-14 18:03:36',1,'test','ls'),(165,'2013-11-14 18:03:36',4,'te','ls'),(166,'2013-11-14 18:40:35',4,'te','ls'),(167,'2013-11-14 18:40:36',1,'test','ls'),(168,'2013-11-14 18:49:41',0,'%s','s'),(169,'2013-11-14 20:40:22',0,'qwe','ls'),(170,'2013-11-14 20:40:33',0,'qw','ls'),(171,'2013-11-14 20:40:35',6,'q','ls'),(172,'2013-11-14 22:20:42',12,'t','ls'),(173,'2013-11-14 22:20:42',4,'te','ls'),(174,'2013-11-19 22:23:00',0,'Register','s'),(175,'2013-11-20 18:17:26',0,'zr','ls'),(176,'2013-11-20 18:17:29',0,'z','ls'),(177,'2013-11-20 18:17:30',0,'zr','ls'),(178,'2013-11-20 18:17:31',2,'ut','ls'),(179,'2013-11-20 18:17:31',2,'ut','ls'),(180,'2013-11-20 18:17:33',8,'u','ls'),(181,'2013-11-20 18:17:33',4,'ur','ls'),(182,'2013-11-20 18:17:34',8,'u','ls'),(183,'2013-11-20 18:17:35',8,'u','ls'),(184,'2013-11-20 18:17:35',5,'ue','ls'),(185,'2013-11-20 18:17:35',5,'ue','ls'),(186,'2013-11-20 18:17:36',8,'u','ls'),(187,'2013-11-20 18:17:37',4,'te','ls'),(188,'2013-11-20 18:17:38',2,'tes','ls'),(189,'2013-11-20 18:17:40',1,'tes ','ls'),(190,'2013-11-20 18:17:42',2,'tes','ls');

--
-- Table structure for table `wp_bp_activity`
--

CREATE TABLE `wp_bp_activity` (
  `id` bigint(20) NOT NULL AUTO_INCREMENT,
  `user_id` bigint(20) NOT NULL,
  `component` varchar(75) NOT NULL,
  `type` varchar(75) NOT NULL,
  `action` text NOT NULL,
  `content` longtext NOT NULL,
  `primary_link` text NOT NULL,
  `item_id` bigint(20) NOT NULL,
  `secondary_item_id` bigint(20) DEFAULT NULL,
  `date_recorded` datetime NOT NULL,
  `hide_sitewide` tinyint(1) DEFAULT '0',
  `mptt_left` int(11) NOT NULL DEFAULT '0',
  `mptt_right` int(11) NOT NULL DEFAULT '0',
  `is_spam` tinyint(1) NOT NULL DEFAULT '0',
  PRIMARY KEY (`id`),
  KEY `date_recorded` (`date_recorded`),
  KEY `user_id` (`user_id`),
  KEY `item_id` (`item_id`),
  KEY `secondary_item_id` (`secondary_item_id`),
  KEY `component` (`component`),
  KEY `type` (`type`),
  KEY `mptt_left` (`mptt_left`),
  KEY `mptt_right` (`mptt_right`),
  KEY `hide_sitewide` (`hide_sitewide`),
  KEY `is_spam` (`is_spam`)
) ENGINE=MyISAM AUTO_INCREMENT=146 DEFAULT CHARSET=utf8;

--
-- Dumping data for table `wp_bp_activity`
--

INSERT INTO `wp_bp_activity` VALUES (1,1,'members','last_activity','','','',0,NULL,'2021-09-20 12:55:11',0,0,0,0),(2,2,'members','last_activity','','','',0,NULL,'2021-07-06 18:06:48',0,0,0,0),(3,3,'members','last_activity','','','',0,NULL,'2013-12-01 21:26:31',0,0,0,0),(4,4,'members','last_activity','','','',0,NULL,'2013-12-01 21:26:31',0,0,0,0),(5,5,'members','last_activity','','','',0,NULL,'2013-12-01 21:26:32',0,0,0,0),(6,6,'members','last_activity','','','',0,NULL,'2013-12-01 21:26:32',0,0,0,0),(7,7,'members','last_activity','','','',0,NULL,'2013-12-01 21:26:32',0,0,0,0),(8,8,'members','last_activity','','','',0,NULL,'2013-12-01 21:26:33',0,0,0,0),(9,9,'members','last_activity','','','',0,NULL,'2013-12-01 21:26:33',0,0,0,0),(10,10,'members','last_activity','','','',0,NULL,'2013-12-01 21:26:33',0,0,0,0),(11,11,'members','last_activity','','','',0,NULL,'2013-12-01 21:26:34',0,0,0,0),(12,12,'members','last_activity','','','',0,NULL,'2013-12-01 21:26:34',0,0,0,0),(13,13,'members','last_activity','','','',0,NULL,'2013-12-01 21:26:34',0,0,0,0),(14,14,'members','last_activity','','','',0,NULL,'2014-11-06 20:38:23',0,0,0,0),(15,15,'members','last_activity','','','',0,NULL,'2013-12-01 21:26:35',0,0,0,0),(16,16,'members','last_activity','','','',0,NULL,'2013-12-01 21:26:36',0,0,0,0),(17,17,'members','last_activity','','','',0,NULL,'2013-12-01 21:26:36',0,0,0,0),(18,18,'members','last_activity','','','',0,NULL,'2013-12-01 21:26:36',0,0,0,0),(19,19,'members','last_activity','','','',0,NULL,'2013-12-01 21:26:37',0,0,0,0),(20,20,'members','last_activity','','','',0,NULL,'2013-12-01 21:26:37',0,0,0,0),(21,21,'members','last_activity','','','',0,NULL,'2013-12-01 21:26:38',0,0,0,0),(22,22,'members','last_activity','','','',0,NULL,'2013-12-01 21:26:38',0,0,0,0),(23,23,'members','last_activity','','','',0,NULL,'2013-12-01 21:26:39',0,0,0,0),(24,24,'members','last_activity','','','',0,NULL,'2013-12-01 21:26:39',0,0,0,0),(25,25,'members','last_activity','','','',0,NULL,'2014-11-12 11:23:14',0,0,0,0),(26,26,'members','last_activity','','','',0,NULL,'2013-12-01 21:26:40',0,0,0,0),(27,27,'members','last_activity','','','',0,NULL,'2013-12-01 21:26:40',0,0,0,0),(28,28,'members','last_activity','','','',0,NULL,'2013-12-01 21:26:41',0,0,0,0),(29,29,'members','last_activity','','','',0,NULL,'2013-12-01 21:26:41',0,0,0,0),(30,30,'members','last_activity','','','',0,NULL,'2013-12-01 21:26:41',0,0,0,0),(31,31,'members','last_activity','','','',0,NULL,'2013-12-01 21:26:42',0,0,0,0),(32,32,'members','last_activity','','','',0,NULL,'2014-11-17 10:44:30',0,0,0,0),(33,33,'members','last_activity','','','',0,NULL,'2013-12-01 21:26:43',0,0,0,0),(34,34,'members','last_activity','','','',0,NULL,'2013-12-01 21:26:43',0,0,0,0),(35,35,'members','last_activity','','','',0,NULL,'2013-12-01 21:26:44',0,0,0,0),(36,36,'members','last_activity','','','',0,NULL,'2013-12-01 21:26:44',0,0,0,0),(37,37,'members','last_activity','','','',0,NULL,'2013-12-01 21:26:45',0,0,0,0),(38,38,'members','last_activity','','','',0,NULL,'2013-12-01 21:26:45',0,0,0,0),(39,39,'members','last_activity','','','',0,NULL,'2013-12-01 21:26:46',0,0,0,0),(40,40,'members','last_activity','','','',0,NULL,'2013-12-01 21:26:46',0,0,0,0),(41,41,'members','last_activity','','','',0,NULL,'2013-12-01 21:26:46',0,0,0,0),(42,42,'members','last_activity','','','',0,NULL,'2013-12-01 21:26:47',0,0,0,0),(43,43,'members','last_activity','','','',0,NULL,'2014-10-21 14:41:02',0,0,0,0),(44,44,'members','last_activity','','','',0,NULL,'2013-12-01 21:26:48',0,0,0,0),(45,45,'members','last_activity','','','',0,NULL,'2013-12-01 21:26:49',0,0,0,0),(46,46,'members','last_activity','','','',0,NULL,'2013-12-01 21:26:49',0,0,0,0),(47,47,'members','last_activity','','','',0,NULL,'2013-12-01 21:26:50',0,0,0,0),(48,48,'members','last_activity','','','',0,NULL,'2013-12-01 21:26:51',0,0,0,0),(49,49,'members','last_activity','','','',0,NULL,'2014-10-21 14:45:23',0,0,0,0),(50,50,'members','last_activity','','','',0,NULL,'2013-12-01 21:26:52',0,0,0,0),(51,51,'members','last_activity','','','',0,NULL,'2013-12-01 21:26:52',0,0,0,0),(52,52,'members','last_activity','','','',0,NULL,'2013-12-01 21:26:53',0,0,0,0),(53,53,'members','last_activity','','','',0,NULL,'2013-12-01 21:26:53',0,0,0,0),(54,54,'members','last_activity','','','',0,NULL,'2013-12-01 21:26:54',0,0,0,0),(55,55,'members','last_activity','','','',0,NULL,'2014-09-17 22:16:53',0,0,0,0),(56,56,'members','last_activity','','','',0,NULL,'2013-12-01 21:26:54',0,0,0,0),(57,57,'members','last_activity','','','',0,NULL,'2013-12-01 21:26:55',0,0,0,0),(58,58,'members','last_activity','','','',0,NULL,'2013-12-01 21:26:55',0,0,0,0),(59,59,'members','last_activity','','','',0,NULL,'2013-12-01 21:26:55',0,0,0,0),(60,60,'members','last_activity','','','',0,NULL,'2014-09-22 20:19:00',0,0,0,0),(61,61,'members','last_activity','','','',0,NULL,'2013-12-01 21:26:56',0,0,0,0),(62,62,'members','last_activity','','','',0,NULL,'2013-12-01 21:26:57',0,0,0,0),(63,63,'members','last_activity','','','',0,NULL,'2013-12-01 21:26:57',0,0,0,0),(64,64,'members','last_activity','','','',0,NULL,'2013-12-01 21:26:57',0,0,0,0),(65,65,'members','last_activity','','','',0,NULL,'2013-12-01 21:26:58',0,0,0,0),(66,66,'members','last_activity','','','',0,NULL,'2013-12-01 21:26:58',0,0,0,0),(67,67,'members','last_activity','','','',0,NULL,'2013-12-01 21:26:59',0,0,0,0),(68,68,'members','last_activity','','','',0,NULL,'2013-12-01 21:26:59',0,0,0,0),(69,69,'members','last_activity','','','',0,NULL,'2013-12-01 21:27:00',0,0,0,0),(70,70,'members','last_activity','','','',0,NULL,'2013-12-01 21:27:00',0,0,0,0),(71,71,'members','last_activity','','','',0,NULL,'2013-12-01 21:27:01',0,0,0,0),(72,72,'members','last_activity','','','',0,NULL,'2013-12-01 21:27:01',0,0,0,0),(73,73,'members','last_activity','','','',0,NULL,'2013-12-01 21:27:01',0,0,0,0),(74,74,'members','last_activity','','','',0,NULL,'2013-12-01 21:27:02',0,0,0,0),(75,75,'members','last_activity','','','',0,NULL,'2013-12-01 21:27:02',0,0,0,0),(76,76,'members','last_activity','','','',0,NULL,'2013-12-01 21:27:03',0,0,0,0),(77,77,'members','last_activity','','','',0,NULL,'2013-12-01 21:27:03',0,0,0,0),(78,78,'members','last_activity','','','',0,NULL,'2013-12-01 21:27:04',0,0,0,0),(79,79,'members','last_activity','','','',0,NULL,'2013-12-01 21:27:04',0,0,0,0),(80,80,'members','last_activity','','','',0,NULL,'2013-12-01 21:27:05',0,0,0,0),(81,81,'members','last_activity','','','',0,NULL,'2013-12-01 21:27:06',0,0,0,0),(82,82,'members','last_activity','','','',0,NULL,'2013-12-01 21:27:06',0,0,0,0),(83,83,'members','last_activity','','','',0,NULL,'2013-12-01 21:27:06',0,0,0,0),(84,84,'members','last_activity','','','',0,NULL,'2013-12-01 21:27:07',0,0,0,0),(85,85,'members','last_activity','','','',0,NULL,'2013-12-01 21:27:07',0,0,0,0),(86,86,'members','last_activity','','','',0,NULL,'2013-12-01 21:27:08',0,0,0,0),(87,87,'members','last_activity','','','',0,NULL,'2013-12-01 21:27:09',0,0,0,0),(88,88,'members','last_activity','','','',0,NULL,'2013-12-01 21:27:09',0,0,0,0),(89,89,'members','last_activity','','','',0,NULL,'2013-12-01 21:27:10',0,0,0,0),(90,90,'members','last_activity','','','',0,NULL,'2013-12-01 21:27:10',0,0,0,0),(91,91,'members','last_activity','','','',0,NULL,'2013-12-01 21:27:11',0,0,0,0),(92,92,'members','last_activity','','','',0,NULL,'2013-12-01 21:27:11',0,0,0,0),(93,93,'members','last_activity','','','',0,NULL,'2013-12-01 21:27:12',0,0,0,0),(94,94,'members','last_activity','','','',0,NULL,'2013-12-01 21:27:12',0,0,0,0),(95,95,'members','last_activity','','','',0,NULL,'2013-12-01 21:27:13',0,0,0,0),(96,96,'members','last_activity','','','',0,NULL,'2013-12-01 21:27:13',0,0,0,0),(97,97,'members','last_activity','','','',0,NULL,'2013-12-01 21:27:13',0,0,0,0),(98,98,'members','last_activity','','','',0,NULL,'2013-12-01 21:27:14',0,0,0,0),(99,99,'members','last_activity','','','',0,NULL,'2013-12-01 21:27:14',0,0,0,0),(100,100,'members','last_activity','','','',0,NULL,'2013-12-01 21:27:15',0,0,0,0),(101,101,'members','last_activity','','','',0,NULL,'2013-12-01 21:27:15',0,0,0,0),(102,102,'members','last_activity','','','',0,NULL,'2013-12-01 21:27:15',0,0,0,0),(103,103,'members','last_activity','','','',0,NULL,'2013-12-01 21:27:16',0,0,0,0),(104,104,'members','last_activity','','','',0,NULL,'2013-12-01 21:27:16',0,0,0,0),(105,105,'members','last_activity','','','',0,NULL,'2013-12-01 21:27:17',0,0,0,0),(106,106,'members','last_activity','','','',0,NULL,'2013-12-01 21:27:17',0,0,0,0),(107,107,'members','last_activity','','','',0,NULL,'2013-12-01 21:27:17',0,0,0,0),(108,108,'members','last_activity','','','',0,NULL,'2013-12-01 21:27:18',0,0,0,0),(109,109,'members','last_activity','','','',0,NULL,'2013-12-01 21:27:18',0,0,0,0),(110,110,'members','last_activity','','','',0,NULL,'2013-12-01 21:27:19',0,0,0,0),(111,111,'members','last_activity','','','',0,NULL,'2013-12-01 21:27:20',0,0,0,0),(112,112,'members','last_activity','','','',0,NULL,'2013-12-01 21:27:20',0,0,0,0),(113,113,'members','last_activity','','','',0,NULL,'2013-12-01 21:27:20',0,0,0,0),(114,114,'members','last_activity','','','',0,NULL,'2013-12-01 21:27:21',0,0,0,0),(115,115,'members','last_activity','','','',0,NULL,'2013-12-01 21:27:21',0,0,0,0),(116,116,'members','last_activity','','','',0,NULL,'2013-12-01 21:27:22',0,0,0,0),(117,117,'members','last_activity','','','',0,NULL,'2013-12-01 21:27:22',0,0,0,0),(118,118,'members','last_activity','','','',0,NULL,'2013-12-01 21:27:23',0,0,0,0),(119,119,'members','last_activity','','','',0,NULL,'2013-12-01 21:27:23',0,0,0,0),(120,120,'members','last_activity','','','',0,NULL,'2013-12-01 21:27:23',0,0,0,0),(121,121,'members','last_activity','','','',0,NULL,'2013-12-01 21:27:24',0,0,0,0),(122,122,'members','last_activity','','','',0,NULL,'2013-12-01 21:27:24',0,0,0,0),(123,123,'members','last_activity','','','',0,NULL,'2014-12-09 13:55:22',0,0,0,0),(124,124,'members','last_activity','','','',0,NULL,'2013-12-01 21:27:25',0,0,0,0),(125,125,'members','last_activity','','','',0,NULL,'2013-12-01 21:27:25',0,0,0,0),(126,126,'members','last_activity','','','',0,NULL,'2013-12-01 21:27:26',0,0,0,0),(127,127,'members','last_activity','','','',0,NULL,'2013-12-01 21:27:26',0,0,0,0),(128,128,'members','last_activity','','','',0,NULL,'2013-12-01 21:27:27',0,0,0,0),(129,129,'members','last_activity','','','',0,NULL,'2013-12-01 21:27:27',0,0,0,0),(130,130,'members','last_activity','','','',0,NULL,'2013-12-01 21:27:27',0,0,0,0),(131,131,'members','last_activity','','','',0,NULL,'2013-12-01 21:27:28',0,0,0,0),(132,132,'members','last_activity','','','',0,NULL,'2013-12-01 21:27:28',0,0,0,0),(133,133,'members','last_activity','','','',0,NULL,'2014-07-28 08:33:56',0,0,0,0),(134,134,'members','last_activity','','','',0,NULL,'2014-08-08 09:28:05',0,0,0,0),(135,136,'members','last_activity','','','',0,NULL,'2014-08-13 20:55:39',0,0,0,0),(136,137,'members','last_activity','','','',0,NULL,'2014-08-14 08:48:11',0,0,0,0),(137,138,'members','last_activity','','','',0,NULL,'2014-08-31 08:54:32',0,0,0,0),(138,139,'members','last_activity','','','',0,NULL,'2014-11-25 19:07:08',0,0,0,0),(139,140,'members','last_activity','','','',0,NULL,'2014-10-25 11:29:36',0,0,0,0),(140,141,'members','last_activity','','','',0,NULL,'2014-10-20 12:28:22',0,0,0,0),(141,142,'members','last_activity','','','',0,NULL,'2014-10-22 07:37:26',0,0,0,0),(142,143,'members','last_activity','','','',0,NULL,'2014-10-22 10:12:45',0,0,0,0),(143,144,'members','last_activity','','','',0,NULL,'2014-12-14 09:09:16',0,0,0,0),(144,201,'members','last_activity','','','',0,NULL,'2021-07-15 04:09:26',0,0,0,0),(145,202,'members','last_activity','','','',0,NULL,'2021-07-15 04:30:59',0,0,0,0);

--
-- Table structure for table `wp_bp_activity_meta`
--

CREATE TABLE `wp_bp_activity_meta` (
  `id` bigint(20) NOT NULL AUTO_INCREMENT,
  `activity_id` bigint(20) NOT NULL,
  `meta_key` varchar(255) DEFAULT NULL,
  `meta_value` longtext,
  PRIMARY KEY (`id`),
  KEY `activity_id` (`activity_id`),
  KEY `meta_key` (`meta_key`(191))
) ENGINE=MyISAM DEFAULT CHARSET=utf8;

--
-- Dumping data for table `wp_bp_activity_meta`
--


--
-- Table structure for table `wp_bp_friends`
--

CREATE TABLE `wp_bp_friends` (
  `id` bigint(20) NOT NULL AUTO_INCREMENT,
  `initiator_user_id` bigint(20) NOT NULL,
  `friend_user_id` bigint(20) NOT NULL,
  `is_confirmed` tinyint(1) DEFAULT '0',
  `is_limited` tinyint(1) DEFAULT '0',
  `date_created` datetime NOT NULL,
  PRIMARY KEY (`id`),
  KEY `initiator_user_id` (`initiator_user_id`),
  KEY `friend_user_id` (`friend_user_id`)
) ENGINE=MyISAM DEFAULT CHARSET=utf8;

--
-- Dumping data for table `wp_bp_friends`
--


--
-- Table structure for table `wp_bp_invitations`
--

CREATE TABLE `wp_bp_invitations` (
  `id` bigint(20) NOT NULL AUTO_INCREMENT,
  `user_id` bigint(20) NOT NULL,
  `inviter_id` bigint(20) NOT NULL,
  `invitee_email` varchar(100) COLLATE utf8mb4_unicode_ci DEFAULT NULL,
  `class` varchar(120) COLLATE utf8mb4_unicode_ci NOT NULL,
  `item_id` bigint(20) NOT NULL,
  `secondary_item_id` bigint(20) DEFAULT NULL,
  `type` varchar(12) COLLATE utf8mb4_unicode_ci NOT NULL DEFAULT 'invite',
  `content` longtext COLLATE utf8mb4_unicode_ci,
  `date_modified` datetime NOT NULL,
  `invite_sent` tinyint(1) NOT NULL DEFAULT '0',
  `accepted` tinyint(1) NOT NULL DEFAULT '0',
  PRIMARY KEY (`id`),
  KEY `user_id` (`user_id`),
  KEY `inviter_id` (`inviter_id`),
  KEY `invitee_email` (`invitee_email`),
  KEY `class` (`class`),
  KEY `item_id` (`item_id`),
  KEY `secondary_item_id` (`secondary_item_id`),
  KEY `type` (`type`),
  KEY `invite_sent` (`invite_sent`),
  KEY `accepted` (`accepted`)
) ENGINE=InnoDB DEFAULT CHARSET=utf8mb4 COLLATE=utf8mb4_unicode_ci;

--
-- Dumping data for table `wp_bp_invitations`
--


--
-- Table structure for table `wp_bp_messages_messages`
--

CREATE TABLE `wp_bp_messages_messages` (
  `id` bigint(20) NOT NULL AUTO_INCREMENT,
  `thread_id` bigint(20) NOT NULL,
  `sender_id` bigint(20) NOT NULL,
  `subject` varchar(200) NOT NULL,
  `message` longtext NOT NULL,
  `date_sent` datetime NOT NULL,
  PRIMARY KEY (`id`),
  KEY `sender_id` (`sender_id`),
  KEY `thread_id` (`thread_id`)
) ENGINE=MyISAM DEFAULT CHARSET=utf8;

--
-- Dumping data for table `wp_bp_messages_messages`
--


--
-- Table structure for table `wp_bp_messages_notices`
--

CREATE TABLE `wp_bp_messages_notices` (
  `id` bigint(20) NOT NULL AUTO_INCREMENT,
  `subject` varchar(200) NOT NULL,
  `message` longtext NOT NULL,
  `date_sent` datetime NOT NULL,
  `is_active` tinyint(1) NOT NULL DEFAULT '0',
  PRIMARY KEY (`id`),
  KEY `is_active` (`is_active`)
) ENGINE=MyISAM DEFAULT CHARSET=utf8;

--
-- Dumping data for table `wp_bp_messages_notices`
--


--
-- Table structure for table `wp_bp_messages_recipients`
--

CREATE TABLE `wp_bp_messages_recipients` (
  `id` bigint(20) NOT NULL AUTO_INCREMENT,
  `user_id` bigint(20) NOT NULL,
  `thread_id` bigint(20) NOT NULL,
  `unread_count` int(10) NOT NULL DEFAULT '0',
  `sender_only` tinyint(1) NOT NULL DEFAULT '0',
  `is_deleted` tinyint(1) NOT NULL DEFAULT '0',
  PRIMARY KEY (`id`),
  KEY `user_id` (`user_id`),
  KEY `thread_id` (`thread_id`),
  KEY `is_deleted` (`is_deleted`),
  KEY `sender_only` (`sender_only`),
  KEY `unread_count` (`unread_count`)
) ENGINE=MyISAM DEFAULT CHARSET=utf8;

--
-- Dumping data for table `wp_bp_messages_recipients`
--


--
-- Table structure for table `wp_bp_notifications`
--

CREATE TABLE `wp_bp_notifications` (
  `id` bigint(20) NOT NULL AUTO_INCREMENT,
  `user_id` bigint(20) NOT NULL,
  `item_id` bigint(20) NOT NULL,
  `secondary_item_id` bigint(20) DEFAULT NULL,
  `component_name` varchar(75) NOT NULL,
  `component_action` varchar(75) NOT NULL,
  `date_notified` datetime NOT NULL,
  `is_new` tinyint(1) NOT NULL DEFAULT '0',
  PRIMARY KEY (`id`),
  KEY `item_id` (`item_id`),
  KEY `secondary_item_id` (`secondary_item_id`),
  KEY `user_id` (`user_id`),
  KEY `is_new` (`is_new`),
  KEY `component_name` (`component_name`),
  KEY `component_action` (`component_action`),
  KEY `useritem` (`user_id`,`is_new`)
) ENGINE=MyISAM DEFAULT CHARSET=utf8;

--
-- Dumping data for table `wp_bp_notifications`
--


--
-- Table structure for table `wp_bp_notifications_meta`
--

CREATE TABLE `wp_bp_notifications_meta` (
  `id` bigint(20) NOT NULL AUTO_INCREMENT,
  `notification_id` bigint(20) NOT NULL,
  `meta_key` varchar(255) COLLATE utf8mb4_unicode_ci DEFAULT NULL,
  `meta_value` longtext COLLATE utf8mb4_unicode_ci,
  PRIMARY KEY (`id`),
  KEY `notification_id` (`notification_id`),
  KEY `meta_key` (`meta_key`(191))
) ENGINE=InnoDB DEFAULT CHARSET=utf8mb4 COLLATE=utf8mb4_unicode_ci;

--
-- Dumping data for table `wp_bp_notifications_meta`
--


--
-- Table structure for table `wp_bp_optouts`
--

CREATE TABLE `wp_bp_optouts` (
  `id` bigint(20) NOT NULL AUTO_INCREMENT,
  `email_address_hash` varchar(255) COLLATE utf8mb4_unicode_ci NOT NULL,
  `user_id` bigint(20) NOT NULL,
  `email_type` varchar(255) COLLATE utf8mb4_unicode_ci NOT NULL,
  `date_modified` datetime NOT NULL,
  PRIMARY KEY (`id`),
  KEY `user_id` (`user_id`),
  KEY `email_type` (`email_type`(191)),
  KEY `date_modified` (`date_modified`)
) ENGINE=InnoDB DEFAULT CHARSET=utf8mb4 COLLATE=utf8mb4_unicode_ci;

--
-- Dumping data for table `wp_bp_optouts`
--


--
-- Table structure for table `wp_bp_xprofile_data`
--

CREATE TABLE `wp_bp_xprofile_data` (
  `id` bigint(20) unsigned NOT NULL AUTO_INCREMENT,
  `field_id` bigint(20) unsigned NOT NULL,
  `user_id` bigint(20) unsigned NOT NULL,
  `value` longtext NOT NULL,
  `last_updated` datetime NOT NULL,
  PRIMARY KEY (`id`),
  KEY `field_id` (`field_id`),
  KEY `user_id` (`user_id`)
) ENGINE=MyISAM AUTO_INCREMENT=1999 DEFAULT CHARSET=utf8;

--
-- Dumping data for table `wp_bp_xprofile_data`
--

INSERT INTO `wp_bp_xprofile_data` VALUES (1,1,1,'admin','2021-07-21 08:45:33'),(2,1,2,'HH','2021-06-17 14:52:13'),(3,2,1,'qwerqwer','2013-12-03 11:36:04'),(4,3,1,'62 Le Grand-Chemin','2013-12-03 11:36:04'),(5,4,1,'1066','2013-12-03 11:36:04'),(6,5,1,'Epalinges','2013-12-03 11:36:04'),(7,6,1,'Switzerland','2013-12-03 11:36:04'),(8,415,1,'a:0:{}','2013-12-03 11:36:04'),(9,418,1,'www.lympho-energie.com','2013-12-03 11:36:04'),(10,1,3,'Marine VAILLANT','2013-12-01 21:26:31'),(11,415,3,'a:2:{i:0;s:14:\"Lympho Energie\";i:1;s:16:\"douceur du monde\";}','2013-12-01 21:26:31'),(12,418,3,'www.vivronaturel.fr','2013-12-01 21:26:31'),(13,414,3,'671564856','2013-12-01 21:26:31'),(14,4,3,'34070','2013-12-01 21:26:31'),(15,6,3,'France','2013-12-01 21:26:31'),(16,421,3,'Languedoc-Roussillon','2013-12-01 21:26:31'),(17,3,3,'275 Rue Edouard Cartailhac','2013-12-01 21:26:31'),(18,5,3,'Montpellier','2013-12-01 21:26:31'),(19,2,3,'Vivr\\\'O Naturel','2013-12-01 21:26:31'),(20,1,4,'Alix Ramadier','2013-12-01 21:26:31'),(21,415,4,'Lympho Energie','2013-12-01 21:26:31'),(22,418,4,'www.elixirdevie.com','2013-12-01 21:26:31'),(23,414,4,'635129124','2013-12-01 21:26:31'),(24,4,4,'84000','2013-12-01 21:26:31'),(25,6,4,'France','2013-12-01 21:26:31'),(26,421,4,'Provence-Alpes-Cote d\\\'Azur','2013-12-01 21:26:31'),(27,3,4,'15 Boulevard du Midi','2013-12-01 21:26:31'),(28,5,4,'Avignon','2013-12-01 21:26:31'),(29,2,4,'Elixir de vie','2013-12-01 21:26:31'),(30,1,5,'Tom Henri Dieschburg','2013-12-01 21:26:32'),(31,415,5,'douceur du monde','2013-12-01 21:26:32'),(32,414,5,'+352 621 199 527','2013-12-01 21:26:32'),(33,6,5,'Luxembourg','2013-12-01 21:26:32'),(34,421,5,'Luxembourg','2013-12-01 21:26:32'),(35,3,5,'rue des Arquebusiers 5','2013-12-01 21:26:32'),(36,5,5,'Luxembourg','2013-12-01 21:26:32'),(37,1,6,'chloe verhaeghe','2013-12-01 21:26:32'),(38,415,6,'douceur du monde','2013-12-01 21:26:32'),(39,418,6,'www.essentielrelaxation.com','2013-12-01 21:26:32'),(40,414,6,'06 49 69 30 74','2013-12-01 21:26:32'),(41,4,6,'59670','2013-12-01 21:26:32'),(42,6,6,'France','2013-12-01 21:26:32'),(43,421,6,'Nord-Pas-de-Calais','2013-12-01 21:26:32'),(44,3,6,'591 chemin de la gare','2013-12-01 21:26:32'),(45,5,6,'cassel','2013-12-01 21:26:32'),(46,2,6,'Essentiel Relaxation','2013-12-01 21:26:32'),(47,1,7,'CAROLINE PLUNET','2013-12-01 21:26:32'),(48,415,7,'Lympho Energie','2013-12-01 21:26:32'),(49,414,7,'620659088','2013-12-01 21:26:32'),(50,4,7,'20220','2013-12-01 21:26:32'),(51,6,7,'France','2013-12-01 21:26:32'),(52,421,7,'Corse','2013-12-01 21:26:32'),(53,3,7,'Résidence Isola Céleste','2013-12-01 21:26:32'),(54,5,7,'ILE ROUSSE','2013-12-01 21:26:32'),(55,1,8,'Paul Vanderstappen','2013-12-01 21:26:33'),(56,415,8,'Lympho Energie','2013-12-01 21:26:33'),(57,414,8,'0475 671 334','2013-12-01 21:26:33'),(58,4,8,'1380','2013-12-01 21:26:33'),(59,6,8,'Belgium','2013-12-01 21:26:33'),(60,421,8,'Brabant Wallon','2013-12-01 21:26:33'),(61,3,8,'Rue de la Bruyère 21','2013-12-01 21:26:33'),(62,5,8,'Lasne','2013-12-01 21:26:33'),(63,2,8,'POINT ZEN','2013-12-01 21:26:33'),(64,1,9,'Olivia Derache Goetghebeur','2013-12-01 21:26:33'),(65,415,9,'a:2:{i:0;s:14:\"Lympho Energie\";i:1;s:16:\"douceur du monde\";}','2013-12-01 21:26:33'),(66,414,9,'685437456','2013-12-01 21:26:33'),(67,4,9,'62149','2013-12-01 21:26:33'),(68,6,9,'France','2013-12-01 21:26:33'),(69,421,9,'Nord-Pas-de-Calais','2013-12-01 21:26:33'),(70,3,9,'47 rue Anatole','2013-12-01 21:26:33'),(71,5,9,'Cuinchy','2013-12-01 21:26:33'),(72,2,9,'Consultant Bien Etre','2013-12-01 21:26:33'),(73,1,10,'Bernard BONNAUD','2013-12-01 21:26:33'),(74,415,10,'douceur du monde','2013-12-01 21:26:33'),(75,414,10,'33689141422','2013-12-01 21:26:33'),(76,4,10,'60870','2013-12-01 21:26:33'),(77,6,10,'France','2013-12-01 21:26:33'),(78,421,10,'Picardie','2013-12-01 21:26:33'),(79,3,10,'9 rue de la liberation','2013-12-01 21:26:33'),(80,5,10,'BRENOUILLE','2013-12-01 21:26:33'),(81,1,11,'roseline lara','2013-12-01 21:26:34'),(82,415,11,'Lympho Energie','2013-12-01 21:26:34'),(83,414,11,'466480604','2013-12-01 21:26:34'),(84,4,11,'48000','2013-12-01 21:26:34'),(85,6,11,'France','2013-12-01 21:26:34'),(86,421,11,'Languedoc-Roussillon','2013-12-01 21:26:34'),(87,3,11,'langlade','2013-12-01 21:26:34'),(88,5,11,'brenoux','2013-12-01 21:26:34'),(89,2,11,'domicile','2013-12-01 21:26:34'),(90,1,12,'Evelina COLAS','2013-12-01 21:26:34'),(91,415,12,'Lympho Energie','2013-12-01 21:26:34'),(92,418,12,'www.viragenature.com','2013-12-01 21:26:34'),(93,414,12,'06 03 21 29 62','2013-12-01 21:26:34'),(94,4,12,'6700','2013-12-01 21:26:34'),(95,6,12,'France','2013-12-01 21:26:34'),(96,421,12,'Provence-Alpes-Cote d\\\'Azur','2013-12-01 21:26:34'),(97,3,12,'141 avenue du Général de Gaulle','2013-12-01 21:26:34'),(98,5,12,'Saint-Laurent-du-Var','2013-12-01 21:26:34'),(99,2,12,'Cabinet de Naturopathie','2013-12-01 21:26:34'),(100,1,13,'PHILIPPE CHAILLOUX','2018-02-01 14:22:41'),(101,415,13,'a:1:{i:0;s:16:\"douceur du monde\";}','2018-02-01 14:22:41'),(102,418,13,'www.hebtherapies.com','2018-02-01 14:22:41'),(103,414,13,'0000000000','2018-02-01 14:22:41'),(104,4,13,'97190','2018-02-01 14:22:41'),(105,6,13,'Guadeloupe','2018-02-01 14:22:41'),(106,421,13,'Guadeloupe','2018-02-01 14:22:41'),(107,3,13,'XXX','2018-02-01 14:22:41'),(108,5,13,'XXX','2018-02-01 14:22:41'),(109,2,13,'CESSATION / NE PRATIQUE PLUS','2018-02-01 14:22:41'),(110,1,14,'Nadia Robert','2014-11-06 20:24:26'),(111,415,14,'a:1:{i:0;s:14:\"Lympho Energie\";}','2014-11-06 20:24:26'),(112,418,14,'www.nadiarobert-bienetre.com','2014-11-06 20:24:26'),(113,414,14,'06/85.19.08.29','2014-11-06 20:24:26'),(114,4,14,'44 100','2014-11-06 20:24:26'),(115,6,14,'France','2014-11-06 20:24:26'),(116,421,14,'Pays de la Loire','2014-11-06 20:24:26'),(117,3,14,'75, rue de l\\\'Abbaye','2014-11-06 20:24:26'),(118,5,14,'Nantes','2014-11-06 20:24:26'),(119,2,14,'Nadia Robert - Massage Bien-être','2014-11-06 20:24:26'),(120,1,15,'CORINNE DEJOUY','2013-12-01 21:26:35'),(121,415,15,'douceur du monde','2013-12-01 21:26:35'),(122,4,15,'60640','2013-12-01 21:26:35'),(123,6,15,'France','2013-12-01 21:26:35'),(124,421,15,'Picardie','2013-12-01 21:26:35'),(125,3,15,'RUE PAUL BAUDOIN','2013-12-01 21:26:35'),(126,5,15,'VILLESELVE','2013-12-01 21:26:35'),(127,2,15,'KORYNE','2013-12-01 21:26:35'),(128,1,16,'Valery Magana','2013-12-01 21:26:36'),(129,415,16,'Lympho Energie','2013-12-01 21:26:36'),(130,418,16,'www.bien-etre-lymphatique.com','2013-12-01 21:26:36'),(131,414,16,'617269425','2013-12-01 21:26:36'),(132,4,16,'92130','2013-12-01 21:26:36'),(133,6,16,'France','2013-12-01 21:26:36'),(134,421,16,'Ile-de-France','2013-12-01 21:26:36'),(135,3,16,'1 rue de Meudon','2013-12-01 21:26:36'),(136,5,16,'Issy Les Moulineaux','2013-12-01 21:26:36'),(137,1,17,'KATIA MASSON','2013-12-01 21:26:36'),(138,415,17,'douceur du monde','2013-12-01 21:26:36'),(139,4,17,'78580','2013-12-01 21:26:36'),(140,6,17,'France','2013-12-01 21:26:36'),(141,421,17,'Ile-de-France','2013-12-01 21:26:36'),(142,3,17,'Moulin de la Chaussée - Routes de Mantes - Ruelle des Galliens','2013-12-01 21:26:36'),(143,5,17,'Maule','2013-12-01 21:26:36'),(144,2,17,'Bien-Etre YEZAELLE','2013-12-01 21:26:36'),(145,1,18,'Françoise GENOT','2013-12-01 21:26:36'),(146,415,18,'Lympho Energie','2013-12-01 21:26:36'),(147,414,18,'06 61 13 39 29','2013-12-01 21:26:36'),(148,4,18,'62000','2013-12-01 21:26:36'),(149,6,18,'France','2013-12-01 21:26:36'),(150,421,18,'Nord-Pas-de-Calais','2013-12-01 21:26:36'),(151,3,18,'22 rue des Trois Visages','2013-12-01 21:26:36'),(152,5,18,'ARRAS','2013-12-01 21:26:36'),(153,2,18,'Praticienne en médecine traditionnelle chinoise','2013-12-01 21:26:36'),(154,1,19,'Aurélie PERRIER','2013-12-01 21:26:37'),(155,415,19,'Lympho Energie','2013-12-01 21:26:37'),(156,418,19,'www.aureliereflexologie.over-blog.com','2013-12-01 21:26:37'),(157,414,19,'06 43 56 25 07','2013-12-01 21:26:37'),(158,4,19,'27300','2013-12-01 21:26:37'),(159,6,19,'France','2013-12-01 21:26:37'),(160,421,19,'Haute-Normandie','2013-12-01 21:26:37'),(161,3,19,'Rue du docteur Lailler','2013-12-01 21:26:37'),(162,5,19,'Bernay','2013-12-01 21:26:37'),(163,1,20,'hadhami mahmoud','2013-12-01 21:26:37'),(164,415,20,'douceur du monde','2013-12-01 21:26:37'),(165,4,20,'95100','2013-12-01 21:26:37'),(166,6,20,'France','2013-12-01 21:26:37'),(167,421,20,'Ile-de-France','2013-12-01 21:26:37'),(168,3,20,'9 rue de saint quentin','2013-12-01 21:26:37'),(169,5,20,'argenteuil','2013-12-01 21:26:37'),(170,1,21,'Julie Grosjean','2013-12-01 21:26:38'),(171,415,21,'douceur du monde','2013-12-01 21:26:38'),(172,418,21,'www.jgrosjean.net','2013-12-01 21:26:38'),(173,414,21,'0498/41 17 36','2013-12-01 21:26:38'),(174,4,21,'4890','2013-12-01 21:26:38'),(175,6,21,'Belgium','2013-12-01 21:26:38'),(176,421,21,'Liege','2013-12-01 21:26:38'),(177,3,21,'Houlteau 74','2013-12-01 21:26:38'),(178,5,21,'Thimister','2013-12-01 21:26:38'),(179,1,22,'Nathalie Cousin','2013-12-01 21:26:38'),(180,415,22,'douceur du monde','2013-12-01 21:26:38'),(181,414,22,'0479/91.13.26','2013-12-01 21:26:38'),(182,4,22,'1410','2013-12-01 21:26:38'),(183,6,22,'Belgium','2013-12-01 21:26:38'),(184,421,22,'Brabant','2013-12-01 21:26:38'),(185,3,22,'Cmlos des Tulipes 4','2013-12-01 21:26:38'),(186,5,22,'Waterloo','2013-12-01 21:26:38'),(187,1,23,'MURIEL MOURET','2013-12-01 21:26:39'),(188,415,23,'Lympho Energie','2013-12-01 21:26:39'),(189,418,23,'www.muriel-reflexo.fr','2013-12-01 21:26:39'),(190,414,23,'682654167','2013-12-01 21:26:39'),(191,4,23,'91230','2013-12-01 21:26:39'),(192,6,23,'France','2013-12-01 21:26:39'),(193,421,23,'Ile-de-France','2013-12-01 21:26:39'),(194,3,23,'101 RUE DES FAUVETTES','2013-12-01 21:26:39'),(195,5,23,'MONTGERON','2013-12-01 21:26:39'),(196,1,24,'Marie DUPRE','2016-12-03 00:29:07'),(197,415,24,'a:2:{i:0;s:14:\"Lympho Energie\";i:1;s:16:\"douceur du monde\";}','2016-12-03 00:29:07'),(198,414,24,'0631679233','2016-12-03 00:29:07'),(199,4,24,'2000','2016-12-03 00:29:07'),(200,6,24,'France','2016-12-03 00:29:07'),(201,421,24,'Picardie','2016-12-03 00:29:07'),(202,3,24,'laon','2016-12-03 00:29:07'),(203,5,24,'LAON','2016-12-03 00:29:07'),(204,2,24,'Marie DUPRE','2016-12-03 00:29:07'),(205,1,25,'Ghislaine Rouxel','2014-11-06 12:54:37'),(206,415,25,'a:1:{i:0;s:14:\"Lympho Energie\";}','2014-11-06 12:54:37'),(207,418,25,'http://www.unizen.fr/praticien/gypsy','2014-11-06 12:54:37'),(208,414,25,'06 15 38 56 32 ou 09 52 17 32 67','2014-11-06 12:54:37'),(209,4,25,'75012','2014-11-06 12:54:37'),(210,6,25,'France','2014-11-06 12:54:37'),(211,421,25,'Ile-de-France','2014-11-06 12:54:37'),(212,3,25,'192 rue du faubourg st Antoine','2014-11-06 12:54:37'),(213,5,25,'Paris','2014-11-06 12:54:37'),(214,2,25,'Entretien Corporel','2014-11-06 12:54:37'),(215,1,26,'Anne Delcroix','2013-12-01 21:26:40'),(216,415,26,'a:2:{i:0;s:14:\"Lympho Energie\";i:1;s:16:\"douceur du monde\";}','2013-12-01 21:26:40'),(217,414,26,'32475505847','2013-12-01 21:26:40'),(218,4,26,'6001','2013-12-01 21:26:40'),(219,6,26,'Belgium','2013-12-01 21:26:40'),(220,421,26,'Hainaut','2013-12-01 21:26:40'),(221,3,26,'Avenue Meurée 52','2013-12-01 21:26:40'),(222,5,26,'Marcinelle','2013-12-01 21:26:40'),(223,2,26,'Kinésithérapeute','2013-12-01 21:26:40'),(224,1,27,'Michel CABY','2013-12-01 21:26:40'),(225,415,27,'Lympho Energie','2013-12-01 21:26:40'),(226,414,27,'06 33 32 50 91','2013-12-01 21:26:40'),(227,4,27,'75','2013-12-01 21:26:40'),(228,6,27,'France','2013-12-01 21:26:40'),(229,421,27,'Ile-de-France','2013-12-01 21:26:40'),(230,3,27,'4 rue de Sevres','2013-12-01 21:26:40'),(231,5,27,'PARIS','2013-12-01 21:26:40'),(232,1,28,'Jean Luc FAUCON','2013-12-01 21:26:41'),(233,415,28,'Lympho Energie','2013-12-01 21:26:41'),(234,414,28,'614248117','2013-12-01 21:26:41'),(235,4,28,'13300','2013-12-01 21:26:41'),(236,6,28,'France','2013-12-01 21:26:41'),(237,421,28,'Provence-Alpes-Cote d\\\'Azur','2013-12-01 21:26:41'),(238,3,28,'Vert Bocage 2','2013-12-01 21:26:41'),(239,5,28,'les Muriers 3','2013-12-01 21:26:41'),(240,2,28,'Salon de Provence','2013-12-01 21:26:41'),(241,1,29,'Chantal HENRY','2013-12-01 21:26:41'),(242,415,29,'Lympho Energie','2013-12-01 21:26:41'),(243,418,29,'nice-aculift.cabanova.com','2013-12-01 21:26:41'),(244,414,29,'06 23 09 34 58','2013-12-01 21:26:41'),(245,4,29,'6000','2013-12-01 21:26:41'),(246,6,29,'France','2013-12-01 21:26:41'),(247,421,29,'Provence-Alpes-Cote d\\\'Azur','2013-12-01 21:26:41'),(248,3,29,'26 rue de Dijon','2013-12-01 21:26:41'),(249,5,29,'NICE','2013-12-01 21:26:41'),(250,2,29,'Niss\\\'Aculift/Symbiose','2013-12-01 21:26:41'),(251,1,30,'marylise raibaut almudever','2013-12-01 21:26:41'),(252,415,30,'Lympho Energie','2013-12-01 21:26:41'),(253,414,30,'660776385','2013-12-01 21:26:41'),(254,4,30,'84140','2013-12-01 21:26:41'),(255,6,30,'France','2013-12-01 21:26:42'),(256,421,30,'Provence-Alpes-Cote d\\\'Azur','2013-12-01 21:26:42'),(257,3,30,'19 rue du 14 juillet','2013-12-01 21:26:42'),(258,5,30,'montfavet/ avignon','2013-12-01 21:26:42'),(259,2,30,'ô cinq sens','2013-12-01 21:26:42'),(260,1,31,'Laurence Mausservey','2019-01-20 20:03:53'),(261,415,31,'a:2:{i:0;s:14:\"Lympho Energie\";i:1;s:16:\"douceur du monde\";}','2019-01-20 20:03:53'),(262,418,31,'www.renetre.ch','2019-01-20 20:03:53'),(263,414,31,'079 287 73 09','2019-01-20 20:03:53'),(264,4,31,'1468','2019-01-20 20:03:53'),(265,6,31,'Switzerland','2019-01-20 20:03:53'),(266,421,31,'Fribourg','2019-01-20 20:03:53'),(267,3,31,'Route du Ferrajo 28','2019-01-20 20:03:53'),(268,5,31,'Cheyres','2019-01-20 20:03:53'),(269,2,31,'Institut RenEtre','2019-01-20 20:03:53'),(270,1,32,'Rozenn JAMET','2015-05-01 19:26:41'),(271,415,32,'a:2:{i:0;s:14:\"Lympho Energie\";i:1;s:16:\"douceur du monde\";}','2015-05-01 19:26:41'),(272,414,32,'06 01 78 28 09','2015-05-01 19:26:41'),(273,4,32,'35400','2015-05-01 19:26:41'),(274,6,32,'France','2015-05-01 19:26:41'),(275,421,32,'Bretagne','2015-05-01 19:26:41'),(276,3,32,'4 Bd de l\\\'espadon','2015-05-01 19:26:41'),(277,1,33,'STEPHANIE PELLEGRINI','2013-12-01 21:26:43'),(278,415,33,'douceur du monde','2013-12-01 21:26:43'),(279,418,33,'www.bienetzen.fr','2013-12-01 21:26:43'),(280,414,33,'612060540','2013-12-01 21:26:43'),(281,4,33,'10190','2013-12-01 21:26:43'),(282,6,33,'France','2013-12-01 21:26:43'),(283,421,33,'Champagne-Ardenne','2013-12-01 21:26:43'),(284,3,33,'10 rue du Moulin','2013-12-01 21:26:43'),(285,5,33,'BUCEY EN OTHE','2013-12-01 21:26:43'),(286,2,33,'BIEN ET ZEN','2013-12-01 21:26:43'),(287,1,34,'LUCE ROUSSEL','2013-12-01 21:26:43'),(288,415,34,'douceur du monde','2013-12-01 21:26:43'),(289,418,34,'www.luce-roussel.fr','2013-12-01 21:26:43'),(290,414,34,'des mains pour vous détendre','2013-12-01 21:26:43'),(291,4,34,'681160397','2013-12-01 21:26:43'),(292,421,34,'France','2013-12-01 21:26:43'),(293,3,34,'Auvergne','2013-12-01 21:26:43'),(294,5,34,'Chomeilles','2013-12-01 21:26:43'),(295,2,34,'SAINT VICTOR LA RIVIERE','2013-12-01 21:26:43'),(296,1,35,'Lea-valérie Eeckhout','2013-12-01 21:26:44'),(297,415,35,'douceur du monde','2013-12-01 21:26:44'),(298,418,35,'www.peaudame.be','2013-12-01 21:26:44'),(299,414,35,'0474-83.29.24','2013-12-01 21:26:44'),(300,4,35,'B-1348','2013-12-01 21:26:44'),(301,6,35,'Belgium','2013-12-01 21:26:44'),(302,421,35,'Brabant Wallon','2013-12-01 21:26:44'),(303,3,35,'Sentier du Biereau 10','2013-12-01 21:26:44'),(304,5,35,'Louvain-la-Neuve','2013-12-01 21:26:44'),(305,2,35,'Peau d\\\'Ame','2013-12-01 21:26:44'),(306,1,36,'Florence BERTRAND','2013-12-01 21:26:44'),(307,415,36,'douceur du monde','2013-12-01 21:26:44'),(308,414,36,'33614951707','2013-12-01 21:26:44'),(309,4,36,'7120','2013-12-01 21:26:44'),(310,6,36,'France','2013-12-01 21:26:44'),(311,421,36,'Rhone-Alpes','2013-12-01 21:26:44'),(312,3,36,'970 Chemin de Champelplot','2013-12-01 21:26:44'),(313,5,36,'ST ALBAN AURIOLLES','2013-12-01 21:26:44'),(314,1,37,'philippe alonso','2013-12-01 21:26:45'),(315,415,37,'douceur du monde','2013-12-01 21:26:45'),(316,418,37,'www.zenmetz.com','2013-12-01 21:26:45'),(317,414,37,'627106317','2013-12-01 21:26:45'),(318,4,37,'57000','2013-12-01 21:26:45'),(319,6,37,'France','2013-12-01 21:26:45'),(320,421,37,'Lorraine','2013-12-01 21:26:45'),(321,3,37,'12 bis rue du grand cerf','2013-12-01 21:26:45'),(322,5,37,'metz','2013-12-01 21:26:45'),(323,2,37,'oxyzen','2013-12-01 21:26:45'),(324,1,38,'Cédric Heitz','2013-12-01 21:26:45'),(325,415,38,'Lympho Energie','2013-12-01 21:26:45'),(326,418,38,'www.zenmetz.com','2013-12-01 21:26:45'),(327,414,38,'627106317','2013-12-01 21:26:45'),(328,4,38,'57000','2013-12-01 21:26:45'),(329,6,38,'France','2013-12-01 21:26:45'),(330,421,38,'Lorraine','2013-12-01 21:26:45'),(331,3,38,'12 bis Rue du Grand Cerf','2013-12-01 21:26:45'),(332,5,38,'Metz','2013-12-01 21:26:45'),(333,2,38,'Oxyzen','2013-12-01 21:26:45'),(334,1,39,'micheline gobing jumet','2013-12-01 21:26:46'),(335,415,39,'Lympho Energie','2013-12-01 21:26:46'),(336,414,39,'786752564','2013-12-01 21:26:46'),(337,4,39,'94400','2013-12-01 21:26:46'),(338,6,39,'France','2013-12-01 21:26:46'),(339,421,39,'Ile-de-France','2013-12-01 21:26:46'),(340,3,39,'7 rue edouard til','2013-12-01 21:26:46'),(341,5,39,'vitry sur seine','2013-12-01 21:26:46'),(342,1,40,'Alain Joret','2013-12-01 21:26:46'),(343,415,40,'a:2:{i:0;s:14:\"Lympho Energie\";i:1;s:16:\"douceur du monde\";}','2013-12-01 21:26:46'),(344,418,40,'alainjoretpsy.blogspot.com/','2013-12-01 21:26:46'),(345,414,40,'32486525039','2013-12-01 21:26:46'),(346,4,40,'1420','2013-12-01 21:26:46'),(347,6,40,'Belgium','2013-12-01 21:26:46'),(348,421,40,'Brabant Wallon','2013-12-01 21:26:46'),(349,3,40,'rue Longchamps 26','2013-12-01 21:26:46'),(350,5,40,'Braine-L\\\'Alleud','2013-12-01 21:26:46'),(351,2,40,'Alain Joret','2013-12-01 21:26:46'),(352,1,41,'jeanne Ubersfeld','2013-12-01 21:26:46'),(353,415,41,'Lympho Energie','2013-12-01 21:26:46'),(354,418,41,'sites.google.com/site/biopsycorps','2013-12-01 21:26:46'),(355,4,41,'54000','2013-12-01 21:26:46'),(356,6,41,'France','2013-12-01 21:26:47'),(357,421,41,'Lorraine','2013-12-01 21:26:47'),(358,3,41,'avenue Foch','2013-12-01 21:26:47'),(359,5,41,'NANCY','2013-12-01 21:26:47'),(360,2,41,'Bio-Psy-Corps','2013-12-01 21:26:47'),(361,1,42,'Nicole Vautier','2013-12-01 21:26:47'),(362,415,42,'Lympho Energie','2013-12-01 21:26:47'),(363,414,42,'+41 79 254 24 52','2013-12-01 21:26:47'),(364,4,42,'1009','2013-12-01 21:26:47'),(365,6,42,'Switzerland','2013-12-01 21:26:47'),(366,421,42,'Vaud','2013-12-01 21:26:47'),(367,3,42,'Ch. de Tourronde 5','2013-12-01 21:26:47'),(368,5,42,'Pully','2013-12-01 21:26:47'),(369,2,42,'Espace Le Chêne et L\\\'Olivier','2013-12-01 21:26:47'),(370,1,43,'vanessa bidal-novel','2013-12-01 21:26:48'),(371,415,43,'Lympho Energie','2013-12-01 21:26:48'),(372,418,43,'www.zenattitude-fr.com','2013-12-01 21:26:48'),(373,414,43,'06.79.62.81.11','2013-12-01 21:26:48'),(374,4,43,'74250','2013-12-01 21:26:48'),(375,6,43,'France','2013-12-01 21:26:48'),(376,421,43,'Rhone-Alpes','2013-12-01 21:26:48'),(377,3,43,'130 rte de chez pilloux','2013-12-01 21:26:48'),(378,5,43,'Fillinges','2013-12-01 21:26:48'),(379,2,43,'Zen Attitude','2013-12-01 21:26:48'),(380,1,44,'catherine CHARRIER','2013-12-01 21:26:48'),(381,415,44,'Lympho Energie','2013-12-01 21:26:48'),(382,418,44,'naturopathie-familiale.net','2013-12-01 21:26:48'),(383,414,44,'01 39 55 42 29','2013-12-01 21:26:48'),(384,4,44,'78150','2013-12-01 21:26:48'),(385,6,44,'France','2013-12-01 21:26:48'),(386,421,44,'Ile-de-France','2013-12-01 21:26:48'),(387,3,44,'3 square Raphaël','2013-12-01 21:26:48'),(388,5,44,'Le Chesnay','2013-12-01 21:26:49'),(389,2,44,'Association Corpus Vitalis','2013-12-01 21:26:49'),(390,1,45,'Pascale Teissandier','2013-12-01 21:26:49'),(391,415,45,'douceur du monde','2013-12-01 21:26:49'),(392,414,45,'06 80 04 66 43','2013-12-01 21:26:49'),(393,4,45,'75015','2013-12-01 21:26:49'),(394,6,45,'France','2013-12-01 21:26:49'),(395,421,45,'Ile-de-France','2013-12-01 21:26:49'),(396,3,45,'75015','2013-12-01 21:26:49'),(397,5,45,'Paris','2013-12-01 21:26:49'),(398,1,46,'Valérie WENZINGER','2013-12-01 21:26:49'),(399,415,46,'a:2:{i:0;s:14:\"Lympho Energie\";i:1;s:16:\"douceur du monde\";}','2013-12-01 21:26:49'),(400,418,46,'www.laccord-des-sens.fr','2013-12-01 21:26:49'),(401,414,46,'663684232','2013-12-01 21:26:49'),(402,4,46,'68330','2013-12-01 21:26:49'),(403,6,46,'France','2013-12-01 21:26:49'),(404,421,46,'Alsace','2013-12-01 21:26:49'),(405,3,46,'10 rue du Landskron','2013-12-01 21:26:49'),(406,5,46,'HUNINGUE','2013-12-01 21:26:49'),(407,2,46,'L\\\'ACCORD DES SENS','2013-12-01 21:26:49'),(408,1,47,'Isabelle Pélissier','2013-12-01 21:26:50'),(409,415,47,'Lympho Energie','2013-12-01 21:26:50'),(410,414,47,'09.62.62.97.16/06.84.27.07.50','2013-12-01 21:26:50'),(411,4,47,'54370','2013-12-01 21:26:50'),(412,6,47,'France','2013-12-01 21:26:50'),(413,421,47,'Lorraine','2013-12-01 21:26:50'),(414,3,47,'10 route d\\\'Einville','2013-12-01 21:26:50'),(415,5,47,'Deuxville','2013-12-01 21:26:50'),(416,2,47,'Infirmiére Conseillére de Santé','2013-12-01 21:26:50'),(417,1,48,'Karine Castillo','2019-03-20 15:24:47'),(418,415,48,'a:1:{i:0;s:16:\"douceur du monde\";}','2019-03-20 15:24:47'),(419,418,48,'https://nostressfdf.business.site','2019-03-20 15:24:47'),(420,414,48,'0696557534','2019-03-20 15:24:47'),(421,4,48,'97200','2019-03-20 15:24:47'),(422,6,48,'Martinique','2019-03-20 15:24:47'),(424,3,48,'Route de l\\\'Entraide','2019-03-20 15:24:47'),(425,5,48,'Fort de France','2019-03-20 15:24:47'),(426,1,49,'vanessa bidal-novel','2014-10-21 14:46:11'),(427,415,49,'a:1:{i:0;s:14:\"Lympho Energie\";}','2014-10-21 14:46:11'),(428,418,49,'www.massagenaturopathie-geneve.ch','2014-10-21 14:46:11'),(429,414,49,'+41.78.610.74.58','2014-10-21 14:46:11'),(430,4,49,'1227','2014-10-21 14:46:11'),(431,6,49,'Switzerland','2014-10-21 14:46:11'),(432,421,49,'Geneve','2014-10-21 14:46:11'),(433,3,49,'rte des acacias 47','2014-10-21 14:46:11'),(434,5,49,'Les Acacias','2014-10-21 14:46:11'),(435,2,49,'Rom\\\'n\\\'co','2014-10-21 14:46:11'),(436,1,50,'Chantal MARTINS','2013-12-01 21:26:52'),(437,415,50,'douceur du monde','2013-12-01 21:26:52'),(438,414,50,'04 73 83 24 06','2013-12-01 21:26:52'),(439,4,50,'63430','2013-12-01 21:26:52'),(440,6,50,'France','2013-12-01 21:26:52'),(441,421,50,'Auvergne','2013-12-01 21:26:52'),(442,3,50,'1 rue de l\\\'Abbaye','2013-12-01 21:26:52'),(443,5,50,'PONT DU CHATEAU','2013-12-01 21:26:52'),(444,2,50,'Praticien douceur du Monde','2013-12-01 21:26:52'),(445,1,51,'Conchita LEVESQUE','2013-12-01 21:26:52'),(446,415,51,'Lympho Energie','2013-12-01 21:26:52'),(447,414,51,'612841750','2013-12-01 21:26:52'),(448,4,51,'76160','2013-12-01 21:26:52'),(449,6,51,'France','2013-12-01 21:26:53'),(450,421,51,'Haute-Normandie','2013-12-01 21:26:53'),(451,3,51,'78 rue de Préaux','2013-12-01 21:26:53'),(452,5,51,'DARNETAL','2013-12-01 21:26:53'),(453,2,51,'Zen-Relaxologie','2013-12-01 21:26:53'),(454,1,52,'anne-marie LANDES','2013-12-01 21:26:53'),(455,415,52,'Lympho Energie','2013-12-01 21:26:53'),(456,414,52,'06 08 58 63 34','2013-12-01 21:26:53'),(457,4,52,'13001','2013-12-01 21:26:53'),(458,6,52,'France','2013-12-01 21:26:53'),(459,421,52,'Provence-Alpes-Cote d\\\'Azur','2013-12-01 21:26:53'),(460,3,52,'3 rue Consolat','2013-12-01 21:26:53'),(461,5,52,'Marseille','2013-12-01 21:26:53'),(462,2,52,'Anne-Marie Landes','2013-12-01 21:26:53'),(463,1,53,'Claire CHAROUSSET','2013-12-01 21:26:53'),(464,415,53,'Lympho Energie','2013-12-01 21:26:53'),(465,418,53,'www.poitiers-relax-conseil.com','2013-12-01 21:26:53'),(466,414,53,'689025603','2013-12-01 21:26:53'),(467,4,53,'86000','2013-12-01 21:26:53'),(468,6,53,'France','2013-12-01 21:26:53'),(469,421,53,'Poitou-Charentes 38','2013-12-01 21:26:53'),(470,3,53,'Allée du Parc','2013-12-01 21:26:53'),(471,5,53,'POITIERS','2013-12-01 21:26:53'),(472,2,53,'Poitiers-Relax-Conseil','2013-12-01 21:26:53'),(473,1,54,'Aline MARAVAL','2013-12-01 21:26:54'),(474,415,54,'a:2:{i:0;s:14:\"Lympho Energie\";i:1;s:16:\"douceur du monde\";}','2013-12-01 21:26:54'),(475,414,54,'387951923','2013-12-01 21:26:54'),(476,4,54,'57200','2013-12-01 21:26:54'),(477,6,54,'France','2013-12-01 21:26:54'),(478,421,54,'Lorraine','2013-12-01 21:26:54'),(479,3,54,'15 rue Charles Rechenmann','2013-12-01 21:26:54'),(480,5,54,'Sarreguemines','2013-12-01 21:26:54'),(481,1,55,'Laurence Attali','2020-07-15 08:51:32'),(482,415,55,'a:1:{i:0;s:16:\"douceur du monde\";}','2020-07-15 08:51:32'),(483,418,55,'https://laurenceattali.com/','2020-07-15 08:51:32'),(484,414,55,'0615295955','2020-07-15 08:51:32'),(485,4,55,'63500','2020-07-15 08:51:32'),(486,6,55,'France','2020-07-15 08:51:32'),(487,421,55,'Puy-de-dôme','2020-07-15 08:51:32'),(488,3,55,'34 boulevard de la Manlière','2020-07-15 08:51:32'),(489,5,55,'Issoire','2020-07-15 08:51:32'),(490,2,55,'Laurence Attali','2020-07-15 08:51:32'),(491,1,56,'Marie-France LAPAQUELLERIE','2013-12-01 21:26:55'),(492,415,56,'a:2:{i:0;s:14:\"Lympho Energie\";i:1;s:16:\"douceur du monde\";}','2013-12-01 21:26:55'),(493,414,56,'687738619','2013-12-01 21:26:55'),(494,4,56,'91220','2013-12-01 21:26:55'),(495,6,56,'France','2013-12-01 21:26:55'),(496,421,56,'Ile-de-France','2013-12-01 21:26:55'),(497,3,56,'47 route de Liers','2013-12-01 21:26:55'),(498,5,56,'LE PLESSIS-PATE','2013-12-01 21:26:55'),(499,1,57,'Jacqueline ALBIZATI','2013-12-01 21:26:55'),(500,415,57,'Lympho Energie','2013-12-01 21:26:55'),(501,414,57,'686072631','2013-12-01 21:26:55'),(502,4,57,'90000','2013-12-01 21:26:55'),(503,6,57,'France','2013-12-01 21:26:55'),(504,421,57,'Franche-Comte','2013-12-01 21:26:55'),(505,3,57,'17 rue des glacis','2013-12-01 21:26:55'),(506,5,57,'BELFORT','2013-12-01 21:26:55'),(507,2,57,'ALBIZATI Jacqueline','2013-12-01 21:26:55'),(508,1,58,'Sô Verheugen','2013-12-01 21:26:55'),(509,415,58,'Lympho Energie','2013-12-01 21:26:55'),(510,418,58,'www.wix.com/massachezsoi/So','2013-12-01 21:26:55'),(511,414,58,'0479/966694','2013-12-01 21:26:55'),(512,4,58,'7060','2013-12-01 21:26:55'),(513,6,58,'Belgium','2013-12-01 21:26:55'),(514,421,58,'Hainaut','2013-12-01 21:26:55'),(515,3,58,'Massage à domicile','2013-12-01 21:26:55'),(516,5,58,'Soignies','2013-12-01 21:26:55'),(517,2,58,'Massachezsoi','2013-12-01 21:26:55'),(518,1,59,'Michael Chombart','2013-12-01 21:26:55'),(519,415,59,'douceur du monde','2013-12-01 21:26:55'),(520,418,59,'www.facebook.com/pages/S-E-N-S-I-Z-E-N/270696732943144?sk=info','2013-12-01 21:26:55'),(521,414,59,'645282907','2013-12-01 21:26:55'),(522,4,59,'59118','2013-12-01 21:26:56'),(523,6,59,'France','2013-12-01 21:26:56'),(524,421,59,'Nord-Pas-de-Calais','2013-12-01 21:26:56'),(525,3,59,'34 rue du 8 mai 1945','2013-12-01 21:26:56'),(526,5,59,'WAMBRECHIES','2013-12-01 21:26:56'),(527,2,59,'Sensizen','2013-12-01 21:26:56'),(528,1,60,'NATHALIE CARON','2014-09-22 20:21:54'),(529,415,60,'a:1:{i:0;s:16:\"douceur du monde\";}','2014-09-22 20:21:54'),(530,414,60,'06 18 68 10 04','2014-09-22 20:21:54'),(531,4,60,'86280','2014-09-22 20:21:54'),(532,6,60,'France','2014-09-22 20:21:54'),(533,421,60,'Poitou-Charentes','2014-09-22 20:21:54'),(534,3,60,'2 AVENUE DE LORCH','2014-09-22 20:21:54'),(535,5,60,'SAINT BENOIT','2014-09-22 20:21:54'),(536,2,60,'L\\\'Atelier Bien Être','2014-09-22 20:21:54'),(537,1,61,'FELICIDADE TEIXEIRA','2013-12-01 21:26:56'),(538,415,61,'Lympho Energie','2013-12-01 21:26:56'),(539,418,61,'www.felicidadenature.com','2013-12-01 21:26:56'),(540,414,61,'624283452','2013-12-01 21:26:56'),(541,4,61,'77100','2013-12-01 21:26:56'),(542,6,61,'France','2013-12-01 21:26:56'),(543,421,61,'Ile-de-France','2013-12-01 21:26:56'),(544,3,61,'APPT 101 RESIDENCE CENTAURE 7 RUE ARISTIDE BRIAND','2013-12-01 21:26:56'),(545,5,61,'MEAUX','2013-12-01 21:26:56'),(546,2,61,'FELICIDADENATURE','2013-12-01 21:26:56'),(547,1,62,'Mariacristina Chiesa','2013-12-01 21:26:57'),(548,415,62,'douceur du monde','2013-12-01 21:26:57'),(549,418,62,'www.massage-douceur.be','2013-12-01 21:26:57'),(550,414,62,'0493/199717','2013-12-01 21:26:57'),(551,4,62,'1040','2013-12-01 21:26:57'),(552,6,62,'Belgium','2013-12-01 21:26:57'),(553,421,62,'Brussels Hoofdstedelijk Gewest','2013-12-01 21:26:57'),(554,3,62,'rue du cornet 61','2013-12-01 21:26:57'),(555,5,62,'bruxelles','2013-12-01 21:26:57'),(556,1,63,'lionelle Stephane','2013-12-01 21:26:57'),(557,415,63,'Lympho Energie','2013-12-01 21:26:57'),(558,414,63,'485454039','2013-12-01 21:26:57'),(559,4,63,'3080','2013-12-01 21:26:57'),(560,6,63,'Belgium','2013-12-01 21:26:57'),(561,421,63,'Vlaams-Brabant','2013-12-01 21:26:57'),(562,3,63,'leeuwerikenlaan','2013-12-01 21:26:57'),(563,5,63,'Tervuren','2013-12-01 21:26:57'),(564,1,64,'Marianne Descamps','2018-12-03 11:18:29'),(565,415,64,'a:1:{i:0;s:14:\"Lympho Energie\";}','2018-12-03 11:18:29'),(566,414,64,'0484657002','2018-12-03 11:18:29'),(567,4,64,'1150','2018-12-03 11:18:29'),(568,6,64,'Belgium','2018-12-03 11:18:29'),(569,421,64,'Brussels Hoofdstedelijk Gewest','2018-12-03 11:18:29'),(570,3,64,'rue mareyde, 35','2018-12-03 11:18:29'),(571,5,64,'woluwe saint pierre','2018-12-03 11:18:29'),(572,1,65,'Liliane LEGALE','2013-12-01 21:26:58'),(573,415,65,'a:2:{i:0;s:14:\"Lympho Energie\";i:1;s:16:\"douceur du monde\";}','2013-12-01 21:26:58'),(574,418,65,'lilianelegale@cabanova.fr','2013-12-01 21:26:58'),(575,414,65,'41227943785','2013-12-01 21:26:58'),(576,4,65,'1228','2013-12-01 21:26:58'),(577,6,65,'Switzerland','2013-12-01 21:26:58'),(578,421,65,'Geneve','2013-12-01 21:26:58'),(579,3,65,'176bis route de St Julien','2013-12-01 21:26:58'),(580,5,65,'Plan les Ouates/Geneve','2013-12-01 21:26:58'),(581,2,65,'Curves','2013-12-01 21:26:58'),(582,1,66,'oussalah yasmine','2013-12-01 21:26:58'),(583,415,66,'Lympho Energie','2013-12-01 21:26:58'),(584,4,66,'16000','2013-12-01 21:26:58'),(585,6,66,'Algeria','2013-12-01 21:26:58'),(586,421,66,'Alger','2013-12-01 21:26:58'),(587,3,66,'alger centre','2013-12-01 21:26:58'),(588,5,66,'alger centre','2013-12-01 21:26:58'),(589,1,67,'oussalah yasmine','2013-12-01 21:26:59'),(590,415,67,'Lympho Energie','2013-12-01 21:26:59'),(591,4,67,'16000','2013-12-01 21:26:59'),(592,6,67,'Algeria','2013-12-01 21:26:59'),(593,421,67,'Alger','2013-12-01 21:26:59'),(594,3,67,'boulevard 11 décembre 1960','2013-12-01 21:26:59'),(595,5,67,'Ben aknoun','2013-12-01 21:26:59'),(596,1,68,'caroline barbaro','2013-12-01 21:26:59'),(597,415,68,'Lympho Energie','2013-12-01 21:26:59'),(598,418,68,'www.lympho-energie.com/caroline','2013-12-01 21:26:59'),(599,4,68,'74200','2013-12-01 21:26:59'),(600,6,68,'France','2013-12-01 21:26:59'),(601,421,68,'Rhone-Alpes','2013-12-01 21:26:59'),(602,3,68,'45 ave du clos banderet','2013-12-01 21:26:59'),(603,5,68,'thonon-les-bains','2013-12-01 21:26:59'),(604,1,69,'ANNICK LABOURE','2013-12-01 21:27:00'),(605,415,69,'Lympho Energie','2013-12-01 21:27:00'),(606,414,69,'06.45.22.96.78','2013-12-01 21:27:00'),(607,4,69,'40290','2013-12-01 21:27:00'),(608,6,69,'France','2013-12-01 21:27:00'),(609,421,69,'Aquitaine','2013-12-01 21:27:00'),(610,3,69,'47 ROUTE DE LA GARE','2013-12-01 21:27:00'),(611,5,69,'HABAS','2013-12-01 21:27:00'),(612,1,70,'Alain NOEL','2017-04-05 07:58:39'),(613,415,70,'a:1:{i:0;s:14:\"Lympho Energie\";}','2017-04-05 07:58:39'),(614,418,70,'sites.google.com/site/envolbienetre/home','2017-04-05 07:58:39'),(615,414,70,'621678750','2017-04-05 07:58:39'),(616,4,70,'88000','2017-04-05 07:58:39'),(617,6,70,'France','2017-04-05 07:58:39'),(618,421,70,'Lorraine','2017-04-05 07:58:39'),(619,3,70,'69 rue d\\\'Alsace','2017-04-05 07:58:39'),(620,5,70,'Deyvillres','2017-04-05 07:58:39'),(621,2,70,'Envolbienetre','2017-04-05 07:58:39'),(622,1,71,'Virginie VALLIERE','2013-12-01 21:27:01'),(623,415,71,'Lympho Energie','2013-12-01 21:27:01'),(624,414,71,'06.16.65.67.19','2013-12-01 21:27:01'),(625,4,71,'44100','2013-12-01 21:27:01'),(626,6,71,'France','2013-12-01 21:27:01'),(627,421,71,'Pays de la Loire','2013-12-01 21:27:01'),(628,3,71,'5 rue du 14 juillet','2013-12-01 21:27:01'),(629,5,71,'NANTES','2013-12-01 21:27:01'),(630,2,71,'NATUR\\\'et ZEN','2013-12-01 21:27:01'),(631,1,72,'Béatrice Murzeau','2013-12-01 21:27:01'),(632,415,72,'Lympho Energie','2013-12-01 21:27:01'),(633,418,72,'www.lymphea.fr','2013-12-01 21:27:01'),(634,414,72,'676862047','2013-12-01 21:27:01'),(635,4,72,'60128','2013-12-01 21:27:01'),(636,6,72,'France','2013-12-01 21:27:01'),(637,421,72,'Ile-de-France','2013-12-01 21:27:01'),(638,3,72,'28 impasse de Valliere','2013-12-01 21:27:01'),(639,5,72,'MORTEFONTAINE/ PARIS 17ème','2013-12-01 21:27:01'),(640,2,72,'LYMPHEA','2013-12-01 21:27:01'),(641,1,73,'Dominique BENCHETRIT','2013-12-01 21:27:01'),(642,415,73,'a:2:{i:0;s:14:\"Lympho Energie\";i:1;s:16:\"douceur du monde\";}','2013-12-01 21:27:01'),(643,418,73,'www.yongquan-institut.fr','2013-12-01 21:27:02'),(644,414,73,'06.68.53.06.42','2013-12-01 21:27:02'),(645,4,73,'78370','2013-12-01 21:27:02'),(646,6,73,'France','2013-12-01 21:27:02'),(647,421,73,'Ile-de-France','2013-12-01 21:27:02'),(648,3,73,'22 avenue Paul-Albert Bartholomé','2013-12-01 21:27:02'),(649,5,73,'PLAISIR','2013-12-01 21:27:02'),(650,2,73,'Yong Quan Institut','2013-12-01 21:27:02'),(651,1,74,'jean-paul coutant','2013-12-01 21:27:02'),(652,415,74,'Lympho Energie','2013-12-01 21:27:02'),(653,414,74,'02 33 90 72 02','2013-12-01 21:27:02'),(654,4,74,'50290','2013-12-01 21:27:02'),(655,6,74,'France','2013-12-01 21:27:02'),(656,421,74,'Basse-Normandie','2013-12-01 21:27:02'),(657,3,74,'26 chemin de la clairette','2013-12-01 21:27:02'),(658,5,74,'bréhal','2013-12-01 21:27:02'),(659,1,75,'fabienne Van de kerchove','2013-12-01 21:27:02'),(660,415,75,'Lympho Energie','2013-12-01 21:27:02'),(661,414,75,'06 73 37 30 23','2013-12-01 21:27:02'),(662,4,75,'95410','2013-12-01 21:27:02'),(663,6,75,'France','2013-12-01 21:27:02'),(664,421,75,'Ile-de-France','2013-12-01 21:27:02'),(665,3,75,'21 chemin de carrière à bancel','2013-12-01 21:27:02'),(666,5,75,'groslay','2013-12-01 21:27:02'),(667,2,75,'Du corps à l\\\'Etre','2013-12-01 21:27:02'),(668,1,76,'Aurelie PERRIER','2013-12-01 21:27:03'),(669,415,76,'Lympho Energie','2013-12-01 21:27:03'),(670,418,76,'aureliereflexologie.over-blog.com','2013-12-01 21:27:03'),(671,414,76,'06 43 56 25 07','2013-12-01 21:27:03'),(672,4,76,'27300','2013-12-01 21:27:03'),(673,6,76,'France','2013-12-01 21:27:03'),(674,421,76,'Haute-Normandie','2013-12-01 21:27:03'),(675,3,76,'rue du Docteur Lailler','2013-12-01 21:27:03'),(676,5,76,'Bernay','2013-12-01 21:27:03'),(677,2,76,'thérapeute en médecines douces','2013-12-01 21:27:03'),(678,1,77,'Carole BAUDRIER','2013-12-01 21:27:03'),(679,415,77,'Lympho Energie','2013-12-01 21:27:03'),(680,418,77,'www.letempsdusoi.com','2013-12-01 21:27:03'),(681,414,77,'01 44 87 96 83 - 06 07 44 85 22','2013-12-01 21:27:03'),(682,4,77,'75012','2013-12-01 21:27:03'),(683,6,77,'France','2013-12-01 21:27:03'),(684,421,77,'Ile-de-France','2013-12-01 21:27:03'),(685,3,77,'106 Cours de Vincennes','2013-12-01 21:27:03'),(686,5,77,'PARIS','2013-12-01 21:27:03'),(687,2,77,'Le Temps du Soi','2013-12-01 21:27:03'),(688,1,78,'Marie-José CROUTTE','2013-12-01 21:27:04'),(689,415,78,'Lympho Energie','2013-12-01 21:27:04'),(690,414,78,'06 67 71 81 55','2013-12-01 21:27:04'),(691,4,78,'71400','2013-12-01 21:27:04'),(692,6,78,'France','2013-12-01 21:27:04'),(693,421,78,'Bourgogne','2013-12-01 21:27:04'),(694,3,78,'2 rue Chaffaut','2013-12-01 21:27:04'),(695,5,78,'AUTUN','2013-12-01 21:27:04'),(696,1,79,'Karine Cordonnier','2013-12-01 21:27:04'),(697,415,79,'Lympho Energie','2013-12-01 21:27:04'),(698,418,79,'lepiedzen.com','2013-12-01 21:27:04'),(699,414,79,'06 64 11 22 66','2013-12-01 21:27:04'),(700,4,79,'90000','2013-12-01 21:27:04'),(701,6,79,'France','2013-12-01 21:27:04'),(702,421,79,'Franche-Comte','2013-12-01 21:27:04'),(703,3,79,'5 rue de Reims','2013-12-01 21:27:04'),(704,5,79,'Belfort','2013-12-01 21:27:04'),(705,2,79,'Le Pied Zen','2013-12-01 21:27:04'),(706,1,80,'patricia phirmis','2013-12-01 21:27:05'),(707,415,80,'douceur du monde','2013-12-01 21:27:05'),(708,4,80,'93140','2013-12-01 21:27:05'),(709,6,80,'France','2013-12-01 21:27:05'),(710,421,80,'Ile-de-France','2013-12-01 21:27:05'),(711,3,80,'53 avenue henri varagnat','2013-12-01 21:27:05'),(712,5,80,'bondy','2013-12-01 21:27:05'),(713,1,81,'Muriel Cartier','2013-12-01 21:27:06'),(714,415,81,'Lympho Energie','2013-12-01 21:27:06'),(715,414,81,'06 87 56 54 12','2013-12-01 21:27:06'),(716,4,81,'38350','2013-12-01 21:27:06'),(717,6,81,'France','2013-12-01 21:27:06'),(718,421,81,'Ile-de-France','2013-12-01 21:27:06'),(719,3,81,'Les Mazuers','2013-12-01 21:27:06'),(720,5,81,'Saint Honoré','2013-12-01 21:27:06'),(721,1,82,'Nathalie HINAULT','2013-12-01 21:27:06'),(722,415,82,'Lympho Energie','2013-12-01 21:27:06'),(723,414,82,'651225345','2013-12-01 21:27:06'),(724,4,82,'56500','2013-12-01 21:27:06'),(725,6,82,'France','2013-12-01 21:27:06'),(726,421,82,'Bretagne','2013-12-01 21:27:06'),(727,3,82,'Keranna','2013-12-01 21:27:06'),(728,5,82,'MOREAC','2013-12-01 21:27:06'),(729,1,83,'Anne Tricot','2013-12-01 21:27:06'),(730,415,83,'Lympho Energie','2013-12-01 21:27:06'),(731,418,83,'www.lessencielle.com','2013-12-01 21:27:06'),(732,414,83,'+41 78 768 54 19','2013-12-01 21:27:06'),(733,4,83,'1003','2013-12-01 21:27:06'),(734,6,83,'Switzerland','2013-12-01 21:27:06'),(735,421,83,'Vaud','2013-12-01 21:27:06'),(736,3,83,'Rue de la Caroline 2','2013-12-01 21:27:06'),(737,5,83,'Lausanne','2013-12-01 21:27:06'),(738,2,83,'Lessencielle','2013-12-01 21:27:06'),(739,1,84,'eliane baudry','2013-12-01 21:27:07'),(740,415,84,'Lympho Energie','2013-12-01 21:27:07'),(741,414,84,'608994748','2013-12-01 21:27:07'),(742,4,84,'6250','2013-12-01 21:27:07'),(743,6,84,'France','2013-12-01 21:27:07'),(744,421,84,'Provence-Alpes-Cote d\\\'Azur','2013-12-01 21:27:07'),(745,3,84,'27 impasse des bastides','2013-12-01 21:27:07'),(746,5,84,'mougins','2013-12-01 21:27:07'),(747,2,84,'abhaya spa','2013-12-01 21:27:07'),(748,1,85,'JACKLINE LEBRETON','2013-12-01 21:27:07'),(749,415,85,'Lympho Energie','2013-12-01 21:27:07'),(750,414,85,'297330644','2013-12-01 21:27:08'),(751,4,85,'56240','2013-12-01 21:27:08'),(752,6,85,'France','2013-12-01 21:27:08'),(753,421,85,'Bretagne','2013-12-01 21:27:08'),(754,3,85,'35 RUE MENTEC','2013-12-01 21:27:08'),(755,5,85,'PLOUAY','2013-12-01 21:27:08'),(756,2,85,'ACULYMPH','2013-12-01 21:27:08'),(757,1,86,'Dacia DRAGOS','2013-12-01 21:27:08'),(758,415,86,'Lympho Energie','2013-12-01 21:27:08'),(759,414,86,'06.23.84.35.77','2013-12-01 21:27:08'),(760,4,86,'83140','2013-12-01 21:27:08'),(761,6,86,'France','2013-12-01 21:27:08'),(762,421,86,'Provence-Alpes-Cote d\\\'Azur','2013-12-01 21:27:08'),(763,3,86,'154 avevue de la Mer','2013-12-01 21:27:08'),(764,5,86,'Six-Fours-les-Plages','2013-12-01 21:27:08'),(765,2,86,'Espace Rosa Verde','2013-12-01 21:27:08'),(766,1,87,'Dominique CHARTIER','2013-12-01 21:27:09'),(767,415,87,'Lympho Energie','2013-12-01 21:27:09'),(768,414,87,'673407893','2013-12-01 21:27:09'),(769,4,87,'78910','2013-12-01 21:27:09'),(770,6,87,'France','2013-12-01 21:27:09'),(771,421,87,'Ile-de-France','2013-12-01 21:27:09'),(772,3,87,'8 rue des Bas Fonceaux','2013-12-01 21:27:09'),(773,5,87,'TACOIGNIERES','2013-12-01 21:27:09'),(774,2,87,'la relaxation au bout des doigts','2013-12-01 21:27:09'),(775,1,88,'Fabienne COLOT','2013-12-01 21:27:09'),(776,415,88,'a:2:{i:0;s:14:\"Lympho Energie\";i:1;s:16:\"douceur du monde\";}','2013-12-01 21:27:09'),(777,418,88,'www.reflexologiecolot.lu','2013-12-01 21:27:09'),(778,414,88,'00352 621 45 00 41','2013-12-01 21:27:09'),(779,4,88,'L-3209','2013-12-01 21:27:09'),(780,6,88,'Luxembourg','2013-12-01 21:27:09'),(781,421,88,'Luxembourg','2013-12-01 21:27:09'),(782,3,88,'5 a Leischemer','2013-12-01 21:27:09'),(783,5,88,'BETTEMBOURG','2013-12-01 21:27:09'),(784,2,88,'CABINET DE REFLEXOLOGIE ET DE LYMPHO ENERGIE FABIENNE COLOT','2013-12-01 21:27:09'),(785,1,89,'Dominique CHARTIER','2013-12-01 21:27:10'),(786,415,89,'Lympho Energie','2013-12-01 21:27:10'),(787,414,89,'673407893','2013-12-01 21:27:10'),(788,4,89,'78910','2013-12-01 21:27:10'),(789,6,89,'France','2013-12-01 21:27:10'),(790,421,89,'Ile-de-France','2013-12-01 21:27:10'),(791,3,89,'8 rue des Bas Fonceaux','2013-12-01 21:27:10'),(792,5,89,'TACOIGNIERES','2013-12-01 21:27:10'),(793,1,90,'pascal salomé','2013-12-01 21:27:10'),(794,415,90,'Lympho Energie','2013-12-01 21:27:10'),(795,418,90,'www.art-d-sens.fr','2013-12-01 21:27:10'),(796,414,90,'673450150','2013-12-01 21:27:10'),(797,4,90,'59270','2013-12-01 21:27:10'),(798,6,90,'France','2013-12-01 21:27:10'),(799,421,90,'Nord-Pas-de-Calais','2013-12-01 21:27:10'),(800,3,90,'434 rue de berthen','2013-12-01 21:27:10'),(801,5,90,'st jans cappel','2013-12-01 21:27:10'),(802,2,90,'art des sens','2013-12-01 21:27:10'),(803,1,91,'Bénédicte DAUTEUIL','2013-12-01 21:27:11'),(804,415,91,'Lympho Energie','2013-12-01 21:27:11'),(805,418,91,'www.quintessence-massages.fr','2013-12-01 21:27:11'),(806,414,91,'680220823','2013-12-01 21:27:11'),(807,4,91,'92150','2013-12-01 21:27:11'),(808,6,91,'France','2013-12-01 21:27:11'),(809,421,91,'Ile-de-France','2013-12-01 21:27:11'),(810,3,91,'Place Henri IV','2013-12-01 21:27:11'),(811,5,91,'SURESNES','2013-12-01 21:27:11'),(812,1,92,'Béatrice Murzeau','2013-12-01 21:27:11'),(813,415,92,'Lympho Energie','2013-12-01 21:27:11'),(814,418,92,'www.lymphea.fr','2013-12-01 21:27:11'),(815,414,92,'676862047','2013-12-01 21:27:11'),(816,4,92,'60128','2013-12-01 21:27:11'),(817,6,92,'France','2013-12-01 21:27:11'),(818,421,92,'Ile-de-France','2013-12-01 21:27:11'),(819,3,92,'28 impasse de Valliere','2013-12-01 21:27:11'),(820,5,92,'Mortefontaine','2013-12-01 21:27:11'),(821,2,92,'LYMPHEA','2013-12-01 21:27:11'),(822,1,93,'Fabienne Gié','2013-12-01 21:27:12'),(823,415,93,'a:2:{i:0;s:14:\"Lympho Energie\";i:1;s:16:\"douceur du monde\";}','2013-12-01 21:27:12'),(824,418,93,'www.studio-forme-et-mieux-etre.com','2013-12-01 21:27:12'),(825,414,93,'493011306','2013-12-01 21:27:12'),(826,4,93,'6000','2013-12-01 21:27:12'),(827,6,93,'France','2013-12-01 21:27:12'),(828,421,93,'Provence-Alpes-Cote d\\\'Azur','2013-12-01 21:27:12'),(829,3,93,'11 rue Prince Maurice','2013-12-01 21:27:12'),(830,5,93,'Nice','2013-12-01 21:27:12'),(831,2,93,'Studio Forme et Mieux-etre','2013-12-01 21:27:12'),(832,1,94,'CORINNE BREBEL','2013-12-01 21:27:12'),(833,415,94,'Lympho Energie','2013-12-01 21:27:12'),(834,414,94,'06 63 54 08 81','2013-12-01 21:27:12'),(835,4,94,'94360','2013-12-01 21:27:12'),(836,6,94,'France','2013-12-01 21:27:12'),(837,421,94,'Ile-de-France','2013-12-01 21:27:12'),(838,3,94,'8 PASSAGE PAILLOT','2013-12-01 21:27:12'),(839,5,94,'BRY SUR MARNE','2013-12-01 21:27:13'),(840,1,95,'Delphine Chenot','2013-12-01 21:27:13'),(841,415,95,'douceur du monde','2013-12-01 21:27:13'),(842,414,95,'06 77 43 11 09','2013-12-01 21:27:13'),(843,4,95,'95210','2013-12-01 21:27:13'),(844,6,95,'France','2013-12-01 21:27:13'),(845,421,95,'Ile-de-France','2013-12-01 21:27:13'),(846,3,95,'21 Av Danielle Casanova','2013-12-01 21:27:13'),(847,5,95,'St Gratien','2013-12-01 21:27:13'),(848,2,95,'Un Temps de Reliance','2013-12-01 21:27:13'),(849,1,96,'Patricia Delabrouille','2013-12-01 21:27:13'),(850,415,96,'Lympho Energie','2013-12-01 21:27:13'),(851,414,96,'650205124','2013-12-01 21:27:13'),(852,4,96,'89150','2013-12-01 21:27:13'),(853,6,96,'France','2013-12-01 21:27:13'),(854,421,96,'Bourgogne','2013-12-01 21:27:13'),(855,3,96,'2 bis la haute borne cidex 203','2013-12-01 21:27:13'),(856,5,96,'villebougis','2013-12-01 21:27:13'),(857,1,97,'Sarah de Caumon','2013-12-01 21:27:13'),(858,415,97,'Lympho Energie','2013-12-01 21:27:13'),(859,414,97,'06 82 56 11 85','2013-12-01 21:27:13'),(860,4,97,'26150','2013-12-01 21:27:13'),(861,6,97,'France','2013-12-01 21:27:13'),(862,421,97,'Rhone-Alpes','2013-12-01 21:27:13'),(863,3,97,'Hameau de St Etienne','2013-12-01 21:27:13'),(864,5,97,'Die','2013-12-01 21:27:13'),(865,1,98,'Christine ARNOLD','2013-12-01 21:27:14'),(866,415,98,'Lympho Energie','2013-12-01 21:27:14'),(867,414,98,'079 845 87 54','2013-12-01 21:27:14'),(868,4,98,'28000','2013-12-01 21:27:14'),(869,6,98,'Switzerland','2013-12-01 21:27:14'),(870,421,98,'Jura','2013-12-01 21:27:14'),(871,3,98,'Rue de l\\\'hôpital 24','2013-12-01 21:27:14'),(872,5,98,'Delemont','2013-12-01 21:27:14'),(873,2,98,'ATLANTHEIA','2013-12-01 21:27:14'),(874,1,99,'Patricia Delabrouille','2013-12-01 21:27:14'),(875,415,99,'Lympho Energie','2013-12-01 21:27:14'),(876,418,99,'Lympho-Energie','2013-12-01 21:27:14'),(877,414,99,'06 50 20 51 24','2013-12-01 21:27:14'),(878,4,99,'89150','2013-12-01 21:27:14'),(879,6,99,'France','2013-12-01 21:27:14'),(880,421,99,'Bourgogne','2013-12-01 21:27:14'),(881,3,99,'2 bis la haute borne cidex 203','2013-12-01 21:27:14'),(882,5,99,'Villebougis','2013-12-01 21:27:14'),(883,2,99,'Lympho-Energie','2013-12-01 21:27:14'),(884,1,100,'Sylvie Busch','2013-12-01 21:27:15'),(885,415,100,'douceur du monde','2013-12-01 21:27:15'),(886,418,100,'www.cheminsdeconscience.jimdo.com','2013-12-01 21:27:15'),(887,414,100,'06 83 42 72 63','2013-12-01 21:27:15'),(888,6,100,'France','2013-12-01 21:27:15'),(889,421,100,'Alsace','2013-12-01 21:27:15'),(890,3,100,'12 rue de Bruxelles','2013-12-01 21:27:15'),(891,5,100,'Kingersheim','2013-12-01 21:27:15'),(892,1,101,'nathalie tomasina','2013-12-01 21:27:15'),(893,415,101,'Lympho Energie','2013-12-01 21:27:15'),(894,418,101,'massagedrainantbienetre.com','2013-12-01 21:27:15'),(895,414,101,'684237887','2013-12-01 21:27:15'),(896,4,101,'93230','2013-12-01 21:27:15'),(897,6,101,'France','2013-12-01 21:27:15'),(898,421,101,'Ile-de-France','2013-12-01 21:27:15'),(899,3,101,'15 villa de la convention','2013-12-01 21:27:15'),(900,5,101,'romainville','2013-12-01 21:27:15'),(901,1,102,'Christine Arnold','2013-12-01 21:27:15'),(902,415,102,'Lympho Energie','2013-12-01 21:27:15'),(903,414,102,'+41(0)79 845 87 54','2013-12-01 21:27:15'),(904,4,102,'2882','2013-12-01 21:27:15'),(905,6,102,'Switzerland','2013-12-01 21:27:15'),(906,421,102,'Jura','2013-12-01 21:27:15'),(907,3,102,'Route des Rangiers 50','2013-12-01 21:27:15'),(908,5,102,'Saint Ursanne','2013-12-01 21:27:15'),(909,2,102,'Colibri','2013-12-01 21:27:15'),(910,1,103,'Emilie Roudier','2013-12-01 21:27:16'),(911,415,103,'Lympho Energie','2013-12-01 21:27:16'),(912,418,103,'jemislidee.blogspot.fr','2013-12-01 21:27:16'),(913,414,103,'677759313','2013-12-01 21:27:16'),(914,4,103,'7570','2013-12-01 21:27:16'),(915,6,103,'France','2013-12-01 21:27:16'),(916,421,103,'Rhone-Alpes','2013-12-01 21:27:16'),(917,3,103,'bourg','2013-12-01 21:27:16'),(918,5,103,'Labatie d\\\'Andaure','2013-12-01 21:27:16'),(919,1,104,'Dominique Jacquemay','2021-07-20 15:05:12'),(920,415,104,'Lympho Energie','2013-12-01 21:27:16'),(921,418,104,'www.lympho-energie.com','2013-12-01 21:27:16'),(922,414,104,'0473/44.97.19','2013-12-01 21:27:16'),(923,4,104,'1180','2013-12-01 21:27:16'),(924,6,104,'Belgium','2013-12-01 21:27:16'),(925,421,104,'Brussels Hoofdstedelijk Gewest','2013-12-01 21:27:16'),(926,3,104,'180 avenue Winston Churchill','2013-12-01 21:27:16'),(927,5,104,'Bruxelles','2013-12-01 21:27:16'),(928,2,104,'Centre Soins et Lympho-Energie','2013-12-01 21:27:16'),(929,1,105,'Dacia DRAGOS','2013-12-01 21:27:17'),(930,415,105,'Lympho Energie','2013-12-01 21:27:17'),(931,414,105,'623843577','2013-12-01 21:27:17'),(932,4,105,'83140','2013-12-01 21:27:17'),(933,6,105,'France','2013-12-01 21:27:17'),(934,421,105,'Provence-Alpes-Cote d\\\'Azur','2013-12-01 21:27:17'),(935,3,105,'154 avevue de la Mer','2013-12-01 21:27:17'),(936,5,105,'Six Fours les Plages','2013-12-01 21:27:17'),(937,2,105,'Espace Rosa Verde','2013-12-01 21:27:17'),(938,1,106,'chantal BERTEAU','2015-01-16 08:51:20'),(939,415,106,'a:1:{i:0;s:14:\"Lympho Energie\";}','2015-01-16 08:51:20'),(940,414,106,'06 24 08 40 24','2015-01-16 08:51:20'),(941,4,106,'17800','2015-01-16 08:51:20'),(942,6,106,'France','2015-01-16 08:51:20'),(943,421,106,'Poitou-Charentes','2015-01-16 08:51:20'),(944,3,106,'27 rue du président roosevelt','2015-01-16 08:51:20'),(945,5,106,'PONS','2015-01-16 08:51:20'),(946,2,106,'espace de thérapie manuelle','2015-01-16 08:51:20'),(947,1,107,'Nathalie HINAULT','2013-12-01 21:27:17'),(948,415,107,'Lympho Energie','2013-12-01 21:27:17'),(949,414,107,'06.51.22.53.45','2013-12-01 21:27:17'),(950,4,107,'22600','2013-12-01 21:27:17'),(951,6,107,'France','2013-12-01 21:27:17'),(952,421,107,'Bretagne','2013-12-01 21:27:17'),(953,3,107,'4 Rue de la Chéze','2013-12-01 21:27:17'),(954,5,107,'LOUDEAC','2013-12-01 21:27:17'),(955,2,107,'Therapeutes 22-44-56','2013-12-01 21:27:17'),(964,1,109,'Evelina COLAS','2013-12-01 21:27:18'),(965,415,109,'Lympho Energie','2013-12-01 21:27:18'),(966,418,109,'www.viragenature.com','2013-12-01 21:27:18'),(967,414,109,'06 03 21 29 62','2013-12-01 21:27:18'),(968,4,109,'6700','2013-12-01 21:27:18'),(969,6,109,'France','2013-12-01 21:27:18'),(970,421,109,'Provence-Alpes-Cote d\\\'Azur','2013-12-01 21:27:19'),(971,3,109,'141 avenue du Général de Gaulle','2013-12-01 21:27:19'),(972,5,109,'Saint-Laurent-du-Var','2013-12-01 21:27:19'),(973,1,110,'Claudine Soulat','2013-12-01 21:27:19'),(974,415,110,'Lympho Energie','2013-12-01 21:27:19'),(975,414,110,'663779763','2013-12-01 21:27:19'),(976,4,110,'94300','2013-12-01 21:27:19'),(977,6,110,'France','2013-12-01 21:27:19'),(978,421,110,'Ile-de-France','2013-12-01 21:27:19'),(979,3,110,'29 rue de Fontenay','2013-12-01 21:27:19'),(980,5,110,'Vincennes','2013-12-01 21:27:19'),(981,1,111,'Corine Charoux-Brieu','2013-12-01 21:27:20'),(982,415,111,'Lympho Energie','2013-12-01 21:27:20'),(983,414,111,'620478439','2013-12-01 21:27:20'),(984,4,111,'24110','2013-12-01 21:27:20'),(985,6,111,'France','2013-12-01 21:27:20'),(986,421,111,'Aquitaine','2013-12-01 21:27:20'),(987,3,111,'6 rue Pierre Astarie','2013-12-01 21:27:20'),(988,5,111,'St Astier','2013-12-01 21:27:20'),(989,1,112,'ROBERT BARRON','2013-12-01 21:27:20'),(990,415,112,'Lympho Energie','2013-12-01 21:27:20'),(991,418,112,'www.artemise.info','2013-12-01 21:27:20'),(992,414,112,'686573663','2013-12-01 21:27:20'),(993,4,112,'21490','2013-12-01 21:27:20'),(994,6,112,'France','2013-12-01 21:27:20'),(995,421,112,'Bourgogne','2013-12-01 21:27:20'),(996,3,112,'7 rue des Colverts','2013-12-01 21:27:20'),(997,5,112,'CLENAY','2013-12-01 21:27:20'),(998,2,112,'Cabinet ARTEMISE','2013-12-01 21:27:20'),(999,1,113,'annie Lama-Barron','2013-12-01 21:27:20'),(1000,415,113,'Lympho Energie','2013-12-01 21:27:21'),(1001,418,113,'www.artemise.info','2013-12-01 21:27:21'),(1002,414,113,'627041792','2013-12-01 21:27:21'),(1003,4,113,'21490','2013-12-01 21:27:21'),(1004,6,113,'France','2013-12-01 21:27:21'),(1005,421,113,'Bourgogne','2013-12-01 21:27:21'),(1006,3,113,'7 rue des colverts','2013-12-01 21:27:21'),(1007,5,113,'Clenay','2013-12-01 21:27:21'),(1008,2,113,'cabinet Artémise','2013-12-01 21:27:21'),(1009,1,114,'Jean-Pierre Epis','2013-12-01 21:27:21'),(1010,415,114,'Lympho Energie','2013-12-01 21:27:21'),(1011,418,114,'www.bois-de-santal.be','2013-12-01 21:27:21'),(1012,414,114,'32475495616','2013-12-01 21:27:21'),(1013,4,114,'5100','2013-12-01 21:27:21'),(1014,6,114,'Belgium','2013-12-01 21:27:21'),(1015,421,114,'Namur','2013-12-01 21:27:21'),(1016,3,114,'1149 Chaussée de Dinant','2013-12-01 21:27:21'),(1017,5,114,'Wépion','2013-12-01 21:27:21'),(1018,2,114,'Au bois de Santal','2013-12-01 21:27:21'),(1019,1,115,'Anandi Henriet','2013-12-01 21:27:21'),(1020,415,115,'douceur du monde','2013-12-01 21:27:21'),(1021,414,115,'33625453927','2013-12-01 21:27:21'),(1022,4,115,'82000','2013-12-01 21:27:21'),(1023,6,115,'France','2013-12-01 21:27:21'),(1024,421,115,'Midi-Pyrenees','2013-12-01 21:27:21'),(1025,3,115,'rue Sadi Carnot','2013-12-01 21:27:21'),(1026,5,115,'Montauban','2013-12-01 21:27:21'),(1027,1,116,'Anandi Henriet','2013-12-01 21:27:22'),(1028,415,116,'douceur du monde','2013-12-01 21:27:22'),(1029,414,116,'33625453927','2013-12-01 21:27:22'),(1030,4,116,'82000','2013-12-01 21:27:22'),(1031,6,116,'France','2013-12-01 21:27:22'),(1032,421,116,'Midi-Pyrenees','2013-12-01 21:27:22'),(1033,3,116,'2600B cc de Saint-Pierre','2013-12-01 21:27:22'),(1034,5,116,'Montauban','2013-12-01 21:27:22'),(1035,2,116,'Sens à l\\\'Etre','2013-12-01 21:27:22'),(1036,1,117,'Christelle DUVAL','2013-12-01 21:27:22'),(1037,415,117,'a:2:{i:0;s:14:\"Lympho Energie\";i:1;s:16:\"douceur du monde\";}','2013-12-01 21:27:22'),(1038,418,117,'www.fleur-de-vie.vpweb.fr','2013-12-01 21:27:22'),(1039,414,117,'06 89 99 57 42','2013-12-01 21:27:22'),(1040,4,117,'84160','2013-12-01 21:27:22'),(1041,6,117,'France','2013-12-01 21:27:22'),(1042,421,117,'Provence-Alpes-Cote d\\\'Azur','2013-12-01 21:27:22'),(1043,3,117,'Rue de l\\\'Auro','2013-12-01 21:27:22'),(1044,5,117,'CUCURON','2013-12-01 21:27:22'),(1045,1,118,'Isabelle BUTERI','2013-12-01 21:27:23'),(1046,415,118,'douceur du monde','2013-12-01 21:27:23'),(1047,414,118,'06 99 20 48 95','2013-12-01 21:27:23'),(1048,4,118,'77230','2013-12-01 21:27:23'),(1049,6,118,'France','2013-12-01 21:27:23'),(1050,421,118,'Ile-de-France','2013-12-01 21:27:23'),(1051,3,118,'4 rue de la loi','2013-12-01 21:27:23'),(1052,5,118,'MONTGE EN GOELE','2013-12-01 21:27:23'),(1053,2,118,'LSI','2013-12-01 21:27:23'),(1054,1,119,'Bernard Plouzennec','2013-12-01 21:27:23'),(1055,415,119,'Lympho Energie','2013-12-01 21:27:23'),(1056,414,119,'06 31 35 84 46','2013-12-01 21:27:23'),(1057,4,119,'22000','2013-12-01 21:27:23'),(1058,6,119,'France','2013-12-01 21:27:23'),(1059,421,119,'Bretagne','2013-12-01 21:27:23'),(1060,3,119,'108 rue du Légué','2013-12-01 21:27:23'),(1061,5,119,'Saint-Brieuc','2013-12-01 21:27:23'),(1062,1,120,'ROBERT BARRON','2013-12-01 21:27:23'),(1063,415,120,'Lympho Energie','2013-12-01 21:27:23'),(1064,418,120,'artemise.ar@orange.fr','2013-12-01 21:27:23'),(1065,414,120,'686573663','2013-12-01 21:27:23'),(1066,4,120,'21490','2013-12-01 21:27:23'),(1067,6,120,'France','2013-12-01 21:27:23'),(1068,421,120,'Bourgogne','2013-12-01 21:27:23'),(1069,3,120,'7 rue des Colverts','2013-12-01 21:27:23'),(1070,5,120,'CLENAY','2013-12-01 21:27:23'),(1071,2,120,'CABINET ARTEMISE','2013-12-01 21:27:23'),(1072,1,121,'patricia phirmis','2013-12-01 21:27:24'),(1073,415,121,'douceur du monde','2013-12-01 21:27:24'),(1074,6,121,'France','2013-12-01 21:27:24'),(1075,421,121,'Ile-de-France','2013-12-01 21:27:24'),(1076,3,121,'53 avenue henri varagnat','2013-12-01 21:27:24'),(1077,5,121,'bondy','2013-12-01 21:27:24'),(1078,1,122,'Agnès BRANDELY','2013-12-01 21:27:24'),(1079,415,122,'Lympho Energie','2013-12-01 21:27:24'),(1080,414,122,'473276858','2013-12-01 21:27:24'),(1081,4,122,'63170','2013-12-01 21:27:24'),(1082,6,122,'France','2013-12-01 21:27:24'),(1083,421,122,'Auvergne','2013-12-01 21:27:24'),(1084,3,122,'27 rue emmanuel Chabrier','2013-12-01 21:27:24'),(1085,5,122,'AUBIERE','2013-12-01 21:27:24'),(1086,2,122,'L\\\'essentiel','2013-12-01 21:27:24'),(1087,1,123,'Jean-Serge ROMINGER','2014-03-20 22:36:38'),(1088,415,123,'a:1:{i:0;s:14:\"Lympho Energie\";}','2014-03-20 22:36:38'),(1089,414,123,'06 11 65 42 73','2014-03-20 22:36:38'),(1090,4,123,'69100','2014-03-20 22:36:38'),(1091,6,123,'France','2014-03-20 22:36:38'),(1092,421,123,'Rhone-Alpes','2014-03-20 22:36:38'),(1093,3,123,'318 rue francis de pressense','2014-03-20 22:36:38'),(1094,5,123,'VILLEURBANNE','2014-03-20 22:36:38'),(1095,1,124,'Dominique-Alain DESCAMPS','2013-12-01 21:27:25'),(1096,415,124,'Lympho Energie','2013-12-01 21:27:25'),(1097,418,124,'energiemieuxetre.free.fr','2013-12-01 21:27:25'),(1098,414,124,'621260335','2013-12-01 21:27:25'),(1099,4,124,'33700','2013-12-01 21:27:25'),(1100,6,124,'France','2013-12-01 21:27:25'),(1101,421,124,'Aquitaine','2013-12-01 21:27:25'),(1102,3,124,'9 rue Fustel de Coulanges appt 6 domaine de Teynac','2013-12-01 21:27:25'),(1103,5,124,'MERIGNAC','2013-12-01 21:27:25'),(1104,2,124,'Energie-Mieuxetre','2013-12-01 21:27:25'),(1105,1,125,'Christel GAXOTTE','2013-12-01 21:27:25'),(1106,415,125,'Lympho Energie','2013-12-01 21:27:25'),(1107,418,125,'www.relaxozen.fr','2013-12-01 21:27:25'),(1108,414,125,'670049479','2013-12-01 21:27:25'),(1109,4,125,'17700','2013-12-01 21:27:25'),(1110,6,125,'France','2013-12-01 21:27:25'),(1111,421,125,'Poitou-Charentes','2013-12-01 21:27:25'),(1112,3,125,'rue de la Mairie','2013-12-01 21:27:25'),(1113,5,125,'SAINT PIERRE D\\\'AMILLY','2013-12-01 21:27:26'),(1114,2,125,'relaxozen','2013-12-01 21:27:26'),(1115,1,126,'Dominique DESCAMPS','2013-12-01 21:27:26'),(1116,415,126,'Lympho Energie','2013-12-01 21:27:26'),(1117,418,126,'energiemieuxetre.free.fr','2013-12-01 21:27:26'),(1118,414,126,'621260335','2013-12-01 21:27:26'),(1119,4,126,'33480','2013-12-01 21:27:26'),(1120,6,126,'France','2013-12-01 21:27:26'),(1121,421,126,'Aquitaine','2013-12-01 21:27:26'),(1122,3,126,'11 chemin du CHALET','2013-12-01 21:27:26'),(1123,5,126,'MOULIS en MEDOC','2013-12-01 21:27:26'),(1124,2,126,'Energie-Mieuxetre Domicile MEDOC','2013-12-01 21:27:26'),(1125,1,127,'Chantal SEGAERT','2013-12-01 21:27:26'),(1126,415,127,'Lympho Energie','2013-12-01 21:27:26'),(1127,418,127,'espace.chan-se@orange.fr','2013-12-01 21:27:26'),(1128,414,127,'01.64.39.53.04','2013-12-01 21:27:26'),(1129,4,127,'77190','2013-12-01 21:27:26'),(1130,6,127,'France','2013-12-01 21:27:26'),(1131,421,127,'Ile-de-France','2013-12-01 21:27:26'),(1132,3,127,'place Gauguin','2013-12-01 21:27:26'),(1133,5,127,'DAMMARIE LES LYS','2013-12-01 21:27:26'),(1134,2,127,'espace Chan Se','2013-12-01 21:27:26'),(1135,1,128,'aurelia antoskiewicz','2013-12-01 21:27:27'),(1136,415,128,'Lympho Energie','2013-12-01 21:27:27'),(1137,418,128,'www.reiki-digitolift.fr','2013-12-01 21:27:27'),(1138,414,128,'612878098','2013-12-01 21:27:27'),(1139,4,128,'76600','2013-12-01 21:27:27'),(1140,6,128,'France','2013-12-01 21:27:27'),(1141,421,128,'Haute-Normandie','2013-12-01 21:27:27'),(1142,3,128,'73 rue Anatole France','2013-12-01 21:27:27'),(1143,5,128,'le havre','2013-12-01 21:27:27'),(1144,2,128,'cabinet aura','2013-12-01 21:27:27'),(1145,1,129,'nadine bousquet','2013-12-01 21:27:27'),(1146,415,129,'douceur du monde','2013-12-01 21:27:27'),(1147,418,129,'www.soleildesoi.fr','2013-12-01 21:27:27'),(1148,414,129,'06 82 92 50 95','2013-12-01 21:27:27'),(1149,4,129,'24330','2013-12-01 21:27:27'),(1150,6,129,'France','2013-12-01 21:27:27'),(1151,421,129,'Aquitaine','2013-12-01 21:27:27'),(1152,3,129,'le grand chemin sud','2013-12-01 21:27:27'),(1153,5,129,'St Pierre de Chignac','2013-12-01 21:27:27'),(1154,2,129,'Soleil de Soi','2013-12-01 21:27:27'),(1155,1,130,'Bernard PLOUZENNEC','2013-12-01 21:27:27'),(1156,415,130,'Lympho Energie','2013-12-01 21:27:27'),(1157,414,130,'631358446','2013-12-01 21:27:27'),(1158,4,130,'22000','2013-12-01 21:27:27'),(1159,6,130,'France','2013-12-01 21:27:27'),(1160,421,130,'Bretagne','2013-12-01 21:27:27'),(1161,3,130,'108 rue du Légué','2013-12-01 21:27:27'),(1162,5,130,'SAINT BRIEUC','2013-12-01 21:27:27'),(1163,2,130,'Bernard PLOUZENNEC','2013-12-01 21:27:27'),(1164,1,131,'marion laveau','2013-12-01 21:27:28'),(1165,415,131,'Lympho Energie','2013-12-01 21:27:28'),(1166,414,131,'687685303','2013-12-01 21:27:28'),(1167,6,131,'France','2013-12-01 21:27:28'),(1168,421,131,'Midi-Pyrenees','2013-12-01 21:27:28'),(1169,3,131,'Saint-Affrique','2013-12-01 21:27:28'),(1170,5,131,'Saint-Affrique','2013-12-01 21:27:28'),(1208,640,131,'43.9585708,2.8865495','2014-03-22 12:02:45'),(1209,640,128,'49.4956604,0.1164595','2014-03-22 12:02:49'),(1207,640,123,'45.767488,4.8968027','2017-10-03 06:39:08'),(1206,640,0,'43.9585708,2.8865495','2014-03-24 09:34:02'),(1210,640,129,'45.125286,0.855988','2014-03-22 12:03:06'),(1211,640,130,'48.5222822,-2.7582044','2015-09-12 17:31:15'),(1212,640,126,'45.0572543,-0.7797707','2014-03-22 12:03:16'),(1213,640,127,'48.5170878,2.6437555','2014-03-22 12:03:18'),(1214,640,124,'44.8448769,-0.656358','2014-03-22 12:03:27'),(1215,640,125,'46.16669,-0.6865019','2014-03-22 12:03:34'),(1216,640,121,'48.9148237,2.4838919','2014-03-22 12:04:34'),(1217,640,122,'45.7525198,3.112459','2014-03-22 12:04:37'),(1218,640,118,'49.0283936,2.7489097','2014-03-22 12:04:43'),(1219,640,119,'48.5227922,-2.7580178','2014-03-22 12:04:46'),(1220,640,120,'47.4011292,5.115546','2014-11-12 14:31:31'),(1221,640,116,'44.016079,1.35295','2014-03-22 12:04:52'),(1223,640,114,'50.4105232,4.8810412','2014-03-22 12:05:00'),(1222,640,117,'43.7737565,5.4375112','2014-03-22 12:04:58'),(1224,640,115,'44.0174112,1.362262','2014-03-22 12:05:04'),(1225,640,111,'45.138228,0.5196682','2014-03-22 12:05:03'),(1226,640,112,'47.4017826,5.1153055','2014-03-22 12:06:16'),(1227,640,113,'47.4017826,5.1153055','2014-03-22 12:06:18'),(1228,640,110,'48.8477318,2.4424222','2014-03-22 12:06:20'),(1230,640,109,'43.6634525,7.193775','2014-03-22 12:06:29'),(1231,640,105,'43.0961683,5.8316337','2014-03-22 12:06:31'),(1233,640,107,'48.1757313,-2.753133','2014-03-22 12:06:35'),(1232,640,106,'45.5759866,-0.5493597','2015-01-16 08:51:21'),(1234,640,103,'44.9958839,4.516545','2014-03-22 12:06:39'),(1235,640,104,'50.8116052,4.3598917','2014-03-22 12:06:41'),(1236,640,100,'47.7905423,7.3410358','2014-03-22 12:07:35'),(1237,640,101,'48.8808536,2.4461128','2014-03-22 12:07:37'),(1238,640,102,'47.3666785,7.1592047','2014-03-22 12:07:39'),(1239,640,98,'47.3661958,7.3429637','2014-03-22 12:07:42'),(1240,640,99,'48.203106,3.1590919','2014-03-22 12:07:46'),(1241,640,95,'48.9723879,2.2890361','2014-03-22 12:07:49'),(1242,640,96,'48.203106,3.1590919','2014-03-22 12:07:52'),(1243,640,97,'45.439695,4.3871779','2014-03-22 12:07:53'),(1244,640,93,'43.7091642,7.2580037','2014-03-22 12:07:57'),(1245,640,94,'48.8378328,2.5225738','2014-03-22 12:08:00'),(1246,640,91,'48.870176,2.227827','2014-03-22 12:09:12'),(1247,640,92,'49.115089,2.5994423','2014-03-22 12:09:15'),(1248,640,89,'48.8369246,1.6725875','2014-03-22 12:09:17'),(1249,640,90,'50.7659041,2.7162702','2014-03-22 12:09:22'),(1250,640,87,'48.8369246,1.6725875','2014-03-22 12:09:25'),(1251,640,88,'49.5122137,6.1139554','2014-03-22 12:09:27'),(1252,640,86,'43.0961683,5.8316337','2014-03-22 12:09:29'),(1253,640,84,'43.6074471,6.9651085','2014-03-22 12:09:36'),(1255,640,81,'44.943727,5.801381','2014-03-22 12:09:40'),(1254,640,85,'47.9148066,-3.3377975','2014-03-22 12:09:39'),(1256,640,82,'47.913568,-2.807729','2014-03-22 12:10:47'),(1257,640,83,'46.5202913,6.6372112','2014-03-22 12:10:47'),(1258,640,80,'48.9148237,2.4838919','2014-03-22 12:10:52'),(1259,640,78,'46.943826,4.3004765','2014-03-22 12:10:54'),(1260,640,79,'47.6360644,6.84181','2014-03-22 12:10:57'),(1261,640,76,'49.088108,0.5869764','2014-03-22 12:11:01'),(1262,640,77,'48.8468221,2.4089569','2014-03-22 12:11:01'),(1263,640,74,'48.8993294,-1.5083802','2014-03-22 12:11:05'),(1264,640,75,'48.9897133,2.3538679','2014-03-22 12:11:06'),(1266,640,72,'48.8822444,2.3078389','2014-03-22 12:11:57'),(1265,640,71,'47.2179789,-1.5682985','2014-03-22 12:11:10'),(1267,640,73,'48.820041,1.9217442','2014-03-22 12:12:00'),(1269,640,70,'48.2012494,6.5295974','2017-04-05 07:58:41'),(1268,640,69,'43.5736045,-0.9293268','2014-03-22 12:12:03'),(1270,640,67,'36.7622621,3.0242079','2014-03-22 12:12:12'),(1271,640,68,'46.3765272,6.490111','2014-03-22 12:12:14'),(1272,640,65,'46.1675122,6.1145282','2014-03-22 12:12:14'),(1273,640,66,'36.7737883,3.0561003','2014-03-22 12:12:16'),(1274,640,62,'50.8376714,4.3848872','2014-03-22 12:12:17'),(1275,640,63,'50.8594386,4.54287','2014-03-22 12:12:18'),(1276,640,64,'50.8311333,4.4483466','2018-12-03 11:18:32'),(1277,640,60,'46.5499869,0.3398676','2014-09-22 20:21:55'),(1278,640,61,'48.9562767,2.8841774','2014-03-22 12:13:52'),(1279,640,57,'47.6312674,6.8673494','2014-03-22 12:13:56'),(1280,640,58,'50.5764245,4.0706869','2014-03-22 12:14:01'),(1281,640,59,'50.6907016,3.059598','2014-03-22 12:14:04'),(1282,640,54,'49.1196663,7.0983948','2014-03-22 12:14:08'),(1283,640,55,'45.5437148,3.246895','2020-07-15 08:51:36'),(1284,640,56,'48.6146174,2.3290565','2014-03-22 12:14:09'),(1285,640,52,'43.2997229,5.3864012','2014-03-22 12:14:11'),(1286,640,53,'46.589993,0.352102','2014-03-22 12:15:05'),(1287,640,50,'45.7966555,3.2465253','2014-03-22 12:15:04'),(1288,640,51,'49.4525267,1.157634','2014-03-22 12:15:08'),(1289,640,48,'14.620673,-61.055677','2019-03-20 15:24:51'),(1290,640,49,'46.1884777,6.1294073','2014-10-21 14:46:21'),(1291,640,47,'48.6196024,6.4580782','2014-03-22 12:15:20'),(1292,640,45,'48.8413278,2.3002917','2014-03-22 12:15:22'),(1293,640,46,'47.5974734,7.579107','2014-03-22 12:15:24'),(1294,640,43,'46.1731091,6.3664748','2014-10-21 14:37:11'),(1295,640,44,'48.8248387,2.1204238','2014-03-22 12:15:22'),(1296,640,42,'46.5071053,6.6490807','2015-01-05 15:47:23'),(1297,640,39,'48.7891769,2.3843118','2014-03-22 12:16:16'),(1298,640,40,'50.6926015,4.3890716','2014-03-22 12:16:18'),(1299,640,41,'48.6880888,6.1723804','2014-03-22 12:16:20'),(1300,640,37,'49.1157427,6.1780772','2014-03-22 12:16:25'),(1301,640,38,'49.1157427,6.1780772','2014-03-22 12:16:28'),(1302,640,35,'50.6657252,4.5868116','2014-03-22 12:16:29'),(1303,640,36,'44.4410162,4.3059189','2014-03-22 12:16:38'),(1304,640,33,'48.2613167,3.8597296','2014-03-22 12:16:38'),(1305,640,34,'45.019521,3.48887','2014-03-22 12:16:41'),(1306,640,31,'46.8191306,6.7917395','2019-01-20 20:04:51'),(1308,640,28,'50.6065172,3.4031116','2014-03-22 12:17:52'),(1307,640,32,'48.6295184,-2.0048202','2015-05-01 19:26:41'),(1309,640,29,'43.7081281,7.2618332','2014-03-22 12:17:47'),(1310,640,30,'43.9352904,4.8724418','2014-03-22 12:17:50'),(1311,640,26,'50.401335,4.4463818','2014-03-22 12:17:57'),(1312,640,27,'48.8520459,2.3292803','2014-03-22 12:17:56'),(1313,640,23,'48.7077562,2.4382263','2014-03-22 12:17:57'),(1314,640,24,'49.578728,3.585466','2016-12-03 00:29:12'),(1315,640,25,'48.8499568,2.3836787','2014-11-06 12:54:38'),(1316,640,21,'50.6334219,5.8601679','2014-03-22 12:19:34'),(1317,640,19,'49.088108,0.5869764','2014-03-22 12:19:39'),(1318,640,22,'50.7281634,4.3822829','2014-03-22 12:19:40'),(1319,640,20,'48.9564257,2.2504245','2014-03-22 12:19:43'),(1320,640,16,'48.8200097,2.249375','2014-03-22 12:19:48'),(1321,640,17,'48.9220624,1.8487198','2014-03-22 12:19:54'),(1322,640,18,'50.291759,2.7773135','2014-03-22 12:19:57'),(1323,640,14,'47.2009833,-1.6003084','2014-11-06 20:24:27'),(1324,640,15,'49.6905346,3.1104248','2014-03-22 12:19:48'),(1325,640,11,'44.483989,3.538025','2014-03-22 12:19:54'),(1326,640,12,'43.6634525,7.193775','2014-03-22 12:20:41'),(1327,640,13,'16.209698,-61.49059','2014-03-22 12:20:45'),(1328,640,8,'50.7187359,4.4933743','2014-03-22 12:20:47'),(1329,640,10,'49.3021019,2.5369212','2014-03-22 12:20:49'),(1330,640,9,'50.5186893,2.7483293','2014-03-22 12:20:51'),(1331,640,6,'50.7975131,2.4802494','2014-03-22 12:20:57'),(1332,640,5,'49.6130477,6.1064596','2014-03-22 12:20:58'),(1333,640,7,'42.63651,8.937046','2014-03-22 12:21:01'),(1334,640,3,'43.5980001,3.8324203','2014-03-22 12:21:24'),(1335,640,4,'43.9359996,4.8246359','2014-03-22 12:21:24'),(1336,1,133,'Jean-Marie Tillé','2015-07-13 10:32:11'),(1337,3,133,'Allée des genêts','2015-07-13 10:32:11'),(1338,4,133,'83400','2015-07-13 10:32:11'),(1339,5,133,'Giens','2015-07-13 10:32:11'),(1340,6,133,'France','2015-07-13 10:32:11'),(1341,421,133,'Var','2015-07-13 10:32:11'),(1342,414,133,'0632838444','2015-07-13 10:32:11'),(1343,415,133,'a:1:{i:0;s:16:\"douceur du monde\";}','2015-07-13 10:32:11'),(1344,2,133,'Jean-Marie Tillé','2015-07-13 10:32:11'),(1345,418,133,'http://edendelapresquile.com/les-massages/','2015-07-13 10:32:11'),(1346,640,133,'43.0373747,6.1185909','2015-07-13 10:32:12'),(1347,1,134,'Mireille','2014-08-07 06:07:09'),(1348,3,134,'2, Rue Abbé Breuil','2014-08-07 06:07:09'),(1349,4,134,'19100','2014-08-07 06:07:09'),(1350,5,134,'BRIVE-LA-GAILLARDE','2014-08-07 06:07:09'),(1351,6,134,'France','2014-08-07 06:07:09'),(1352,421,134,'Limousin','2014-08-07 06:07:09'),(1353,414,134,'0659188710','2014-08-07 06:07:09'),(1354,415,134,'a:2:{i:0;s:14:\"Lympho Energie\";i:1;s:16:\"douceur du monde\";}','2014-08-07 06:07:09'),(1355,640,134,'45.1568577,1.5506797','2014-08-07 06:10:24'),(1356,1,135,'LAURENCE KOZLOWSKI','2014-08-13 15:48:06'),(1357,3,135,'5 RUE MARCELLIN CHAMPAGNAT','2014-08-13 15:48:06'),(1358,4,135,'59134','2014-08-13 15:48:06'),(1359,5,135,'BEAUCAMPS LIGNY','2014-08-13 15:48:06'),(1360,6,135,'France','2014-08-13 15:48:06'),(1361,414,135,'06 48 25 51 44','2014-08-13 15:48:06'),(1362,415,135,'a:1:{i:0;s:16:\"douceur du monde\";}','2014-08-13 15:48:06'),(1363,2,135,'LA MAISON DE LO','2014-08-13 15:48:06'),(1364,418,135,'facebook','2014-08-13 15:48:06'),(1365,640,135,'50.6011326,2.9204381','2014-08-13 15:48:07'),(1366,1,136,'LAURENCE KOZLOWSKI','2014-08-13 15:49:42'),(1367,3,136,'5 RUE MARCELLIN CHAMPAGNAT','2014-08-13 15:49:42'),(1368,4,136,'59134','2014-08-13 15:49:42'),(1369,5,136,'BEAUCAMPS LIGNY','2014-08-13 15:49:42'),(1370,6,136,'France','2014-08-13 15:49:42'),(1371,414,136,'06 48 25 51 44','2014-08-13 15:49:42'),(1372,415,136,'a:1:{i:0;s:16:\"douceur du monde\";}','2014-08-13 15:49:42'),(1373,2,136,'LA MAISON DE LO','2014-08-13 15:49:42'),(1374,418,136,'facebook','2014-08-13 15:49:42'),(1375,640,136,'50.6011326,2.9204381','2014-08-13 15:52:32'),(1376,1,137,'Delphine Peeters','2014-08-14 08:47:34'),(1377,3,137,'23 Rue Louis Saillant','2014-08-14 08:47:34'),(1378,4,137,'91290','2014-08-14 08:47:34'),(1379,5,137,'La Norville','2014-08-14 08:47:34'),(1380,6,137,'France','2014-08-14 08:47:34'),(1381,414,137,'06.95.57.75.40','2014-08-14 08:47:34'),(1382,415,137,'a:2:{i:0;s:14:\"Lympho Energie\";i:1;s:16:\"douceur du monde\";}','2014-08-14 08:47:34'),(1383,640,137,'48.5877185,2.2575083','2014-08-14 08:47:34'),(1384,1,138,'Corinne Lairé','2014-08-29 05:49:35'),(1385,3,138,'222/3 avenue de l\\\'Europe','2014-08-29 05:49:35'),(1386,4,138,'59300','2014-08-29 05:49:35'),(1387,5,138,'Valenciennes','2014-08-29 05:49:35'),(1388,6,138,'France','2014-08-29 05:49:35'),(1389,414,138,'0681794225','2014-08-29 05:49:35'),(1390,415,138,'a:1:{i:0;s:16:\"douceur du monde\";}','2014-08-29 05:49:35'),(1391,640,138,'50.3715161,3.5018291','2014-08-29 05:49:35'),(1392,1,139,'Sylvie Mencarelli','2015-02-09 11:36:42'),(1393,3,139,'LE VILLAGE 76 RUE VICTOR HUGO','2015-02-09 11:36:42'),(1394,4,139,'01210','2015-02-09 11:36:42'),(1395,5,139,'FERNEY-VOLTAIRE','2015-02-09 11:36:42'),(1396,6,139,'France','2015-02-09 11:36:42'),(1397,414,139,'04 50 42 91 75','2015-02-09 11:36:42'),(1398,415,139,'a:1:{i:0;s:14:\"Lympho Energie\";}','2015-02-09 11:36:42'),(1399,2,139,'SYLVIE MENCARELLI','2015-02-09 11:36:42'),(1400,640,139,'46.2512517,6.1008992','2015-02-09 11:36:43'),(1401,1,140,'INGRID HEITZ','2014-10-25 11:24:43'),(1402,3,140,'le hameau le relai','2014-10-25 11:24:43'),(1403,4,140,'39310','2014-10-25 11:24:43'),(1404,5,140,'LAMOURA','2014-10-25 11:24:43'),(1405,6,140,'France','2014-10-25 11:24:43'),(1406,421,140,'FRANCHE COMTE','2014-10-25 11:24:43'),(1407,414,140,'06 28 78 32 55','2014-10-25 11:24:43'),(1408,415,140,'a:1:{i:0;s:14:\"Lympho Energie\";}','2014-10-25 11:24:43'),(1409,2,140,'de la tête ô pieds','2014-10-25 11:24:43'),(1410,418,140,'www.delateteopieds.fr','2014-10-25 11:24:43'),(1411,640,140,'46.402576,5.9860749','2014-10-25 11:24:44'),(1412,1,141,'Béatrice  Murzeau','2014-09-23 15:03:42'),(1413,3,141,'28, impasse de Vallière','2014-09-23 15:03:42'),(1414,4,141,'60128','2014-09-23 15:03:42'),(1415,5,141,'Mortefontaine','2014-09-23 15:03:42'),(1416,6,141,'France','2014-09-23 15:03:42'),(1417,421,141,'oise','2014-09-23 15:03:42'),(1418,414,141,'0676862047','2014-09-23 15:03:42'),(1419,415,141,'a:1:{i:0;s:14:\"Lympho Energie\";}','2014-09-23 15:03:42'),(1420,2,141,'Lymphéa','2014-09-23 15:03:42'),(1421,418,141,'lymphea.fr','2014-09-23 15:03:42'),(1422,640,141,'49.1154153,2.5990428','2014-09-23 15:03:45'),(1423,1,142,'isabelle','2014-10-22 06:20:28'),(1424,3,142,'rue de l\\\'agrafe 73','2014-10-22 06:20:28'),(1425,4,142,'1070','2014-10-22 06:20:28'),(1426,5,142,'anderlecht','2014-10-22 06:20:28'),(1427,6,142,'Belgium','2014-10-22 06:20:28'),(1428,421,142,'bruxelles','2014-10-22 06:20:28'),(1429,415,142,'a:1:{i:0;s:16:\"douceur du monde\";}','2014-10-22 06:20:28'),(1430,2,142,'Isabelle Roselaer','2014-10-22 06:20:28'),(1431,640,142,'50.8421449,4.3130837','2014-10-22 06:20:46'),(1432,1,143,'Anne VILLAUME','2014-10-22 09:24:29'),(1433,3,143,'11 LOT L OREE DU BIS','2014-10-22 09:24:29'),(1434,4,143,'54280','2014-10-22 09:24:29'),(1435,5,143,'mazerulles','2014-10-22 09:24:29'),(1436,6,143,'France','2014-10-22 09:24:29'),(1437,414,143,'0681418554','2014-10-22 09:24:29'),(1438,415,143,'a:2:{i:0;s:14:\"Lympho Energie\";i:1;s:16:\"douceur du monde\";}','2014-10-22 09:24:29'),(1439,640,143,'48.7612486,6.3756063','2014-10-22 09:24:30'),(1440,1,144,'henry annabelle','2014-12-14 08:50:15'),(1441,3,144,'5 rue de l agriculture','2014-12-14 08:50:15'),(1442,4,144,'54110','2014-12-14 08:50:15'),(1443,5,144,'rosieres aux salines','2014-12-14 08:50:15'),(1444,6,144,'France','2014-12-14 08:50:15'),(1445,414,144,'06.18.74.31.97','2014-12-14 08:50:15'),(1446,415,144,'a:2:{i:0;s:14:\"Lympho Energie\";i:1;s:16:\"douceur du monde\";}','2014-12-14 08:50:15'),(1447,640,144,'48.5919136,6.3359907','2014-12-14 08:50:15'),(1448,1,145,'Jacquie Hueber','2014-12-30 15:50:40'),(1449,3,145,'1, rue Jacques Santer','2014-12-30 15:50:40'),(1450,4,145,'6139','2014-12-30 15:50:40'),(1451,5,145,'JUNGLINSTER','2014-12-30 15:50:40'),(1452,6,145,'Luxembourg','2014-12-30 15:50:40'),(1453,414,145,'+352 691 92 40 59','2014-12-30 15:50:40'),(1454,415,145,'a:1:{i:0;s:16:\"douceur du monde\";}','2014-12-30 15:50:40'),(1455,2,145,'Pure Balance® Relaxation Studio','2014-12-30 15:50:40'),(1456,418,145,'www.purebalance.lu','2014-12-30 15:50:40'),(1457,640,145,'49.7059061,6.2482848','2014-12-30 15:50:50'),(1583,415,158,'a:1:{i:0;s:16:\"douceur du monde\";}','2016-01-22 14:21:43'),(1582,414,158,'+590690642871','2016-01-22 14:21:43'),(1581,421,158,'Guadeloupe','2016-01-22 14:21:43'),(1580,6,158,'Guadeloupe','2016-01-22 14:21:43'),(1579,5,158,'LE MOULE','2016-01-22 14:21:43'),(1578,4,158,'97160','2016-01-22 14:21:43'),(1577,3,158,'ZEVALLOS, 4 RUE DES CAMPECHIERS','2016-01-22 14:21:43'),(1469,1,147,'Sandrine PATTE','2016-07-26 08:03:40'),(1576,1,158,'Symtia KADMI','2016-01-22 14:21:43'),(1470,3,147,'33 allée du bois','2016-07-26 08:03:40'),(1471,4,147,'51500','2016-07-26 08:03:40'),(1472,5,147,'VILLE EN SELVE','2016-07-26 08:03:40'),(1473,6,147,'France','2016-07-26 08:03:40'),(1474,414,147,'06.15.32.85.27','2016-07-26 08:03:40'),(1475,415,147,'a:2:{i:0;s:14:\"Lympho Energie\";i:1;s:16:\"douceur du monde\";}','2016-07-26 08:03:40'),(1476,640,147,'49.1305748,4.0860679','2016-07-26 08:03:43'),(1477,1,148,'Lysiane HO A KWIE','2018-01-06 17:40:25'),(1478,3,148,'808 RESIDENCE MONTAUBAN POINTE DE LA VERDURE','2018-01-06 17:40:25'),(1479,4,148,'97190','2018-01-06 17:40:25'),(1480,5,148,'LE GOSIER','2018-01-06 17:40:25'),(1481,6,148,'Guadeloupe','2018-01-06 17:40:25'),(1482,421,148,'GUADELOUPE','2018-01-06 17:40:25'),(1483,414,148,'+590690624701','2018-01-06 17:40:25'),(1484,415,148,'a:2:{i:0;s:14:\"Lympho Energie\";i:1;s:16:\"douceur du monde\";}','2018-01-06 17:40:25'),(1485,640,148,'16.2083533,-61.5000985','2016-01-15 22:18:14'),(1486,1,149,'Laura Énée','2017-09-06 12:36:21'),(1487,3,149,'3 Rue Guilbert','2017-09-06 12:36:21'),(1488,4,149,'14000','2017-09-06 12:36:21'),(1489,5,149,'CAEN','2017-09-06 12:36:21'),(1490,6,149,'France','2017-09-06 12:36:21'),(1491,414,149,'07.81.90.96.13','2017-09-06 12:36:21'),(1492,415,149,'a:1:{i:0;s:14:\"Lympho Energie\";}','2017-09-06 12:36:21'),(1493,2,149,'Ghaïa Énergie','2017-09-06 12:36:21'),(1494,418,149,'www.ghaia-energie.fr','2017-09-06 12:36:21'),(1495,640,149,'49.1817179,-0.3560497','2017-09-06 12:36:25'),(1496,1,150,'Mireille Chicha','2015-04-08 13:12:53'),(1497,3,150,'100 Rue Molière','2015-04-08 13:12:53'),(1498,4,150,'94200','2015-04-08 13:12:53'),(1499,5,150,'Ivry/Seine','2015-04-08 13:12:53'),(1500,6,150,'France','2015-04-08 13:12:53'),(1501,421,150,'Val de Marne','2015-04-08 13:12:53'),(1502,414,150,'06.21.06.39.86','2015-04-08 13:12:53'),(1503,415,150,'a:1:{i:0;s:14:\"Lympho Energie\";}','2015-04-08 13:12:53'),(1504,2,150,'Atelier d\\\'Esthétique','2015-04-08 13:12:53'),(1505,418,150,'www.atelierdesthetique.com','2015-04-08 13:12:53'),(1506,640,150,'48.8182534,2.3906595','2015-04-08 13:12:54'),(1507,1,151,'KHALED','2015-04-24 05:20:26'),(1508,3,151,'CITE ENJMA2 ZARZOUNA BIZERTE','2015-04-24 05:20:26'),(1509,4,151,'7021','2015-04-24 05:20:26'),(1510,5,151,'BIZERTE','2015-04-24 05:20:26'),(1511,6,151,'Tunisia','2015-04-24 05:20:26'),(1512,421,151,'ZARZOUNA','2015-04-24 05:20:26'),(1513,414,151,'+21621669058','2015-04-24 05:20:26'),(1514,415,151,'a:2:{i:0;s:14:\"Lympho Energie\";i:1;s:16:\"douceur du monde\";}','2015-04-24 05:20:26'),(1515,640,151,'37.266667,9.866667','2015-04-24 05:20:27'),(1516,5,32,'ST MALO','2015-05-01 19:26:41'),(1517,2,32,'cabinet de Lympho-Energie St Malo','2015-05-01 19:26:41'),(1518,418,32,'www.lympho-energie-zen35.com','2015-05-01 19:26:41'),(1519,1,152,'Victor Das','2015-05-27 09:21:18'),(1520,3,152,'75 rue de l\\\'abbaye','2015-05-27 09:21:18'),(1521,4,152,'44100','2015-05-27 09:21:18'),(1522,5,152,'Nantes','2015-05-27 09:21:18'),(1523,6,152,'France','2015-05-27 09:21:18'),(1524,414,152,'0645818717','2015-05-27 09:21:18'),(1525,415,152,'a:2:{i:0;s:14:\"Lympho Energie\";i:1;s:16:\"douceur du monde\";}','2015-05-27 09:21:18'),(1526,2,152,'SEVA Bien-Etre','2015-05-27 09:21:18'),(1527,418,152,'www.seva-bienetre.com','2015-05-27 09:21:19'),(1528,640,152,'47.2009833,-1.6003084','2015-05-27 09:21:19'),(1529,1,153,'Sylvie Kaech-Marendaz','2015-08-08 04:23:38'),(1530,3,153,'13, chemin de Bonne','2015-08-08 04:23:38'),(1531,4,153,'1233','2015-08-08 04:23:38'),(1532,5,153,'Bernex','2015-08-08 04:23:38'),(1533,6,153,'Switzerland','2015-08-08 04:23:38'),(1534,414,153,'+41227948053','2015-08-08 04:23:38'),(1535,415,153,'a:1:{i:0;s:14:\"Lympho Energie\";}','2015-08-08 04:23:38'),(1536,640,153,'46.1738721,6.0616697','2015-11-14 15:33:46'),(1537,1,154,'Béatrice Schneider','2015-08-20 14:36:07'),(1538,3,154,'2 rue du stade','2015-08-20 14:36:07'),(1539,4,154,'57970','2015-08-20 14:36:07'),(1540,5,154,'Koenigsmacker','2015-08-20 14:36:07'),(1541,6,154,'France','2015-08-20 14:36:07'),(1542,414,154,'00 33 6 72 45 40 42','2015-08-20 14:36:07'),(1543,415,154,'a:2:{i:0;s:14:\"Lympho Energie\";i:1;s:16:\"douceur du monde\";}','2015-08-20 14:36:08'),(1544,2,154,'Béatrice Schneider','2015-08-20 14:36:08'),(1545,418,154,'www.bsreflexologue.fr','2015-08-20 14:36:08'),(1546,640,154,'49.3916962,6.2732581','2017-03-22 22:05:12'),(1547,1,155,'marie helene PIERRUGUES','2015-10-02 14:50:10'),(1548,3,155,'18 chemin robert','2015-10-02 14:50:10'),(1549,4,155,'13100','2015-10-02 14:50:10'),(1550,5,155,'aix en provence','2015-10-02 14:50:10'),(1551,6,155,'France','2015-10-02 14:50:10'),(1552,421,155,'bouches du rhône','2015-10-02 14:50:10'),(1553,414,155,'0650162072','2015-10-02 14:50:10'),(1554,415,155,'a:1:{i:0;s:14:\"Lympho Energie\";}','2015-10-02 14:50:10'),(1555,2,155,'aix soins énergétiques','2015-10-02 14:50:10'),(1556,418,155,'www.aix-soinsenergetiques.fr','2015-10-02 14:50:10'),(1557,640,155,'43.5231432,5.4526765','2015-10-02 14:50:10'),(1558,1,156,'Dsdczek221j','2015-10-16 12:26:07'),(1559,3,156,'None','2015-10-16 12:26:07'),(1560,4,156,'None','2015-10-16 12:26:07'),(1561,5,156,'None','2015-10-16 12:26:07'),(1562,6,156,'Afghanistan','2015-10-16 12:26:07'),(1563,421,156,'None','2015-10-16 12:26:07'),(1564,414,156,'None','2015-10-16 12:26:07'),(1565,415,156,'a:2:{i:0;s:14:\"Lympho Energie\";i:1;s:16:\"douceur du monde\";}','2015-10-16 12:26:07'),(1566,2,156,'None','2015-10-16 12:26:07'),(1567,418,156,'None','2015-10-16 12:26:07'),(1568,1,157,'Virginie Brunet','2015-10-22 15:56:42'),(1569,3,157,'la fercochère','2015-10-22 15:56:42'),(1570,4,157,'72210','2015-10-22 15:56:42'),(1571,5,157,'la suze sur sarthe','2015-10-22 15:56:42'),(1572,6,157,'France','2015-10-22 15:56:42'),(1573,415,157,'a:1:{i:0;s:16:\"douceur du monde\";}','2015-10-22 15:56:42'),(1574,2,157,'virginie brunet','2015-10-22 15:56:42'),(1575,640,157,'47.877212,0.023966','2015-10-22 15:56:42'),(1584,2,158,'symtia kadmi','2016-01-22 14:21:43'),(1585,640,158,'16.265,-61.551','2016-02-23 19:50:24'),(1586,1,159,'Nathalie Sidambarom','2016-01-25 18:46:21'),(1587,3,159,'10 lotissement Christophe Colomb Ste Marie','2016-01-25 18:46:21'),(1588,4,159,'97130','2016-01-25 18:46:21'),(1589,5,159,'CAPESTERRE BELLE EAU','2016-01-25 18:46:21'),(1590,6,159,'Guadeloupe','2016-01-25 18:46:21'),(1591,414,159,'0690586297','2016-01-25 18:46:21'),(1592,415,159,'a:1:{i:0;s:16:\"douceur du monde\";}','2016-01-25 18:46:21'),(1593,640,159,'16.0387004,-61.5778481','2016-01-25 18:46:21'),(1594,1,160,'Corinne Renaudineau','2016-01-28 01:04:48'),(1595,3,160,'122 Impasse des bungalows','2016-01-28 01:04:48'),(1596,4,160,'97125','2016-01-28 01:04:48'),(1597,5,160,'Bouillante','2016-01-28 01:04:48'),(1598,6,160,'Guadeloupe','2016-01-28 01:04:48'),(1599,414,160,'0690588839','2016-01-28 01:04:48'),(1600,415,160,'a:1:{i:0;s:16:\"douceur du monde\";}','2016-01-28 01:04:48'),(1601,640,160,'16.1294248,-61.7685358','2016-01-28 01:04:49'),(1602,1,161,'milene jeanne','2016-02-02 03:33:59'),(1603,3,161,'esperance','2016-02-02 03:33:59'),(1604,4,161,'97118','2016-02-02 03:33:59'),(1605,5,161,'saint francois','2016-02-02 03:33:59'),(1606,6,161,'Guadeloupe','2016-02-02 03:33:59'),(1607,421,161,'Guadeloupe','2016-02-02 03:33:59'),(1608,414,161,'0690 537371','2016-02-02 03:33:59'),(1609,415,161,'a:1:{i:0;s:16:\"douceur du monde\";}','2016-02-02 03:33:59'),(1610,2,161,'oxyzen','2016-02-02 03:33:59'),(1611,640,161,'16.265,-61.551','2016-02-02 03:34:00'),(1612,1,162,'marie-france lirus','2016-02-02 19:31:54'),(1613,3,162,'311 résidence Toulouse-lautrec Providence','2016-02-02 19:31:54'),(1614,4,162,'97139','2016-02-02 19:31:54'),(1615,5,162,'abymes','2016-02-02 19:31:54'),(1616,6,162,'Guadeloupe','2016-02-02 19:31:54'),(1617,414,162,'0690 24 94 29','2016-02-02 19:31:54'),(1618,415,162,'a:2:{i:0;s:14:\"Lympho Energie\";i:1;s:16:\"douceur du monde\";}','2016-02-02 19:31:54'),(1619,2,162,'Projetez-vous','2016-02-02 19:31:54'),(1620,640,162,'16.265,-61.551','2016-02-02 19:31:59'),(1621,1,163,'Desplan Melina','2016-02-02 20:18:36'),(1622,3,163,'Résidence HIBICUS','2016-02-02 20:18:36'),(1623,4,163,'97116','2016-02-02 20:18:36'),(1624,5,163,'POINTE-NOIRE','2016-02-02 20:18:36'),(1625,6,163,'Guadeloupe','2016-02-02 20:18:36'),(1626,414,163,'0690291638','2016-02-02 20:18:36'),(1627,415,163,'a:1:{i:0;s:16:\"douceur du monde\";}','2016-02-02 20:18:36'),(1628,2,163,'Mélina Desplan','2016-02-02 20:18:36'),(1631,1,164,'VALERIE RAULT','2016-02-10 16:50:01'),(1630,640,163,'16.2302234,-61.7868121','2016-02-02 20:18:41'),(1632,3,164,'maison alberi cocoyer','2016-02-10 16:50:01'),(1633,4,164,'97190','2016-02-10 16:50:01'),(1634,5,164,'GOSIER','2016-02-10 16:50:01'),(1635,6,164,'Guadeloupe','2016-02-10 16:50:01'),(1636,421,164,'GUADELOUPE','2016-02-10 16:50:01'),(1637,414,164,'0690408024','2016-02-10 16:50:01'),(1638,415,164,'a:1:{i:0;s:16:\"douceur du monde\";}','2016-02-10 16:50:01'),(1639,640,164,'16.265,-61.551','2016-02-10 16:50:01'),(1640,1,165,'laury deubras','2016-02-11 22:41:35'),(1641,3,165,'residence merosier narbal','2016-02-11 22:41:35'),(1642,4,165,'97122','2016-02-11 22:41:35'),(1643,5,165,'baie-mahault','2016-02-11 22:41:35'),(1644,6,165,'France','2016-02-11 22:41:35'),(1645,421,165,'guadeloupe','2016-02-11 22:41:35'),(1646,414,165,'0690638204','2016-02-11 22:41:35'),(1647,415,165,'a:1:{i:0;s:16:\"douceur du monde\";}','2016-02-11 22:41:35'),(1648,1,166,'Valery Tetard','2016-02-21 07:01:00'),(1649,3,166,'29 rue du Dr Paul Peltier','2016-02-21 07:01:00'),(1650,4,166,'17300','2016-02-21 07:01:00'),(1651,5,166,'rochefort','2016-02-21 07:01:00'),(1652,6,166,'France','2016-02-21 07:01:00'),(1653,414,166,'0617269425','2016-02-21 07:01:00'),(1654,415,166,'a:1:{i:0;s:14:\"Lympho Energie\";}','2016-02-21 07:01:00'),(1655,640,166,'45.9398922,-0.9634415','2016-02-21 07:01:00'),(1656,1,167,'KARINE ROUSSEL','2016-02-26 00:15:40'),(1657,3,167,'Rue des PHARES et balises - Périnet','2016-02-26 00:15:40'),(1658,4,167,'97190','2016-02-26 00:15:40'),(1659,5,167,'Le Gosier','2016-02-26 00:15:40'),(1660,6,167,'Guadeloupe','2016-02-26 00:15:40'),(1661,421,167,'France','2016-02-26 00:15:40'),(1662,414,167,'0690124727','2016-02-26 00:15:40'),(1663,415,167,'a:1:{i:0;s:16:\"douceur du monde\";}','2016-02-26 00:15:40'),(1664,2,167,'ZENKA Bien Etre','2016-02-26 00:15:40'),(1665,640,167,'16.2080038,-61.4858695','2016-02-26 00:29:05'),(1666,1,168,'Nathalie SCHIFFLER','2016-06-02 13:55:14'),(1667,3,168,'81 avenue Clémenceau','2016-06-02 13:55:14'),(1668,4,168,'57100','2016-06-02 13:55:14'),(1669,5,168,'THIONVILLE','2016-06-02 13:55:14'),(1670,6,168,'France','2016-06-02 13:55:14'),(1671,414,168,'00 33 6 60 67 46 31','2016-06-02 13:55:14'),(1672,415,168,'a:1:{i:0;s:16:\"douceur du monde\";}','2016-06-02 13:55:14'),(1673,2,168,'NATHALIE SCHIFFLER','2016-06-02 13:55:14'),(1674,418,168,'https://www.facebook.com/nathalie.energeticienne/','2016-06-02 13:55:14'),(1675,640,168,'49.3633816,6.1619383','2016-06-02 13:55:15'),(1676,1,169,'Bérangère Bour','2016-06-16 08:20:13'),(1677,3,169,'13 lotissement la cle des champs','2016-06-16 08:20:13'),(1678,4,169,'57220','2016-06-16 08:20:13'),(1679,5,169,'denting','2016-06-16 08:20:13'),(1680,6,169,'France','2016-06-16 08:20:13'),(1681,421,169,'Moselle','2016-06-16 08:20:13'),(1682,414,169,'0782373276','2016-06-16 08:20:13'),(1683,415,169,'a:2:{i:0;s:14:\"Lympho Energie\";i:1;s:16:\"douceur du monde\";}','2016-06-16 08:20:13'),(1684,2,169,'berangere bour','2016-06-16 08:20:13'),(1685,640,169,'49.1960245,6.5348147','2016-06-16 08:20:57'),(1686,1,170,'Bérangère Bour','2016-06-16 08:21:48'),(1687,3,170,'13 lotissement la cle des champs','2016-06-16 08:21:48'),(1688,4,170,'57220','2016-06-16 08:21:48'),(1689,5,170,'denting','2016-06-16 08:21:48'),(1690,6,170,'France','2016-06-16 08:21:48'),(1691,421,170,'Moselle','2016-06-16 08:21:48'),(1692,414,170,'0782373276','2016-06-16 08:21:48'),(1693,415,170,'a:2:{i:0;s:14:\"Lympho Energie\";i:1;s:16:\"douceur du monde\";}','2016-06-16 08:21:48'),(1694,2,170,'berangere bour','2016-06-16 08:21:48'),(1695,640,170,'49.1960245,6.5348147','2016-06-16 08:21:48'),(1696,1,171,'christine MULLER','2016-06-27 07:30:31'),(1697,3,171,'7 RUE DU STAUFFEN','2016-06-27 07:30:31'),(1698,4,171,'68420','2016-06-27 07:30:31'),(1699,5,171,'HERRLISHEIM PRES COLMAR','2016-06-27 07:30:31'),(1700,6,171,'France','2016-06-27 07:30:31'),(1701,414,171,'06.65.39.27.45','2016-06-27 07:30:31'),(1702,415,171,'a:1:{i:0;s:14:\"Lympho Energie\";}','2016-06-27 07:30:31'),(1703,2,171,'Au Jardin des Sens','2016-06-27 07:30:31'),(1704,418,171,'jardin-des-sens.fr','2016-06-27 07:30:31'),(1705,640,171,'48.0219643,7.3259106','2016-06-27 07:40:45'),(1706,1,172,'Sandra Rabec','2017-09-02 13:25:37'),(1707,3,172,'3, rue Sauzéat','2017-09-02 13:25:37'),(1708,4,172,'07100','2017-09-02 13:25:37'),(1709,5,172,'Annonay','2017-09-02 13:25:37'),(1710,6,172,'France','2017-09-02 13:25:37'),(1711,414,172,'06 65 69 68 68','2017-09-02 13:25:37'),(1712,415,172,'a:1:{i:0;s:14:\"Lympho Energie\";}','2017-09-02 13:25:37'),(1713,418,172,'nomadine.link','2017-09-02 13:25:37'),(1714,640,172,'45.2390169,4.6720183','2017-12-12 15:54:39'),(1715,1,173,'christian AGIUS','2017-03-21 08:59:18'),(1716,3,173,'33B  Rue de la République - Métro Cordeliers','2017-03-21 08:59:18'),(1717,4,173,'69002','2017-03-21 08:59:18'),(1718,5,173,'LYON','2017-03-21 08:59:18'),(1719,6,173,'France','2017-03-21 08:59:18'),(1720,414,173,'0681189950','2017-03-21 08:59:18'),(1721,415,173,'a:1:{i:0;s:14:\"Lympho Energie\";}','2017-03-21 08:59:18'),(1722,2,173,'MASSAGEADOM-LYON','2017-03-21 08:59:18'),(1723,418,173,'www.massageadom-lyon.com','2017-03-21 08:59:18'),(1724,640,173,'45.7582971,4.8347676','2017-03-21 08:59:19'),(1725,1,174,'ANNE Villr','2016-11-21 12:54:23'),(1726,3,174,'19 ch des mouflons','2016-11-21 12:54:23'),(1727,4,174,'38570','2016-11-21 12:54:23'),(1728,5,174,'Moretel de mailles','2016-11-21 12:54:23'),(1729,6,174,'France','2016-11-21 12:54:23'),(1730,415,174,'a:1:{i:0;s:14:\"Lympho Energie\";}','2016-11-21 12:54:24'),(1731,640,174,'45.3811907,6.0153921','2016-11-22 12:01:09'),(1732,1,175,'Laurence ROBERT','2016-11-21 12:56:47'),(1733,3,175,'59 route d\\\'Alès','2016-11-21 12:56:47'),(1734,4,175,'30900','2016-11-21 12:56:47'),(1735,5,175,'Nimes','2016-11-21 12:56:47'),(1736,6,175,'France','2016-11-21 12:56:47'),(1737,414,175,'0615053193','2016-11-21 12:56:47'),(1738,415,175,'a:1:{i:0;s:14:\"Lympho Energie\";}','2016-11-21 12:56:47'),(1739,2,175,'Laurence ROBERT','2016-11-21 12:56:47'),(1740,418,175,'HTTP://www.reflexologie-nimes','2016-11-21 12:56:47'),(1741,640,175,'43.845711,4.3454235','2016-11-21 12:56:47'),(1742,1,176,'Kristin larsen','2016-11-22 07:13:51'),(1743,3,176,'6 rue Général de Gaulle','2016-11-22 07:13:51'),(1744,4,176,'34200','2016-11-22 07:13:51'),(1745,5,176,'Sète','2016-11-22 07:13:51'),(1746,6,176,'France','2016-11-22 07:13:51'),(1747,421,176,'Herault','2016-11-22 07:13:51'),(1748,414,176,'0627801466','2016-11-22 07:13:51'),(1749,415,176,'a:1:{i:0;s:14:\"Lympho Energie\";}','2016-11-22 07:13:51'),(1750,2,176,'Réflexothérapeute Kristin Larsen','2016-11-22 07:13:51'),(1751,640,176,'43.4043599,3.6959634','2016-11-22 07:13:51'),(1752,1,177,'Rachel CATEL','2016-11-22 07:29:24'),(1753,3,177,'1 impasse de la gare','2016-11-22 07:29:24'),(1754,4,177,'23300','2016-11-22 07:29:24'),(1755,5,177,'la Souterraine','2016-11-22 07:29:24'),(1756,6,177,'France','2016-11-22 07:29:24'),(1757,414,177,'0555636831','2016-11-22 07:29:24'),(1758,415,177,'a:1:{i:0;s:14:\"Lympho Energie\";}','2016-11-22 07:29:24'),(1759,2,177,'Reflexologie de l\\\'arche','2016-11-22 07:29:24'),(1760,640,177,'46.2398111,1.4905882','2016-11-22 07:29:25'),(1761,1,178,'Laurence Belot','2019-07-21 17:37:37'),(1762,3,178,'1821 ROUTE DE REIGNIER','2019-07-21 17:37:37'),(1763,4,178,'74930','2019-07-21 17:37:37'),(1764,5,178,'PERS JUSSY','2019-07-21 17:37:37'),(1765,6,178,'France','2019-07-21 17:37:37'),(1766,414,178,'+33637911658','2019-07-21 17:37:37'),(1767,415,178,'a:1:{i:0;s:14:\"Lympho Energie\";}','2019-07-21 17:37:37'),(1768,2,178,'Laurence BELOT','2019-07-21 17:37:37'),(1954,1,197,'Adeline','2019-08-15 09:29:59'),(1770,640,178,'46.1097401,6.2642892','2019-07-21 17:37:40'),(1771,1,179,'maria compagnino','2016-12-01 13:53:20'),(1772,3,179,'25 rue harald stammbach','2016-12-01 13:53:20'),(1773,4,179,'59290','2016-12-01 13:53:20'),(1774,5,179,'wasquehal','2016-12-01 13:53:20'),(1775,6,179,'France','2016-12-01 13:53:20'),(1776,414,179,'0688229403','2016-12-01 13:53:20'),(1777,415,179,'a:1:{i:0;s:16:\"douceur du monde\";}','2016-12-01 13:53:20'),(1778,2,179,'ctre de Dominique Jacquemay 180 av de Churchill 1180 Bruxelles B','2016-12-01 13:53:20'),(1779,640,179,'50.6548437,3.125056','2016-12-01 13:53:21'),(1780,1,180,'Manon TARDY','2016-12-09 06:56:13'),(1781,3,180,'20 les grandes Faugères le haut','2016-12-09 06:56:13'),(1782,4,180,'07290','2016-12-09 06:56:13'),(1783,5,180,'Satillieu','2016-12-09 06:56:13'),(1784,6,180,'France','2016-12-09 06:56:13'),(1785,414,180,'0685485737','2016-12-09 06:56:13'),(1786,415,180,'a:1:{i:0;s:14:\"Lympho Energie\";}','2016-12-09 06:56:13'),(1787,1,181,'Anne Ville','2017-01-21 08:36:19'),(1788,3,181,'19 chemein des mouflons','2017-01-21 08:36:19'),(1789,4,181,'38570','2017-01-21 08:36:19'),(1790,5,181,'Crest en Belledonne','2017-01-21 08:36:19'),(1791,6,181,'France','2017-01-21 08:36:19'),(1792,414,181,'0617394381','2017-01-21 08:36:19'),(1793,415,181,'a:1:{i:0;s:14:\"Lympho Energie\";}','2017-01-21 08:36:19'),(1794,3,2,'JJ','2017-01-26 00:44:09'),(1795,4,2,'57000','2017-01-26 00:44:09'),(1796,5,2,'METZ','2017-01-26 00:44:09'),(1797,6,2,'France','2017-01-26 00:44:09'),(1798,414,2,'0627106317','2017-01-26 00:44:09'),(1799,415,2,'a:2:{i:0;s:14:\"Lympho Energie\";i:1;s:16:\"douceur du monde\";}','2017-01-26 00:44:09'),(1800,2,2,'OXYZEN','2017-01-26 00:44:09'),(1801,1,182,'Fanny LASTENNET','2017-01-26 16:01:01'),(1802,3,182,'16 domaine de l\\\'anse dubedou','2017-01-26 16:01:01'),(1803,4,182,'97118','2017-01-26 16:01:01'),(1804,5,182,'Saint François','2017-01-26 16:01:01'),(1805,6,182,'Guadeloupe','2017-01-26 16:01:01'),(1806,414,182,'0690166266','2017-01-26 16:01:01'),(1807,415,182,'a:1:{i:0;s:16:\"douceur du monde\";}','2017-01-26 16:01:01'),(1808,1,183,'damien taburet','2017-02-15 09:47:43'),(1809,3,183,'7 square du nouveau belleville','2017-02-15 09:47:43'),(1810,4,183,'75020','2017-02-15 09:47:43'),(1811,5,183,'paris','2017-02-15 09:47:43'),(1812,6,183,'France','2017-02-15 09:47:43'),(1813,421,183,'ile de france','2017-02-15 09:47:43'),(1814,414,183,'0624479604','2017-02-15 09:47:43'),(1815,415,183,'a:1:{i:0;s:14:\"Lympho Energie\";}','2017-02-15 09:47:43'),(1816,2,183,'particulier','2017-02-15 09:47:43'),(1817,418,183,'néant','2017-02-15 09:47:43'),(1818,640,183,'48.8689081,2.3821572','2017-02-15 09:47:44'),(1819,1,184,'Nathalie Clausse','2017-06-06 10:55:11'),(1820,3,184,'41a rue de Schoenfels','2017-06-06 10:55:11'),(1821,4,184,'8151','2017-06-06 10:55:11'),(1822,5,184,'Bridel','2017-06-06 10:55:11'),(1823,6,184,'Luxembourg','2017-06-06 10:55:11'),(1824,414,184,'00352 26 330 502','2017-06-06 10:55:11'),(1825,415,184,'a:1:{i:0;s:16:\"douceur du monde\";}','2017-06-06 10:55:11'),(1826,2,184,'La Maison du BIen-Etre','2017-06-06 10:55:11'),(1827,418,184,'bien-etre.lu','2017-06-06 10:55:11'),(1828,640,184,'49.6605719,6.0865766','2017-06-06 10:55:11'),(1829,1,185,'BENEDICTE MORNEAU','2018-07-01 15:23:16'),(1830,3,185,'21 RUE DES EPINETTES','2018-07-01 15:23:16'),(1831,4,185,'75017','2018-07-01 15:23:16'),(1832,5,185,'PARIS','2018-07-01 15:23:16'),(1833,6,185,'France','2018-07-01 15:23:16'),(1834,421,185,'PARIS','2018-07-01 15:23:16'),(1835,414,185,'0689923776','2018-07-01 15:23:16'),(1836,415,185,'a:2:{i:0;s:14:\"Lympho Energie\";i:1;s:16:\"douceur du monde\";}','2018-07-01 15:23:16'),(1837,640,185,'48.8948951,2.3214144','2018-07-01 15:23:16'),(1838,1,186,'JOELLE MAILLART','2017-08-09 11:12:42'),(1839,3,186,'26 ALLEE DU COUDRIER','2017-08-09 11:12:42'),(1840,4,186,'91330','2017-08-09 11:12:42'),(1841,5,186,'YERRES','2017-08-09 11:12:42'),(1842,6,186,'France','2017-08-09 11:12:42'),(1843,421,186,'ESSONNE','2017-08-09 11:12:42'),(1844,414,186,'0614845321','2017-08-09 11:12:42'),(1845,415,186,'a:1:{i:0;s:14:\"Lympho Energie\";}','2017-08-09 11:12:42'),(1846,640,186,'48.7134773,2.5096673','2017-08-09 11:12:43'),(1847,1,187,'1','2017-08-14 18:10:24'),(1848,3,187,'1','2017-08-14 18:10:24'),(1849,4,187,'1','2017-08-14 18:10:24'),(1850,5,187,'1','2017-08-14 18:10:24'),(1851,6,187,'Afghanistan','2017-08-14 18:10:24'),(1852,421,187,'1','2017-08-14 18:10:24'),(1853,414,187,'1','2017-08-14 18:10:24'),(1854,415,187,'a:1:{i:0;s:14:\"Lympho Energie\";}','2017-08-14 18:10:24'),(1855,2,187,'1','2017-08-14 18:10:24'),(1856,418,187,'1','2017-08-14 18:10:24'),(1857,640,187,'34.9690901,63.1443045','2017-08-14 18:10:24'),(1858,1,188,'INGRID HEITZ','2017-09-01 18:09:47'),(1859,3,188,'RUE ROUSSEAU 29','2017-09-01 18:09:47'),(1860,4,188,'1201','2017-09-01 18:09:47'),(1861,5,188,'GENEVE','2017-09-01 18:09:47'),(1862,6,188,'Switzerland','2017-09-01 18:09:47'),(1863,414,188,'+33 628783255','2017-09-01 18:09:47'),(1864,415,188,'a:1:{i:0;s:14:\"Lympho Energie\";}','2017-09-01 18:09:47'),(1865,2,188,'DE LA TETE O PIEDS','2017-09-01 18:09:47'),(1866,418,188,'www.delateteopieds.ch','2017-09-01 18:09:47'),(1867,640,188,'46.2077768,6.1427306','2017-09-01 18:09:48'),(1949,415,196,'a:2:{i:0;s:14:\"Lympho Energie\";i:1;s:16:\"douceur du monde\";}','2018-12-25 18:45:14'),(1948,414,196,'0648657759','2018-12-25 18:45:14'),(1947,421,196,'gironde','2018-12-25 18:45:14'),(1946,6,196,'France','2018-12-25 18:45:14'),(1945,5,196,'Cestas Toctoucau','2018-12-25 18:45:14'),(1944,4,196,'33610','2018-12-25 18:45:14'),(1943,3,196,'7 chemin Lous Arnes','2018-12-25 18:45:14'),(1942,1,196,'Liliane LEGALE','2018-12-25 18:45:14'),(1893,415,191,'a:1:{i:0;s:14:\"Lympho Energie\";}','2017-12-17 11:17:58'),(1892,414,191,'0660742963','2017-12-17 11:17:58'),(1891,421,191,'AUVERGNE','2017-12-17 11:17:58'),(1890,6,191,'France','2017-12-17 11:17:58'),(1889,5,191,'MONTLUCON','2017-12-17 11:17:58'),(1888,4,191,'03100','2017-12-17 11:17:58'),(1887,3,191,'10 RUE MARCEL PAGNOM','2017-12-17 11:17:58'),(1886,1,191,'NATHALIE','2017-12-17 11:17:58'),(1894,2,191,'BODY TOUCH ENERGY','2017-12-17 11:17:58'),(1895,640,191,'46.3271445,2.5929396','2017-12-17 11:17:59'),(1896,2,148,'PUR Jing','2018-01-06 17:40:25'),(1897,418,148,'www.purjing.com','2018-01-06 17:40:25'),(1898,1,192,'Prisca Virginie Auger','2018-03-21 13:19:20'),(1899,3,192,'Via Giudecca, 46/A','2018-03-21 13:19:20'),(1900,4,192,'30142','2018-03-21 13:19:20'),(1901,5,192,'Burano','2018-03-21 13:19:20'),(1902,6,192,'Italy','2018-03-21 13:19:20'),(1903,421,192,'Italie','2018-03-21 13:19:20'),(1904,414,192,'3473995386','2018-03-21 13:19:20'),(1905,415,192,'a:1:{i:0;s:16:\"douceur du monde\";}','2018-03-21 13:19:20'),(1906,2,192,'Serapis Beyoga','2018-03-21 13:19:20'),(1907,640,192,'45.5676241,12.8076581','2018-03-21 13:19:25'),(1908,1,193,'Véra HOLLAN','2020-05-28 08:56:46'),(1909,3,193,'16 rue de Marnes Bat I3','2020-05-28 08:56:46'),(1910,4,193,'92410','2020-05-28 08:56:46'),(1911,5,193,'Ville d’Avray','2020-05-28 08:56:46'),(1912,6,193,'France','2020-05-28 08:56:46'),(1913,414,193,'0674442221','2020-05-28 08:56:46'),(1914,415,193,'a:2:{i:0;s:14:\"Lympho Energie\";i:1;s:16:\"douceur du monde\";}','2020-05-28 08:56:46'),(1915,2,193,'contact@o-coeur-des-mains.com','2020-05-28 08:56:46'),(1916,640,193,'48.8278253,2.1845922','2020-05-28 08:56:47'),(1917,1,194,'Alice Duruz Gasquez','2018-04-23 18:16:06'),(1918,3,194,'Chemin de Boston 11','2018-04-23 18:16:06'),(1919,4,194,'1004','2018-04-23 18:16:06'),(1920,5,194,'Lausanne','2018-04-23 18:16:06'),(1921,6,194,'Switzerland','2018-04-23 18:16:06'),(1922,421,194,'Vaud','2018-04-23 18:16:06'),(1923,414,194,'+41 76 421 23 00','2018-04-23 18:16:06'),(1924,415,194,'a:1:{i:0;s:14:\"Lympho Energie\";}','2018-04-23 18:16:06'),(1925,2,194,'Aurovida','2018-04-23 18:16:06'),(1926,418,194,'en construction','2018-04-23 18:16:06'),(1927,640,194,'46.5236175,6.6217438','2018-04-23 18:16:07'),(1928,2,64,'Les magnolias','2018-12-03 11:18:29'),(1929,418,64,'http://www.mariannedescamps.net    http://www.les-magnolias.be/seances-individuelles/#Rely','2018-12-03 11:18:29'),(1930,418,185,'www.vabenequilibre.fr','2018-07-01 15:23:16'),(1931,1,195,'Gloria Covarrubias','2019-03-04 18:57:07'),(1932,3,195,'5 avenue Gallieni','2019-03-04 18:57:07'),(1933,4,195,'92160','2019-03-04 18:57:07'),(1934,5,195,'Antony','2019-03-04 18:57:07'),(1935,6,195,'France','2019-03-04 18:57:07'),(1936,421,195,'Hauts-de-Seine','2019-03-04 18:57:07'),(1937,414,195,'+33 (0) 6 08 06 03 18','2019-03-04 18:57:07'),(1938,415,195,'a:2:{i:0;s:14:\"Lympho Energie\";i:1;s:16:\"douceur du monde\";}','2019-03-04 18:57:07'),(1939,2,195,'G. Covarrubias - Coach de Vie','2019-03-04 18:57:07'),(1940,418,195,'www.initiative-coaching.fr','2019-03-04 18:57:07'),(1941,640,195,'48.758818,2.299672','2019-03-04 18:57:08'),(1950,2,196,'Liliane LEGALE','2018-12-25 18:45:14'),(1951,418,196,'http://lilianelegale.cabanova.com','2018-12-25 18:45:14'),(1952,640,196,'44.7557272,-0.736627','2018-12-25 18:45:15'),(1955,3,197,'################','2019-08-15 09:29:59'),(1956,4,197,'################','2019-08-15 09:29:59'),(1957,5,197,'################','2019-08-15 09:29:59'),(1958,6,197,'Afghanistan','2019-08-15 09:29:59'),(1959,421,197,'################','2019-08-15 09:30:00'),(1960,414,197,'################','2019-08-15 09:30:00'),(1961,415,197,'a:1:{i:0;s:14:\"Lympho Energie\";}','2019-08-15 09:30:00'),(1962,2,197,'################','2019-08-15 09:30:00'),(1963,418,197,'################','2019-08-15 09:30:00'),(1964,418,193,'www.ocoeur-des-mains.com','2020-05-28 08:56:46'),(1965,1,198,'inliremat','2019-09-30 20:28:03'),(1966,3,198,'inliremat','2019-09-30 20:28:03'),(1967,4,198,'inliremat','2019-09-30 20:28:03'),(1968,5,198,'inliremat','2019-09-30 20:28:03'),(1969,6,198,'Albania','2019-09-30 20:28:03'),(1970,421,198,'inliremat','2019-09-30 20:28:03'),(1971,414,198,'inliremat','2019-09-30 20:28:03'),(1972,415,198,'a:0:{}','2019-09-30 20:28:03'),(1973,2,198,'inliremat','2019-09-30 20:28:03'),(1974,418,198,'inliremat','2019-09-30 20:28:03'),(1975,1,199,'spiritualmanacl','2019-12-05 12:51:35'),(1976,1,200,'Christelle Fonkenel','2020-06-10 16:29:29'),(1977,3,200,'3a rue Vireau de Sombreuil','2020-06-10 16:29:29'),(1978,4,200,'68190','2020-06-10 16:29:29'),(1979,5,200,'Ensisheim','2020-06-10 16:29:29'),(1980,6,200,'France','2020-06-10 16:29:29'),(1981,421,200,'Haut Rhin','2020-06-10 16:29:29'),(1982,414,200,'06.03.37.30.79','2020-06-10 16:29:29'),(1983,415,200,'a:1:{i:0;s:14:\"Lympho Energie\";}','2020-06-10 16:29:29'),(1984,2,200,'reflexacu','2020-06-10 16:29:29'),(1985,418,200,'www.reflexacu.com','2020-06-10 16:29:29'),(1986,640,200,'47.869754,7.3555455','2020-06-10 16:29:30'),(1987,1,201,'admin12D','2021-07-15 04:09:21'),(1988,1,202,'admin12D1','2021-07-15 04:30:58'),(1989,1,203,'Dominique MOLLAT','2021-09-03 09:48:23'),(1990,3,203,'60 CHEMIN DE LA CROIX DE VALENCE','2021-09-03 09:48:23'),(1991,4,203,'30390','2021-09-03 09:48:23'),(1992,5,203,'Estézargues','2021-09-03 09:48:23'),(1993,6,203,'France','2021-09-03 09:48:23'),(1994,421,203,'Gard','2021-09-03 09:48:23'),(1995,414,203,'0650966740','2021-09-03 09:48:23'),(1996,415,203,'a:1:{i:0;s:14:\"Lympho Energie\";}','2021-09-03 09:48:23'),(1997,2,203,'Shamizen','2021-09-03 09:48:23'),(1998,418,203,'www.shamizen.fr','2021-09-03 09:48:23');

--
-- Table structure for table `wp_bp_xprofile_fields`
--

CREATE TABLE `wp_bp_xprofile_fields` (
  `id` bigint(20) unsigned NOT NULL AUTO_INCREMENT,
  `group_id` bigint(20) unsigned NOT NULL,
  `parent_id` bigint(20) unsigned NOT NULL,
  `type` varchar(150) NOT NULL,
  `name` varchar(150) NOT NULL,
  `description` longtext NOT NULL,
  `is_required` tinyint(1) NOT NULL DEFAULT '0',
  `is_default_option` tinyint(1) NOT NULL DEFAULT '0',
  `field_order` bigint(20) NOT NULL DEFAULT '0',
  `option_order` bigint(20) NOT NULL DEFAULT '0',
  `order_by` varchar(15) NOT NULL DEFAULT '',
  `can_delete` tinyint(1) NOT NULL DEFAULT '1',
  PRIMARY KEY (`id`),
  KEY `group_id` (`group_id`),
  KEY `parent_id` (`parent_id`),
  KEY `field_order` (`field_order`),
  KEY `can_delete` (`can_delete`),
  KEY `is_required` (`is_required`)
) ENGINE=MyISAM AUTO_INCREMENT=641 DEFAULT CHARSET=utf8;

--
-- Dumping data for table `wp_bp_xprofile_fields`
--

INSERT INTO `wp_bp_xprofile_fields` VALUES (1,1,0,'textbox','Prenom Nom','',1,0,0,0,'',0),(2,1,0,'textbox','Nom du centre','',0,0,8,0,'',1),(3,1,0,'textbox','Adresse','',1,0,1,0,'',1),(4,1,0,'textbox','Indicatif postal','',1,0,2,0,'',1),(5,1,0,'textbox','Ville','',1,0,3,0,'',1),(6,1,0,'selectbox','Pays','',1,0,4,0,'asc',1),(601,1,6,'option','Solomon Islands','',0,0,0,178,'',1),(600,1,6,'option','Slovenia','',0,0,0,177,'',1),(599,1,6,'option','Slovakia','',0,0,0,176,'',1),(598,1,6,'option','Singapore','',0,0,0,175,'',1),(597,1,6,'option','Seychelles','',0,0,0,174,'',1),(596,1,6,'option','Serbia-Montenegro','',0,0,0,173,'',1),(595,1,6,'option','Senegal','',0,0,0,172,'',1),(593,1,6,'option','Rwanda','',0,0,0,170,'',1),(594,1,6,'option','Saudi Arabia','',0,0,0,171,'',1),(592,1,6,'option','Russia','',0,0,0,169,'',1),(591,1,6,'option','Romania','',0,0,0,168,'',1),(590,1,6,'option','Reunion','',0,0,0,167,'',1),(589,1,6,'option','Qatar','',0,0,0,166,'',1),(588,1,6,'option','Puerto Rico','',0,0,0,165,'',1),(585,1,6,'option','Pitcairn','',0,0,0,162,'',1),(586,1,6,'option','Poland','',0,0,0,163,'',1),(587,1,6,'option','Portugal','',0,0,0,164,'',1),(584,1,6,'option','Philippines','',0,0,0,161,'',1),(583,1,6,'option','Peru','',0,0,0,160,'',1),(580,1,6,'option','Palestinian','',0,0,0,157,'',1),(581,1,6,'option','Panama','',0,0,0,158,'',1),(582,1,6,'option','Paraguay','',0,0,0,159,'',1),(579,1,6,'option','Palau','',0,0,0,156,'',1),(576,1,6,'option','Norway','',0,0,0,153,'',1),(577,1,6,'option','Oman','',0,0,0,154,'',1),(578,1,6,'option','Pakistan','',0,0,0,155,'',1),(575,1,6,'option','Nigeria','',0,0,0,152,'',1),(574,1,6,'option','Nicaragua','',0,0,0,151,'',1),(572,1,6,'option','New Caledonia','',0,0,0,149,'',1),(573,1,6,'option','New Zealand','',0,0,0,150,'',1),(571,1,6,'option','Netherlands Antilles','',0,0,0,148,'',1),(569,1,6,'option','Nepal','',0,0,0,146,'',1),(570,1,6,'option','Netherlands','',0,0,0,147,'',1),(567,1,6,'option','Namibia','',0,0,0,144,'',1),(568,1,6,'option','Nauru','',0,0,0,145,'',1),(565,1,6,'option','Morocco','',0,0,0,142,'',1),(566,1,6,'option','Mozambique','',0,0,0,143,'',1),(564,1,6,'option','Montserrat','',0,0,0,141,'',1),(563,1,6,'option','Mongolia','',0,0,0,140,'',1),(562,1,6,'option','Monaco','',0,0,0,139,'',1),(561,1,6,'option','Mexico','',0,0,0,138,'',1),(559,1,6,'option','Mauritius','',0,0,0,136,'',1),(560,1,6,'option','Mayotte','',0,0,0,137,'',1),(558,1,6,'option','Mauritania','',0,0,0,135,'',1),(557,1,6,'option','Martinique','',0,0,0,134,'',1),(555,1,6,'option','Malta','',0,0,0,132,'',1),(556,1,6,'option','Marshall Islands','',0,0,0,133,'',1),(554,1,6,'option','Mali','',0,0,0,131,'',1),(551,1,6,'option','Malawi','',0,0,0,128,'',1),(552,1,6,'option','Malaysia','',0,0,0,129,'',1),(553,1,6,'option','Maldives','',0,0,0,130,'',1),(549,1,6,'option','Madagascar','',0,0,0,126,'',1),(550,1,6,'option','Madeira Islands','',0,0,0,127,'',1),(546,1,6,'option','Luxembourg','',0,0,0,123,'',1),(547,1,6,'option','Macao','',0,0,0,124,'',1),(548,1,6,'option','Macedonia','',0,0,0,125,'',1),(545,1,6,'option','Lithuania','',0,0,0,122,'',1),(544,1,6,'option','Liechtenstein','',0,0,0,121,'',1),(542,1,6,'option','Liberia','',0,0,0,119,'',1),(543,1,6,'option','Libya','',0,0,0,120,'',1),(541,1,6,'option','Lesotho','',0,0,0,118,'',1),(539,1,6,'option','Latvia','',0,0,0,116,'',1),(540,1,6,'option','Lebanon','',0,0,0,117,'',1),(538,1,6,'option','Laos','',0,0,0,115,'',1),(537,1,6,'option','Kyrgyzstan','',0,0,0,114,'',1),(536,1,6,'option','Kuwait','',0,0,0,113,'',1),(535,1,6,'option','South Korea','',0,0,0,112,'',1),(534,1,6,'option','Kiribati','',0,0,0,111,'',1),(533,1,6,'option','Kenya','',0,0,0,110,'',1),(532,1,6,'option','Kazakhstan','',0,0,0,109,'',1),(530,1,6,'option','Japan','',0,0,0,107,'',1),(531,1,6,'option','Jordan','',0,0,0,108,'',1),(529,1,6,'option','Jamaica','',0,0,0,106,'',1),(528,1,6,'option','Italy','',0,0,0,105,'',1),(526,1,6,'option','Ireland','',0,0,0,103,'',1),(527,1,6,'option','Israel','',0,0,0,104,'',1),(525,1,6,'option','Iraq','',0,0,0,102,'',1),(524,1,6,'option','Iran','',0,0,0,101,'',1),(522,1,6,'option','India','',0,0,0,99,'',1),(523,1,6,'option','Indonesia','',0,0,0,100,'',1),(521,1,6,'option','Iceland','',0,0,0,98,'',1),(519,1,6,'option','Honduras','',0,0,0,96,'',1),(520,1,6,'option','Hungary','',0,0,0,97,'',1),(517,1,6,'option','Guyana','',0,0,0,94,'',1),(518,1,6,'option','Haiti','',0,0,0,95,'',1),(516,1,6,'option','Guinea-Bissau','',0,0,0,93,'',1),(515,1,6,'option','Guinea','',0,0,0,92,'',1),(514,1,6,'option','Guatemala','',0,0,0,91,'',1),(513,1,6,'option','Guam','',0,0,0,90,'',1),(512,1,6,'option','Guadeloupe','',0,0,0,89,'',1),(510,1,6,'option','Greenland','',0,0,0,87,'',1),(511,1,6,'option','Grenada','',0,0,0,88,'',1),(508,1,6,'option','Gibraltar','',0,0,0,85,'',1),(509,1,6,'option','Greece','',0,0,0,86,'',1),(507,1,6,'option','Ghana','',0,0,0,84,'',1),(506,1,6,'option','Germany','',0,0,0,83,'',1),(505,1,6,'option','Georgia','',0,0,0,82,'',1),(504,1,6,'option','Gambia','',0,0,0,81,'',1),(503,1,6,'option','Gabon','',0,0,0,80,'',1),(502,1,6,'option','French Southern Territories','',0,0,0,79,'',1),(501,1,6,'option','French Polynesia','',0,0,0,78,'',1),(500,1,6,'option','French Guiana','',0,0,0,77,'',1),(499,1,6,'option','France','',0,1,0,76,'',1),(498,1,6,'option','Finland','',0,0,0,75,'',1),(497,1,6,'option','Fiji','',0,0,0,74,'',1),(496,1,6,'option','Faroe Islands','',0,0,0,73,'',1),(495,1,6,'option','Falkland Islands (Malvinas)','',0,0,0,72,'',1),(494,1,6,'option','Ethiopia','',0,0,0,71,'',1),(493,1,6,'option','Estonia','',0,0,0,70,'',1),(492,1,6,'option','Eritrea','',0,0,0,69,'',1),(491,1,6,'option','Equatorial Guinea','',0,0,0,68,'',1),(490,1,6,'option','El Salvador','',0,0,0,67,'',1),(489,1,6,'option','Egypt','',0,0,0,66,'',1),(488,1,6,'option','Ecuador','',0,0,0,65,'',1),(487,1,6,'option','East Timor','',0,0,0,64,'',1),(486,1,6,'option','Dominican Republic','',0,0,0,63,'',1),(485,1,6,'option','Dominica','',0,0,0,62,'',1),(484,1,6,'option','Djibouti','',0,0,0,61,'',1),(483,1,6,'option','Denmark','',0,0,0,60,'',1),(482,1,6,'option','Czech Republic','',0,0,0,59,'',1),(481,1,6,'option','Cyprus','',0,0,0,58,'',1),(480,1,6,'option','Cuba','',0,0,0,57,'',1),(479,1,6,'option','Croatia','',0,0,0,56,'',1),(478,1,6,'option','Cote d` Ivoire','',0,0,0,55,'',1),(477,1,6,'option','Costa Rica','',0,0,0,54,'',1),(476,1,6,'option','Corsica','',0,0,0,53,'',1),(475,1,6,'option','Cook Islands','',0,0,0,52,'',1),(474,1,6,'option','Congo','',0,0,0,51,'',1),(473,1,6,'option','Comoros','',0,0,0,50,'',1),(472,1,6,'option','Colombia','',0,0,0,49,'',1),(471,1,6,'option','Cocos (Keeling) Islands','',0,0,0,48,'',1),(470,1,6,'option','Christmas Island','',0,0,0,47,'',1),(469,1,6,'option','China','',0,0,0,46,'',1),(468,1,6,'option','Chile','',0,0,0,45,'',1),(467,1,6,'option','Chad','',0,0,0,44,'',1),(466,1,6,'option','Central African Republic','',0,0,0,43,'',1),(465,1,6,'option','Cayman Islands','',0,0,0,42,'',1),(464,1,6,'option','Cape Verde','',0,0,0,41,'',1),(463,1,6,'option','Canada','',0,0,0,40,'',1),(462,1,6,'option','Cameroon','',0,0,0,39,'',1),(461,1,6,'option','Cambodia','',0,0,0,38,'',1),(460,1,6,'option','Burundi','',0,0,0,37,'',1),(459,1,6,'option','Burkina Faso','',0,0,0,36,'',1),(458,1,6,'option','Bulgaria','',0,0,0,35,'',1),(457,1,6,'option','Brunei Darussalam','',0,0,0,34,'',1),(456,1,6,'option','British Virgin Islands','',0,0,0,33,'',1),(455,1,6,'option','British Indian Ocean Territory','',0,0,0,32,'',1),(454,1,6,'option','Brazil','',0,0,0,31,'',1),(453,1,6,'option','Bouvet Island','',0,0,0,30,'',1),(452,1,6,'option','Botswana','',0,0,0,29,'',1),(451,1,6,'option','Bosnia And Herzegowina','',0,0,0,28,'',1),(450,1,6,'option','Bolivia','',0,0,0,27,'',1),(449,1,6,'option','Bhutan','',0,0,0,26,'',1),(448,1,6,'option','Bermuda','',0,0,0,25,'',1),(447,1,6,'option','Benin','',0,0,0,24,'',1),(446,1,6,'option','Belize','',0,0,0,23,'',1),(445,1,6,'option','Belgium','',0,0,0,22,'',1),(444,1,6,'option','Belarus','',0,0,0,21,'',1),(443,1,6,'option','Barbados','',0,0,0,20,'',1),(442,1,6,'option','Bangladesh','',0,0,0,19,'',1),(441,1,6,'option','Bahrain','',0,0,0,18,'',1),(440,1,6,'option','Bahamas','',0,0,0,17,'',1),(439,1,6,'option','Azores','',0,0,0,16,'',1),(438,1,6,'option','Azerbaijan','',0,0,0,15,'',1),(437,1,6,'option','Austria','',0,0,0,14,'',1),(436,1,6,'option','Australia','',0,0,0,13,'',1),(435,1,6,'option','Aruba','',0,0,0,12,'',1),(434,1,6,'option','Armenia','',0,0,0,11,'',1),(433,1,6,'option','Argentina','',0,0,0,10,'',1),(432,1,6,'option','Antigua and Barbuda','',0,0,0,9,'',1),(431,1,6,'option','Antarctica','',0,0,0,8,'',1),(430,1,6,'option','Anguilla','',0,0,0,7,'',1),(429,1,6,'option','Angola','',0,0,0,6,'',1),(428,1,6,'option','Andorra','',0,0,0,5,'',1),(427,1,6,'option','American Samoa','',0,0,0,4,'',1),(426,1,6,'option','Algeria','',0,0,0,3,'',1),(425,1,6,'option','Albania','',0,0,0,2,'',1),(424,1,6,'option','Afghanistan','',0,0,0,1,'',1),(414,1,0,'textbox','Téléphonne','',0,0,6,0,'',1),(415,1,0,'checkbox','Méthodes','',1,0,7,0,'custom',1),(636,1,415,'option','Lympho Energie','',0,0,0,1,'',1),(637,1,415,'option','douceur du monde','',0,0,0,2,'',1),(418,1,0,'textbox','Site internet','',0,0,9,0,'',1),(421,1,0,'textbox','État / Région / Canton','',0,0,5,0,'',1),(602,1,6,'option','Somalia','',0,0,0,179,'',1),(603,1,6,'option','South Africa','',0,0,0,180,'',1),(604,1,6,'option','Spain','',0,0,0,181,'',1),(605,1,6,'option','Sri Lanka','',0,0,0,182,'',1),(606,1,6,'option','Sudan','',0,0,0,183,'',1),(607,1,6,'option','Suriname','',0,0,0,184,'',1),(608,1,6,'option','Swaziland','',0,0,0,185,'',1),(609,1,6,'option','Sweden','',0,0,0,186,'',1),(610,1,6,'option','Switzerland','',0,0,0,187,'',1),(611,1,6,'option','Taiwan','',0,0,0,188,'',1),(612,1,6,'option','Tajikistan','',0,0,0,189,'',1),(613,1,6,'option','Tanzania','',0,0,0,190,'',1),(614,1,6,'option','Thailand','',0,0,0,191,'',1),(615,1,6,'option','Togo','',0,0,0,192,'',1),(616,1,6,'option','Tokelau','',0,0,0,193,'',1),(617,1,6,'option','Tonga','',0,0,0,194,'',1),(618,1,6,'option','Tunisia','',0,0,0,195,'',1),(619,1,6,'option','Turkey','',0,0,0,196,'',1),(620,1,6,'option','Turkmenistan','',0,0,0,197,'',1),(621,1,6,'option','Tuvalu','',0,0,0,198,'',1),(622,1,6,'option','Uganda','',0,0,0,199,'',1),(623,1,6,'option','Ukraine','',0,0,0,200,'',1),(624,1,6,'option','Great Britain','',0,0,0,201,'',1),(625,1,6,'option','United States','',0,0,0,202,'',1),(626,1,6,'option','Uruguay','',0,0,0,203,'',1),(627,1,6,'option','Uzbekistan','',0,0,0,204,'',1),(628,1,6,'option','Vanuatu','',0,0,0,205,'',1),(629,1,6,'option','Venezuela','',0,0,0,206,'',1),(630,1,6,'option','Vietnam','',0,0,0,207,'',1),(631,1,6,'option','Yemen','',0,0,0,208,'',1),(632,1,6,'option','Yugoslavia','',0,0,0,209,'',1),(633,1,6,'option','Zaire','',0,0,0,210,'',1),(634,1,6,'option','Zambia','',0,0,0,211,'',1),(635,1,6,'option','Zimbabwe','',0,0,0,212,'',1),(640,2,0,'textbox','Latitude and Longitude','',0,0,1,0,'',1);

--
-- Table structure for table `wp_bp_xprofile_groups`
--

CREATE TABLE `wp_bp_xprofile_groups` (
  `id` bigint(20) unsigned NOT NULL AUTO_INCREMENT,
  `name` varchar(150) NOT NULL,
  `description` mediumtext NOT NULL,
  `group_order` bigint(20) NOT NULL DEFAULT '0',
  `can_delete` tinyint(1) NOT NULL,
  PRIMARY KEY (`id`),
  KEY `can_delete` (`can_delete`)
) ENGINE=MyISAM AUTO_INCREMENT=3 DEFAULT CHARSET=utf8;

--
-- Dumping data for table `wp_bp_xprofile_groups`
--

INSERT INTO `wp_bp_xprofile_groups` VALUES (1,'Donées personnelles','',0,0),(2,'Maps','',0,1);

--
-- Table structure for table `wp_bp_xprofile_meta`
--

CREATE TABLE `wp_bp_xprofile_meta` (
  `id` bigint(20) NOT NULL AUTO_INCREMENT,
  `object_id` bigint(20) NOT NULL,
  `object_type` varchar(150) NOT NULL,
  `meta_key` varchar(255) DEFAULT NULL,
  `meta_value` longtext,
  PRIMARY KEY (`id`),
  KEY `object_id` (`object_id`),
  KEY `meta_key` (`meta_key`(191))
) ENGINE=MyISAM AUTO_INCREMENT=250 DEFAULT CHARSET=utf8;

--
-- Dumping data for table `wp_bp_xprofile_meta`
--

INSERT INTO `wp_bp_xprofile_meta` VALUES (1,2,'field','default_visibility','public'),(2,2,'field','allow_custom_visibility','disabled'),(3,3,'field','default_visibility','public'),(4,3,'field','allow_custom_visibility','disabled'),(5,4,'field','default_visibility','public'),(6,4,'field','allow_custom_visibility','disabled'),(7,5,'field','default_visibility','public'),(8,5,'field','allow_custom_visibility','disabled'),(9,6,'field','default_visibility','public'),(10,6,'field','allow_custom_visibility','disabled'),(11,414,'field','default_visibility','public'),(12,414,'field','allow_custom_visibility','disabled'),(13,415,'field','default_visibility','public'),(14,415,'field','allow_custom_visibility','disabled'),(15,418,'field','default_visibility','public'),(16,418,'field','allow_custom_visibility','disabled'),(17,421,'field','default_visibility','public'),(18,421,'field','allow_custom_visibility','disabled'),(19,638,'field','default_visibility','public'),(20,638,'field','allow_custom_visibility','disabled'),(21,639,'field','default_visibility','public'),(22,639,'field','allow_custom_visibility','disabled'),(23,640,'field','default_visibility','adminsonly'),(24,640,'field','allow_custom_visibility','disabled'),(25,1,'field','allow_custom_visibility','disabled'),(26,1,'field','signup_position','1'),(27,601,'field','signup_position','2'),(28,600,'field','signup_position','3'),(29,599,'field','signup_position','4'),(30,598,'field','signup_position','5'),(31,597,'field','signup_position','6'),(32,596,'field','signup_position','7'),(33,595,'field','signup_position','8'),(34,593,'field','signup_position','9'),(35,594,'field','signup_position','10'),(36,592,'field','signup_position','11'),(37,591,'field','signup_position','12'),(38,590,'field','signup_position','13'),(39,589,'field','signup_position','14'),(40,588,'field','signup_position','15'),(41,585,'field','signup_position','16'),(42,586,'field','signup_position','17'),(43,587,'field','signup_position','18'),(44,584,'field','signup_position','19'),(45,583,'field','signup_position','20'),(46,580,'field','signup_position','21'),(47,581,'field','signup_position','22'),(48,582,'field','signup_position','23'),(49,579,'field','signup_position','24'),(50,576,'field','signup_position','25'),(51,577,'field','signup_position','26'),(52,578,'field','signup_position','27'),(53,575,'field','signup_position','28'),(54,574,'field','signup_position','29'),(55,572,'field','signup_position','30'),(56,573,'field','signup_position','31'),(57,571,'field','signup_position','32'),(58,569,'field','signup_position','33'),(59,570,'field','signup_position','34'),(60,567,'field','signup_position','35'),(61,568,'field','signup_position','36'),(62,565,'field','signup_position','37'),(63,566,'field','signup_position','38'),(64,564,'field','signup_position','39'),(65,563,'field','signup_position','40'),(66,562,'field','signup_position','41'),(67,561,'field','signup_position','42'),(68,559,'field','signup_position','43'),(69,560,'field','signup_position','44'),(70,558,'field','signup_position','45'),(71,557,'field','signup_position','46'),(72,555,'field','signup_position','47'),(73,556,'field','signup_position','48'),(74,554,'field','signup_position','49'),(75,551,'field','signup_position','50'),(76,552,'field','signup_position','51'),(77,553,'field','signup_position','52'),(78,549,'field','signup_position','53'),(79,550,'field','signup_position','54'),(80,546,'field','signup_position','55'),(81,547,'field','signup_position','56'),(82,548,'field','signup_position','57'),(83,545,'field','signup_position','58'),(84,544,'field','signup_position','59'),(85,542,'field','signup_position','60'),(86,543,'field','signup_position','61'),(87,541,'field','signup_position','62'),(88,539,'field','signup_position','63'),(89,540,'field','signup_position','64'),(90,538,'field','signup_position','65'),(91,537,'field','signup_position','66'),(92,536,'field','signup_position','67'),(93,535,'field','signup_position','68'),(94,534,'field','signup_position','69'),(95,533,'field','signup_position','70'),(96,532,'field','signup_position','71'),(97,530,'field','signup_position','72'),(98,531,'field','signup_position','73'),(99,529,'field','signup_position','74'),(100,528,'field','signup_position','75'),(101,526,'field','signup_position','76'),(102,527,'field','signup_position','77'),(103,525,'field','signup_position','78'),(104,524,'field','signup_position','79'),(105,522,'field','signup_position','80'),(106,523,'field','signup_position','81'),(107,521,'field','signup_position','82'),(108,519,'field','signup_position','83'),(109,520,'field','signup_position','84'),(110,517,'field','signup_position','85'),(111,518,'field','signup_position','86'),(112,516,'field','signup_position','87'),(113,515,'field','signup_position','88'),(114,514,'field','signup_position','89'),(115,513,'field','signup_position','90'),(116,512,'field','signup_position','91'),(117,510,'field','signup_position','92'),(118,511,'field','signup_position','93'),(119,508,'field','signup_position','94'),(120,509,'field','signup_position','95'),(121,507,'field','signup_position','96'),(122,506,'field','signup_position','97'),(123,505,'field','signup_position','98'),(124,504,'field','signup_position','99'),(125,503,'field','signup_position','100'),(126,502,'field','signup_position','101'),(127,501,'field','signup_position','102'),(128,500,'field','signup_position','103'),(129,499,'field','signup_position','104'),(130,498,'field','signup_position','105'),(131,497,'field','signup_position','106'),(132,496,'field','signup_position','107'),(133,495,'field','signup_position','108'),(134,494,'field','signup_position','109'),(135,493,'field','signup_position','110'),(136,492,'field','signup_position','111'),(137,491,'field','signup_position','112'),(138,490,'field','signup_position','113'),(139,489,'field','signup_position','114'),(140,488,'field','signup_position','115'),(141,487,'field','signup_position','116'),(142,486,'field','signup_position','117'),(143,485,'field','signup_position','118'),(144,484,'field','signup_position','119'),(145,483,'field','signup_position','120'),(146,482,'field','signup_position','121'),(147,481,'field','signup_position','122'),(148,480,'field','signup_position','123'),(149,479,'field','signup_position','124'),(150,478,'field','signup_position','125'),(151,477,'field','signup_position','126'),(152,476,'field','signup_position','127'),(153,475,'field','signup_position','128'),(154,474,'field','signup_position','129'),(155,473,'field','signup_position','130'),(156,472,'field','signup_position','131'),(157,471,'field','signup_position','132'),(158,470,'field','signup_position','133'),(159,469,'field','signup_position','134'),(160,468,'field','signup_position','135'),(161,467,'field','signup_position','136'),(162,466,'field','signup_position','137'),(163,465,'field','signup_position','138'),(164,464,'field','signup_position','139'),(165,463,'field','signup_position','140'),(166,462,'field','signup_position','141'),(167,461,'field','signup_position','142'),(168,460,'field','signup_position','143'),(169,459,'field','signup_position','144'),(170,458,'field','signup_position','145'),(171,457,'field','signup_position','146'),(172,456,'field','signup_position','147'),(173,455,'field','signup_position','148'),(174,454,'field','signup_position','149'),(175,453,'field','signup_position','150'),(176,452,'field','signup_position','151'),(177,451,'field','signup_position','152'),(178,450,'field','signup_position','153'),(179,449,'field','signup_position','154'),(180,448,'field','signup_position','155'),(181,447,'field','signup_position','156'),(182,446,'field','signup_position','157'),(183,445,'field','signup_position','158'),(184,444,'field','signup_position','159'),(185,443,'field','signup_position','160'),(186,442,'field','signup_position','161'),(187,441,'field','signup_position','162'),(188,440,'field','signup_position','163'),(189,439,'field','signup_position','164'),(190,438,'field','signup_position','165'),(191,437,'field','signup_position','166'),(192,436,'field','signup_position','167'),(193,435,'field','signup_position','168'),(194,434,'field','signup_position','169'),(195,433,'field','signup_position','170'),(196,432,'field','signup_position','171'),(197,431,'field','signup_position','172'),(198,430,'field','signup_position','173'),(199,429,'field','signup_position','174'),(200,428,'field','signup_position','175'),(201,427,'field','signup_position','176'),(202,426,'field','signup_position','177'),(203,425,'field','signup_position','178'),(204,424,'field','signup_position','179'),(205,636,'field','signup_position','180'),(206,637,'field','signup_position','181'),(207,602,'field','signup_position','182'),(208,603,'field','signup_position','183'),(209,604,'field','signup_position','184'),(210,605,'field','signup_position','185'),(211,606,'field','signup_position','186'),(212,607,'field','signup_position','187'),(213,608,'field','signup_position','188'),(214,609,'field','signup_position','189'),(215,610,'field','signup_position','190'),(216,611,'field','signup_position','191'),(217,612,'field','signup_position','192'),(218,613,'field','signup_position','193'),(219,614,'field','signup_position','194'),(220,615,'field','signup_position','195'),(221,616,'field','signup_position','196'),(222,617,'field','signup_position','197'),(223,618,'field','signup_position','198'),(224,619,'field','signup_position','199'),(225,620,'field','signup_position','200'),(226,621,'field','signup_position','201'),(227,622,'field','signup_position','202'),(228,623,'field','signup_position','203'),(229,624,'field','signup_position','204'),(230,625,'field','signup_position','205'),(231,626,'field','signup_position','206'),(232,627,'field','signup_position','207'),(233,628,'field','signup_position','208'),(234,629,'field','signup_position','209'),(235,630,'field','signup_position','210'),(236,631,'field','signup_position','211'),(237,632,'field','signup_position','212'),(238,633,'field','signup_position','213'),(239,634,'field','signup_position','214'),(240,635,'field','signup_position','215'),(241,3,'field','signup_position','216'),(242,4,'field','signup_position','217'),(243,5,'field','signup_position','218'),(244,6,'field','signup_position','219'),(245,421,'field','signup_position','220'),(246,414,'field','signup_position','221'),(247,415,'field','signup_position','222'),(248,2,'field','signup_position','223'),(249,418,'field','signup_position','224');

--
-- Table structure for table `wp_commentmeta`
--

CREATE TABLE `wp_commentmeta` (
  `meta_id` bigint(20) unsigned NOT NULL AUTO_INCREMENT,
  `comment_id` bigint(20) unsigned NOT NULL DEFAULT '0',
  `meta_key` varchar(255) DEFAULT NULL,
  `meta_value` longtext,
  PRIMARY KEY (`meta_id`),
  KEY `comment_id` (`comment_id`),
  KEY `meta_key` (`meta_key`(191))
) ENGINE=InnoDB AUTO_INCREMENT=11 DEFAULT CHARSET=utf8;

--
-- Dumping data for table `wp_commentmeta`
--

INSERT INTO `wp_commentmeta` VALUES (1,38,'_wp_trash_meta_status','0'),(2,37,'_wp_trash_meta_status','0'),(3,36,'_wp_trash_meta_status','0'),(4,35,'_wp_trash_meta_status','0'),(5,34,'_wp_trash_meta_status','0'),(6,41,'_wp_trash_meta_status','0'),(7,40,'_wp_trash_meta_status','0'),(8,39,'_wp_trash_meta_status','0'),(9,33,'_wp_trash_meta_status','0'),(10,32,'_wp_trash_meta_status','0');

--
-- Table structure for table `wp_comments`
--

CREATE TABLE `wp_comments` (
  `comment_ID` bigint(20) unsigned NOT NULL AUTO_INCREMENT,
  `comment_post_ID` bigint(20) unsigned NOT NULL DEFAULT '0',
  `comment_author` tinytext NOT NULL,
  `comment_author_email` varchar(100) NOT NULL DEFAULT '',
  `comment_author_url` varchar(200) NOT NULL DEFAULT '',
  `comment_author_IP` varchar(100) NOT NULL DEFAULT '',
  `comment_date` datetime NOT NULL DEFAULT '0000-00-00 00:00:00',
  `comment_date_gmt` datetime NOT NULL DEFAULT '0000-00-00 00:00:00',
  `comment_content` text NOT NULL,
  `comment_karma` int(11) NOT NULL DEFAULT '0',
  `comment_approved` varchar(20) NOT NULL DEFAULT '1',
  `comment_agent` varchar(255) NOT NULL DEFAULT '',
  `comment_type` varchar(20) NOT NULL DEFAULT 'comment',
  `comment_parent` bigint(20) unsigned NOT NULL DEFAULT '0',
  `user_id` bigint(20) unsigned NOT NULL DEFAULT '0',
  PRIMARY KEY (`comment_ID`),
  KEY `comment_post_ID` (`comment_post_ID`),
  KEY `comment_approved_date_gmt` (`comment_approved`,`comment_date_gmt`),
  KEY `comment_date_gmt` (`comment_date_gmt`),
  KEY `comment_parent` (`comment_parent`),
  KEY `comment_author_email` (`comment_author_email`(10))
) ENGINE=InnoDB AUTO_INCREMENT=265 DEFAULT CHARSET=utf8;

--
-- Dumping data for table `wp_comments`
--

INSERT INTO `wp_comments` VALUES (1,86,'led skolisser til alle sko. kun 99','','http://www.ciftesansbet.com/swanvalley/led-skolisser-til-alle-sko.-kun-99','27.153.202.150','2019-10-24 13:16:55','2019-10-24 12:16:55','<strong>led skolisser til alle sko. kun 99</strong>\n\nstylowe i komfortowe obuwie m臋skiekombinezon damski do spania italian pi偶ama m 24h ceny i opinieszlafrok damski azur bawe艂na carr茅 blanc polskabe偶owo z艂ote sanda艂y szyd艂owski buty mila',0,'0','Mozilla/5.0 (Windows NT 6.1; Trident/7.0; rv:11.0) like Gecko','trackback',0,0),(2,86,'authentic swarovski remix collection timeless bracelet with blue crystals','','http://www.satyakamnews.com/edenburg/authentic-swarovski-remix-collection-timeless-bracelet-with-blue-crystals','117.26.77.167','2019-10-28 18:56:06','2019-10-28 17:56:06','<strong>authentic swarovski remix collection timeless bracelet with blue crystals</strong>\n\nvintage puka shell necklace choker hawaiian large surfer mens womens jewelry 22fashion 925 sterling silver crystal star and moon shape necklace for womenear cuff online fashion shop onlineorion knotaclat bracelet',0,'0','Mozilla/5.0 (Windows NT 6.1; Trident/7.0; rv:11.0) like Gecko','trackback',0,0),(3,86,'canada goose 3426m r','','http://www.skypebic.com/tinton/canada-goose-3426m-r','27.153.185.217','2019-10-30 23:18:33','2019-10-30 22:18:33','<strong>canada goose 3426m r</strong>\n\nvan cleef arpels south sea pearl diamond cocktail ringadorable lakshmi pendantswarovski christie ring set jewelryhandmade dainty gold filled necklace with silver beads',0,'0','Mozilla/5.0 (Windows NT 6.1; Trident/7.0; rv:11.0) like Gecko','trackback',0,0),(4,86,'orsay 偶akiet marynarka kwiaty 36 s nowa kolekcja','','http://www.detrasdelarco.com/risco/orsay-%c5%bcakiet-marynarka-kwiaty-36-s-nowa-kolekcja','27.159.247.6','2019-11-30 00:46:44','2019-11-29 23:46:44','<strong>orsay 偶akiet marynarka kwiaty 36 s nowa kolekcja</strong>\n\nladies black shirts and blouseslessence eau de parfumbalenciaga sold on ebay 2005 metallic pink classic city satchelst. louis blues adidas womens zippered bomber jacket black',0,'0','Mozilla/5.0 (Windows NT 6.1; Trident/7.0; rv:11.0) like Gecko','trackback',0,0),(5,86,'谞注诇 砖诪讬讬诐 讘讝 注诐 住讜诇讬讛 mi beb茅','','http://www.dunyapaknews.com/neopit/%d7%a0%d7%a2%d7%9c-%d7%a9%d7%9e%d7%99%d7%99%d7%9d-%d7%91%d7%96-%d7%a2%d7%9d-%d7%a1%d7%95%d7%9c%d7%99%d7%94-mi-beb%c3%a9','27.159.246.243','2019-12-03 12:08:46','2019-12-03 11:08:46','<strong>谞注诇 砖诪讬讬诐 讘讝 注诐 住讜诇讬讛 mi beb茅</strong>\n\nvictoria secret bikini sverigebodysuit american flag one piece swimsuit for women womens girl swimsuit avery coutureklapki damskie sk贸ra polskie komfort bia y 39bolsa de futebol personalizada',0,'0','Mozilla/5.0 (Windows NT 6.1; Trident/7.0; rv:11.0) like Gecko','trackback',0,0),(6,86,'lego technic 8286 8856 8299 3 in 1 auto whirlwind','','http://www.comicbooger.com/aristocrat/lego-technic-8286-8856-8299-3-in-1-auto-whirlwind','110.82.168.179','2019-12-04 03:01:49','2019-12-04 02:01:49','<strong>lego technic 8286 8856 8299 3 in 1 auto whirlwind</strong>\n\nlegoshoot at instagram imgrumbatman 3 beyond gotham 360battle droid brickipedia fandom powered by wikiapower disc and playset lego movie by tdgirlsfanforever on',0,'0','Mozilla/5.0 (Windows NT 6.1; Trident/7.0; rv:11.0) like Gecko','trackback',0,0),(7,86,'f枚rm氓n f枚r kvalitet damkl盲der gr氓 bliss dress','','http://www.apvisiontv.com/moquah/f%c3%b6rm%c3%a5n-f%c3%b6r-kvalitet-damkl%c3%a4der-gr%c3%a5-bliss-dress','27.159.246.14','2019-12-09 11:27:01','2019-12-09 10:27:01','<strong>f枚rm氓n f枚r kvalitet damkl盲der gr氓 bliss dress</strong>\n\ndark gr氓 marl nike kofta dam kofta utloppsneakers f枚r damflower skirt outfitadidas tyskland autentisk bortatr枚ja gr枚n herr fotboll',0,'0','Mozilla/5.0 (Windows NT 6.1; Trident/7.0; rv:11.0) like Gecko','trackback',0,0),(8,86,'coque cuir noir louis vuitton ipad air 2 pas cher','','http://www.depechediplomatiqueafrique.com/beeridge/coque-cuir-noir-louis-vuitton-ipad-air-2-pas-cher','27.159.244.60','2019-12-15 19:32:29','2019-12-15 18:32:29','<strong>coque cuir noir louis vuitton ipad air 2 pas cher</strong>\n\nt shirt gucci in jersey di cotone bianco bambino saldigucci bloom nettare di fiori eau de parfum gucci sephoramodelli per copertine neonati guccijeans elasticizzati a vita alta gucci',0,'0','Mozilla/5.0 (Windows NT 6.1; Trident/7.0; rv:11.0) like Gecko','trackback',0,0),(9,86,'solid oxford shirt blusa','','http://www.kenhketnoi.com/locustlake/solid-oxford-shirt-blusa','110.82.169.115','2019-12-18 22:47:20','2019-12-18 21:47:20','<strong>solid oxford shirt blusa</strong>\n\nnegro camiseta negra con logo en color fl煤or de bershkabobolily c谩rdigan de hombre de los hombres chaqueta largaproenza schouler jersey mujer aplicaci贸n desmontabletraje para ni帽o 4108420031 ropa',0,'0','Mozilla/5.0 (Windows NT 6.1; Trident/7.0; rv:11.0) like Gecko','trackback',0,0),(10,86,'tommy hilfiger reda suede heels black womens 10 m wedge','','http://www.arabaero.com/brewerton/tommy-hilfiger-reda-suede-heels-black-womens-10-m-wedge','27.159.246.120','2019-12-21 13:17:09','2019-12-21 12:17:09','<strong>tommy hilfiger reda suede heels black womens 10 m wedge</strong>\n\njimmy choo sneakers on sale15 exhilarating gucci shoes ideas oxford shoes traveladidas stan smith sneakers white white adidas stan smith leather m20324 men gap disgiuseppe zanotti ladies sneakers',0,'0','Mozilla/5.0 (Windows NT 6.1; Trident/7.0; rv:11.0) like Gecko','trackback',0,0),(11,86,'girls skechers little kid big kid wavy lites slip on sneakers','','http://www.comunidadedeusexiste.com/orient/girls-skechers-little-kid-big-kid-wavy-lites-slip-on-sneakers','27.159.246.120','2019-12-22 09:19:18','2019-12-22 08:19:18','<strong>girls skechers little kid big kid wavy lites slip on sneakers</strong>\n\nhttp://www.survivalhours.com/selmont/womens-designer-sweatshirts-enfants-riches-deprimes-menwomens designer sweatshirts enfants riches deprimes men',0,'0','Mozilla/5.0 (Windows NT 6.1; Trident/7.0; rv:11.0) like Gecko','trackback',0,0),(12,86,'th bold by tommy hilfiger 3.4 oz eau de toilette spray for men','','http://www.sledily.com/gallie/th-bold-by-tommy-hilfiger-3.4-oz-eau-de-toilette-spray-for-men','27.159.246.120','2019-12-24 11:21:30','2019-12-24 10:21:30','<strong>th bold by tommy hilfiger 3.4 oz eau de toilette spray for men</strong>\n\nwomens prada sneakers now up to 50 stylightvan dal salamanca 1516410 navy pewter pumps rogerson shoeslacoste menerva 318 1 cam leather trainers in navy blue brown5 pairs of shoes every girl should own. tory burch boots',0,'0','Mozilla/5.0 (Windows NT 6.1; Trident/7.0; rv:11.0) like Gecko','trackback',0,0),(13,86,'vans authentic trainers infants','','http://www.accuscanutah.com/backus/vans-authentic-trainers-infants','27.159.246.120','2019-12-24 23:46:17','2019-12-24 22:46:17','<strong>vans authentic trainers infants</strong>\n\nsame products titles front puma dancer womens vest saleenzo beta breathe sneaker menspuma tsugi apex evoknit mens green shoes svq1tm shoebest puma suede platform rihanna 2 pink',0,'0','Mozilla/5.0 (Windows NT 6.1; Trident/7.0; rv:11.0) like Gecko','trackback',0,0),(14,86,'tabu t谩rsasj谩t茅k j谩t茅ktenger','','http://www.reporterfoot.com/elverano/tabu-t%c3%a1rsasj%c3%a1t%c3%a9k-j%c3%a1t%c3%a9ktenger','110.82.168.92','2019-12-28 06:10:56','2019-12-28 05:10:56','<strong>tabu t谩rsasj谩t茅k j谩t茅ktenger</strong>\n\nsvarta mjukisbyxor till herrdam parkas vinteremmaljunga nxt90 lounge pure olivia arv茅n 22 氓r och mammacoola barnkl盲der h盲ftiga kl盲der till coola barn och babys',0,'0','Mozilla/5.0 (Windows NT 6.1; Trident/7.0; rv:11.0) like Gecko','trackback',0,0),(15,86,'silikonov谩 podprsenka julimex bs 01','','http://www.mobi-film.ru/rockfordbay/silikonov%c3%a1-podprsenka-julimex-bs-01','110.82.168.92','2019-12-28 07:34:11','2019-12-28 06:34:11','<strong>silikonov谩 podprsenka julimex bs 01</strong>\n\nbunda kozenkova inzer谩ty predaj a inzercia inzercia aru膷n铆 sekera gerber sport axe ii army shopko啪en谩 kabelka shoppermikona prievidza cesta',0,'0','Mozilla/5.0 (Windows NT 6.1; Trident/7.0; rv:11.0) like Gecko','trackback',0,0),(16,86,'d眉z taban spor ayakkab谋 erkek','','http://www.cheapmichaelkorswalletssale.com/lytton_manton/d%c3%bcz-taban-spor-ayakkab%c4%b1-erkek','117.26.240.251','2020-01-01 05:57:01','2020-01-01 04:57:01','<strong>d眉z taban spor ayakkab谋 erkek</strong>\n\n80s prom dress black velvet poofy prom dress with rose nursing friendly wren ivory best summer dresses for short ladies h m lace dress in red lyst stock photo teenage business. young girl in business attire ready for interview summer plus size dress tr&#8230;',0,'0','Mozilla/5.0 (Windows NT 6.1; Trident/7.0; rv:11.0) like Gecko','trackback',0,0),(17,86,'agu seq dames regenjas olijfgroen','','http://www.islammandinka.com/accommodatie/agu-seq-dames-regenjas-olijfgroen','222.77.207.64','2020-01-01 11:11:06','2020-01-01 10:11:06','<strong>agu seq dames regenjas olijfgroen</strong>\n\nprada yellow orange print bag fashion house amman chanel classic double flap medium black caviar shoulder bag tradesy gucci marmont 2019 prada metal card case wallet saffiano pink. saffiano pink chanel vanity purse michael kors michael kors bag plum mi&#8230;',0,'0','Mozilla/5.0 (Windows NT 6.1; Trident/7.0; rv:11.0) like Gecko','trackback',0,0),(18,86,'p谩nska kravata vzorovan谩 tmavomodro hned谩','','http://www.comics-film.ru/youngtown/p%c3%a1nska-kravata-vzorovan%c3%a1-tmavomodro-hned%c3%a1','110.82.170.37','2020-01-02 20:50:30','2020-01-02 19:50:30','<strong>p谩nska kravata vzorovan谩 tmavomodro hned谩</strong>\n\nd谩mske trblietav茅 拧木apky so zirk贸novou aplik谩ciou v striebornej farbekoralov媒 lososov媒 mot媒lik a traky vzorovan媒na predaj elegantn茅 kr谩tke 拧atyoble膷en铆 a m贸da. d谩msk茅 oble膷en铆. d谩msk茅 svetry rol谩ky a',0,'0','Mozilla/5.0 (Windows NT 6.1; Trident/7.0; rv:11.0) like Gecko','trackback',0,0),(19,86,'non slip lace up women sports direct running shoes on sale','','http://www.laksmiandina.com/shrewsbury_corvallis/non-slip-lace-up-women-sports-direct-running-shoes-on-sale','27.153.185.219','2020-01-05 02:43:37','2020-01-05 01:43:37','<strong>non slip lace up women sports direct running shoes on sale</strong>\n\ngray and white mans full sleeve 3xl casual shart blazers black paul smith relaxed fit wool hopsack blazer womens black daniel herran mens black versace trainers dolce gabbana dolce gabbana gym plate tricolor shoulder polo shirt men gray 44 vera wang fa&#8230;',0,'0','Mozilla/5.0 (Windows NT 6.1; Trident/7.0; rv:11.0) like Gecko','trackback',0,0),(20,86,'gucci sandali argento di pelle tacco alto','','http://www.pdf-word-online.com/lindisfarne/gucci-sandali-argento-di-pelle-tacco-alto','110.82.171.10','2020-01-07 17:44:14','2020-01-07 16:44:14','<strong>gucci sandali argento di pelle tacco alto</strong>\n\namazon gucci avorio donna abbigliamentogiacche bomber uomostivali pelle colorati guccigucci jordaan loafer velvet',0,'0','Mozilla/5.0 (Windows NT 6.1; Trident/7.0; rv:11.0) like Gecko','trackback',0,0),(21,86,'lego batman 2 dc super heroes ps3 game','','http://www.fortechblog.com/kempster/lego-batman-2-dc-super-heroes-ps3-game','110.82.171.10','2020-01-08 06:16:20','2020-01-08 05:16:20','<strong>lego batman 2 dc super heroes ps3 game</strong>\n\nadidas felpa hoodie techshopping scarpe di lusso da bambino pom d api plagette dianascarpe da uomo nike scarpe nike per donna new era nosdolomite vendita pullover on line uomo',0,'0','Mozilla/5.0 (Windows NT 6.1; Trident/7.0; rv:11.0) like Gecko','trackback',0,0),(22,86,'69 off 2019 plus size color block sweater coat in gray','','http://www.hypedgospel.com/dotsero_sevenhills/69-off-2019-plus-size-color-block-sweater-coat-in-gray','117.26.242.73','2020-01-09 00:02:59','2020-01-08 23:02:59','<strong>69 off 2019 plus size color block sweater coat in gray</strong>\n\nsimple virgo tattoo design design of tattoosdesign of tattoos back neck tattoos for women online shopping waterproof temporary tattoo stickers totem flower fake tattoo tattoo queen west toronto cowboy kisses tattoos in the old west by fantastic dragons&#8230;',0,'0','Mozilla/5.0 (Windows NT 6.1; Trident/7.0; rv:11.0) like Gecko','trackback',0,0),(23,86,'armor guard skal f枚r samsung galaxy j4 plus 2018 ros茅guld','','http://www.klickfacemedia.com/bussey/armor-guard-skal-f%c3%b6r-samsung-galaxy-j4-plus-2018-ros%c3%a9guld','110.82.169.212','2020-01-09 16:09:26','2020-01-09 15:09:26','<strong>armor guard skal f枚r samsung galaxy j4 plus 2018 ros茅guld</strong>\n\nmens signature stripe pajama bottoms multicolormens black oasis 200 glove linerpaul valentine uhr rose gold best paul valentine watches andps paul smith nature print tailored shirt in 2019 products',0,'0','Mozilla/5.0 (Windows NT 6.1; Trident/7.0; rv:11.0) like Gecko','trackback',0,0),(24,86,'svjetsko prvenstvo u rusiji 2018 raspored i satnica','','http://www.harian24news.com/smaknu膰a/svjetsko-prvenstvo-u-rusiji-2018-raspored-i-satnica','110.89.40.4','2020-01-14 18:41:48','2020-01-14 17:41:48','<strong>svjetsko prvenstvo u rusiji 2018 raspored i satnica</strong>\n\nbasket nike air max 270 homme basket nike air max 270 homme sac cabas shopping courses imprim茅 vintage d茅cor bistrot blanc superstar cf inf nouvelle arriv茅e mules sandales de bain emporio armani ceinture temps des cerises femme pull col roul茅 脿 une man&#8230;',0,'0','Mozilla/5.0 (Windows NT 6.1; Trident/7.0; rv:11.0) like Gecko','trackback',0,0),(25,86,'jordan 11 barons low hotnewhiphop','','http://www.academicsocialresearch.com/alumrock/jordan-11-barons-low-hotnewhiphop','110.82.169.83','2020-01-17 13:40:39','2020-01-17 12:40:39','<strong>jordan 11 barons low hotnewhiphop</strong>\n\nvivienne westwood jelly heart shoesnicks bootsair max 97 hoopjordanshort sew in hairstyles 2016',0,'0','Mozilla/5.0 (Windows NT 6.1; Trident/7.0; rv:11.0) like Gecko','trackback',0,0),(26,86,'scarpe spiaggia uomo','','http://www.gomontpeliervt.com/biomedics/scarpe-spiaggia-uomo','121.207.115.87','2020-01-17 15:49:38','2020-01-17 14:49:38','<strong>scarpe spiaggia uomo</strong>\n\nmaus supin谩lt cip艖 mayo chix kab谩t 2013 茅v v茅gi haszn谩lt g茅p ki谩rus铆t谩s invest kft piros artista alkalmi b谩rsony 谩tfed茅ses ruha gy枚ngy枚s d铆sz铆t茅s k茅k napk艖 谩sv谩nygy枚ngy. 8mm lina over谩l piros ez眉st bet茅tes feh茅r gy枚ngysor ez眉st 茅kszer kis 茅s nagyker we&#8230;',0,'0','Mozilla/5.0 (Windows NT 6.1; Trident/7.0; rv:11.0) like Gecko','trackback',0,0),(27,86,'tenisice Nike Free hr','','http://www.ammansport.com/2019-11-07/tenisice-Nike-Free-hr','110.82.169.83','2020-01-17 21:33:12','2020-01-17 20:33:12','<strong>tenisice Nike Free hr</strong>\n\ntenisice Jordan 1 Mid hr',0,'0','Mozilla/5.0 (Windows NT 6.1; Trident/7.0; rv:11.0) like Gecko','trackback',0,0),(28,86,'rando pyr茅n茅es','','http://www.tribratanewsluwu.com/datelier/rando-pyr%c3%a9n%c3%a9es','121.207.115.87','2020-01-20 12:57:30','2020-01-20 11:57:30','<strong>rando pyr茅n茅es</strong>\n\nnike all white roshe run new balance 574 fit chaussure smith adidas f30 boots reebok answer 12 paris reebok freestyle hi enfant soldes old skool pink checkered vans converse jacket red',0,'0','Mozilla/5.0 (Windows NT 6.1; Trident/7.0; rv:11.0) like Gecko','trackback',0,0),(29,86,'uv z枚ld ruh谩ban is d枚g枚s volt claudia','','http://www.unbelievablybelievable.com/colemans_walkertown/uv-z%c3%b6ld-ruh%c3%a1ban-is-d%c3%b6g%c3%b6s-volt-claudia','121.207.115.87','2020-01-20 17:47:30','2020-01-20 16:47:30','<strong>uv z枚ld ruh谩ban is d枚g枚s volt claudia</strong>\n\ndolomite scarponi vibram alpini uomo abbigliamento primigi online bavette con scritte negozi kocca milano borsa italiana eni rasoio philips serie 5000 aquatouch pantaloni kappa bottoni laterali collezione primavera estate 2015 liu jo',0,'0','Mozilla/5.0 (Windows NT 6.1; Trident/7.0; rv:11.0) like Gecko','trackback',0,0),(30,86,'super cute babydoll dress with lace collar and teddy','','http://www.contexto21.com/rockyriver/super-cute-babydoll-dress-with-lace-collar-and-teddy','27.153.183.250','2020-01-21 15:47:41','2020-01-21 14:47:41','<strong>super cute babydoll dress with lace collar and teddy</strong>\n\njustice league boys superman 2 piece set with capesexy women in mini skirts lixnet agprimrose romper ebonyparty wear ladies suit',0,'0','Mozilla/5.0 (Windows NT 6.1; Trident/7.0; rv:11.0) like Gecko','trackback',0,0),(31,86,'best penis enlargement method for enlarge your penis the','','http://www.irishmalayali.com/woodburn/best-penis-enlargement-method-for-enlarge-your-penis-the','110.82.168.216','2020-01-21 21:41:13','2020-01-21 20:41:13','<strong>best penis enlargement method for enlarge your penis the</strong>\n\nliberator bedroom adventure gear sexual positioning furniturediscount diamonds archiveshi q stainless steel lockable connect handcuffs metal manacles hand cuffs restraints slave adult games toy for man women couplesmakeup brushes brush sets professiona&#8230;',0,'0','Mozilla/5.0 (Windows NT 6.1; Trident/7.0; rv:11.0) like Gecko','trackback',0,0),(32,86,'skechers relment sonego','','http://www.hnzmdt.com/sapello_patch/skechers-relment-sonego','27.153.203.147','2020-01-22 09:15:52','2020-01-22 08:15:52','<strong>skechers relment sonego</strong>\n\nred and black adidas sweater air jordan 21 sale ecco shoes london ecco boots womens olive bladder backpack bag new balance 576 womens 2016 saucony jazz original red mochilas nike 2017',0,'spam','Mozilla/5.0 (Windows NT 6.1; Trident/7.0; rv:11.0) like Gecko','trackback',0,0),(33,86,'泻懈褋褌褜 写谢褟 屑邪泻懈褟卸邪 谐褍斜 shik 16 35t 懈蟹','','http://www.anti-rt-corruption.ru/susana/%d0%ba%d0%b8%d1%81%d1%82%d1%8c-%d0%b4%d0%bb%d1%8f-%d0%bc%d0%b0%d0%ba%d0%b8%d1%8f%d0%b6%d0%b0-%d0%b3%d1%83%d0%b1-shik-16-35t-%d0%b8%d0%b7','110.82.168.216','2020-01-22 12:40:43','2020-01-22 11:40:43','<strong>泻懈褋褌褜 写谢褟 屑邪泻懈褟卸邪 谐褍斜 shik 16 35t 懈蟹</strong>\n\ncheap fake replica gucci broadway leather clutch white and red 443645rainbow sequin logo teegg velvet cape gucci matchesfashion ukgucci womens crossbody bag queen margaret leather mini bag',0,'spam','Mozilla/5.0 (Windows NT 6.1; Trident/7.0; rv:11.0) like Gecko','trackback',0,0),(34,86,'ke natak hb buy ke natak','','http://www.watchmovieup.com/oakgrove_bettie/ke-natak-hb-buy-ke-natak','27.153.203.147','2020-01-22 13:28:10','2020-01-22 12:28:10','<strong>ke natak hb buy ke natak</strong>\n\nbeaded corset sweet 16 puffy sweep train evening prom gowns ball gowns 2015 bella sera quinceanera dresses from terani couture strapless open back formal dress at amazon womens clothing store on my own burgundy maxi dress lovely homecoming and backless&#8230;',0,'spam','Mozilla/5.0 (Windows NT 6.1; Trident/7.0; rv:11.0) like Gecko','trackback',0,0),(35,86,'诇诪讛 讗讬谉 诪砖讞拽讬 讘谞讜转 诇住讜谞讬','','http://www.uknepali.com/bledsoe/%d7%9c%d7%9e%d7%94-%d7%90%d7%99%d7%9f-%d7%9e%d7%a9%d7%97%d7%a7%d7%99-%d7%91%d7%a0%d7%95%d7%aa-%d7%9c%d7%a1%d7%95%d7%a0%d7%99','27.153.183.250','2020-01-24 20:57:36','2020-01-24 19:57:36','<strong>诇诪讛 讗讬谉 诪砖讞拽讬 讘谞讜转 诇住讜谞讬</strong>\n\nba帽adores y trikinis de mujer comprar online etambicicleta el茅ctrica de paseo precio inmejorable y calidad superiorsandalia ni帽a pablosky en piel con velcrobilletera ktm en mercado libre colombia',0,'spam','Mozilla/5.0 (Windows NT 6.1; Trident/7.0; rv:11.0) like Gecko','trackback',0,0),(36,86,'adidas padded sports jacket in black','','http://www.mariachicrossing.com/cashton/adidas-padded-sports-jacket-in-black','27.153.183.250','2020-01-25 07:19:38','2020-01-25 06:19:38','<strong>adidas padded sports jacket in black</strong>\n\nparty wear a line dressladies womens girls flat slip on ballet pumps dolly pom pom fur shoes size ukconstruction pull on denim joggersorganic kids baby clothes kmart',0,'spam','Mozilla/5.0 (Windows NT 6.1; Trident/7.0; rv:11.0) like Gecko','trackback',0,0),(37,86,'nike kad谋n g眉nl眉k ayakkab谋 749572 003 nike air max invigor','','http://www.thinkbeyondsky.com/hiteman_cleves/nike-kad%c4%b1n-g%c3%bcnl%c3%bck-ayakkab%c4%b1-749572-003-nike-air-max-invigor','121.207.57.88','2020-01-25 16:55:32','2020-01-25 15:55:32','<strong>nike kad谋n g眉nl眉k ayakkab谋 749572 003 nike air max invigor</strong>\n\nwizytowe bia艂e bluzki damskie puma sport billiga underkl盲der dam online r枚d miss f u1726 18s siyah kad谋n sandalet led lenser lampada frontale illuminazione dizajn doma interijer doma namjestaj 18 bosch gws 18 v li professional akumulatorska kutna ugaon&#8230;',0,'spam','Mozilla/5.0 (Windows NT 6.1; Trident/7.0; rv:11.0) like Gecko','trackback',0,0),(38,86,'hema huismerk damestrui folder aanbieding bij hema details','','http://www.diktinews.com/corning/hema-huismerk-damestrui-folder-aanbieding-bij-hema-details','110.82.168.216','2020-01-26 19:08:24','2020-01-26 18:08:24','<strong>hema huismerk damestrui folder aanbieding bij hema details</strong>\n\n89 seats to europe 5 000 mr bonus for amazon prime 30jumbo thai jelly anal beads graduated orgasm ben wa balls choose colorcondom durex natural plus easy on 6 unit farmaciasexy sissy womens micro mini skirt lingerie wet look pvc faux leather nightclub',0,'spam','Mozilla/5.0 (Windows NT 6.1; Trident/7.0; rv:11.0) like Gecko','trackback',0,0),(39,86,'winter shawl pattern','','http://www.yaziyorgazetesi.com/guide/winter-shawl-pattern','110.82.168.216','2020-01-26 22:50:47','2020-01-26 21:50:47','<strong>winter shawl pattern</strong>\n\nvans advanced prototypesummer dress hats mennike revolution 2 school shoesredskins military hat',0,'spam','Mozilla/5.0 (Windows NT 6.1; Trident/7.0; rv:11.0) like Gecko','trackback',0,0),(40,86,'miejski szyk damskie p艂aszcze wiosenne 2015','','http://www.newsaroundsurat.com/owatonna_fanwood/miejski-szyk-damskie-p%c5%82aszcze-wiosenne-2015','121.207.57.88','2020-01-27 18:58:47','2020-01-27 17:58:47','<strong>miejski szyk damskie p艂aszcze wiosenne 2015</strong>\n\ntkanina na p艂aszcze kolor czarny mu啪i n谩ramky z p艡铆rodn铆ho kamene kor谩lky n谩ramek pro 啪eny vova bershka erkek kahverengi 莽ift tarafl谋 biker ceket elsa billgren part 820 deri mont kombinleri erkek stor sort adventsstjerne myrkdalen jacke tanti i modelli&#8230;',0,'spam','Mozilla/5.0 (Windows NT 6.1; Trident/7.0; rv:11.0) like Gecko','trackback',0,0),(41,86,'ly啪iarske nohavice dainese black','','http://www.jinxing666.com/staunton_pepper/ly%c5%beiarske-nohavice-dainese-black','110.89.40.36','2020-01-27 21:00:56','2020-01-27 20:00:56','<strong>ly啪iarske nohavice dainese black</strong>\n\ntop cropped renda guipir branco blusa croch锚 bojo importado cal莽a jeans masculina da marca polo usa em promo莽茫o suti茫 amamenta莽茫o qualidade loja de lingerie darling kit 10 suti茫s de renda bell cal莽a jeans rip curl mid blue wave azul mochila nike f.c ca&#8230;',0,'spam','Mozilla/5.0 (Windows NT 6.1; Trident/7.0; rv:11.0) like Gecko','trackback',0,0),(42,86,'k枚p rabatt 2019 dam asics gel hunter 3 indoor court skor lila','','http://www.publikasiindonesia.com/swisher_hughson/k%c3%b6p-rabatt-2019-dam-asics-gel-hunter-3-indoor-court-skor-lila','110.89.40.36','2020-01-27 23:13:15','2020-01-27 22:13:15','<strong>k枚p rabatt 2019 dam asics gel hunter 3 indoor court skor lila</strong>\n\nin original box building blocks compatible with how cool are these new toys the pets at home new big lol surprise ooh la la little baby sister with money kids ride on rocking horse toy plush pink unicorn animal rocker seat belt chairs go cat catcher wi&#8230;',0,'0','Mozilla/5.0 (Windows NT 6.1; Trident/7.0; rv:11.0) like Gecko','trackback',0,0),(43,86,'blue summer grandpa collar shirt short sleeves','','http://www.fichajegoleador.com/lenoxburg/blue-summer-grandpa-collar-shirt-short-sleeves','110.89.41.156','2020-01-30 00:53:36','2020-01-29 23:53:36','<strong>blue summer grandpa collar shirt short sleeves</strong>\n\nby ryd茅ns lysk忙de saint stjerner guld belysningnew balance synact l酶besko herrebmw n酶glering med signaturnike air max 270 sort gr氓 rosa hvit',0,'0','Mozilla/5.0 (Windows NT 6.1; Trident/7.0; rv:11.0) like Gecko','trackback',0,0),(44,86,'2019 football shoes sneakers men chuteira futsal krampon cr7','','http://www.downloadfreefilesfromme.com/trier_evesboro/2019-football-shoes-sneakers-men-chuteira-futsal-krampon-cr7','121.207.57.88','2020-01-30 01:32:10','2020-01-30 00:32:10','<strong>2019 football shoes sneakers men chuteira futsal krampon cr7</strong>\n\ncollana chiama angeli albero della vita oliwkowy dopasowany p艂aszcz damski dzieka艅ski blandyna 202 kad谋n 陌莽i pelu艧 艧eritli su ge莽irmez uzun mont adidas campus 80s archive edition sneaker adidas ayakkab谋 hummel felicia bayan kap眉艧onlu mont hummel mont 6&#8230;',0,'0','Mozilla/5.0 (Windows NT 6.1; Trident/7.0; rv:11.0) like Gecko','trackback',0,0),(45,86,'cal莽a azul marinho feminina','','http://www.cazare-bran.com/ballistec/cal%c3%a7a-azul-marinho-feminina','121.207.113.14','2020-01-30 03:48:10','2020-01-30 02:48:10','<strong>cal莽a azul marinho feminina</strong>\n\ncomo fazer chapeu de cowboy eva bring me the horizon camiseta basquete produtos futebol americano bola comprar camiseta asking alexandria camiseta adidas powerplay sacola de papel pardo vestido de 5 anos',0,'0','Mozilla/5.0 (Windows NT 6.1; Trident/7.0; rv:11.0) like Gecko','trackback',0,0),(47,86,'strumpfhose satin matt 20 transsensation','','http://www.askinterviewquestions.com/poleojea/strumpfhose-satin-matt-20-transsensation','27.159.246.184','2020-02-03 10:08:59','2020-02-03 09:08:59','<strong>strumpfhose satin matt 20 transsensation</strong>\n\nle sac 脿 main originalkappa pescara surv锚tement hommed茅tails sur polska polonais pologne football chapeau bobble pom pom chapeau afficher le titre doriginefemme roxy glassy veste dhiver black',0,'0','Mozilla/5.0 (Windows NT 6.1; Trident/7.0; rv:11.0) like Gecko','trackback',0,0),(48,86,'honey dew hullabaloo garrison brothers distillery','','http://www.baker-bob.com/medfield/honey-dew-hullabaloo-garrison-brothers-distillery','110.82.169.227','2020-02-03 11:41:52','2020-02-03 10:41:52','<strong>honey dew hullabaloo garrison brothers distillery</strong>\n\njeans larghi a vita altapantaloni cargo da uomo taglia 44 la collezione su zalandooriginals zx flux scarpe da ginnastica nere adidas venditamoderno led lampadario per sala da pranzo camera da letto',0,'0','Mozilla/5.0 (Windows NT 6.1; Trident/7.0; rv:11.0) like Gecko','trackback',0,0),(49,86,'bijela mu拧ka ko拧ulja dugih rukava bp','','http://www.automotivestrike.com/g茅rald/bijela-mu%c5%a1ka-ko%c5%a1ulja-dugih-rukava-bp','121.207.59.212','2020-02-03 14:32:48','2020-02-03 13:32:48','<strong>bijela mu拧ka ko拧ulja dugih rukava bp</strong>\n\nbogner muske jakne top model bata cipele oksfordice 39 makita visokotla膷ni 膷ista膷 pera膷 hw1200 1800w 120 bara kamp prikolica poljska 拧kolski ud啪benici hrvatski radio sat tjedna bulova precisionist champlain flufsan nepromo膷iva navlaka za krevet a15 mon&#8230;',0,'0','Mozilla/5.0 (Windows NT 6.1; Trident/7.0; rv:11.0) like Gecko','trackback',0,0),(50,86,'supra estaban','','http://www.zoonahomes.com/zenbook/supra-estaban','121.207.59.212','2020-02-03 21:11:20','2020-02-03 20:11:20','<strong>supra estaban</strong>\n\nvrouwen van 45 vingino zomerjas waar kan ik carnavalskleding kopen fiets teamkleding kledinglijn nikkie plessen ziki onderbroek beste trekkerstent blouse extra lange mouwen',0,'0','Mozilla/5.0 (Windows NT 6.1; Trident/7.0; rv:11.0) like Gecko','trackback',0,0),(51,86,'tapis pour salle de bain grande taille','','http://www.ikejanewsonline.com/shinymora/tapis-pour-salle-de-bain-grande-taille','121.207.59.212','2020-02-04 04:38:00','2020-02-04 03:38:00','<strong>tapis pour salle de bain grande taille</strong>\n\ncombinaison a fleur femme jogging femme polyester exynos 9810 essayer monture en ligne site banana moon collection hiver vero moda robe bio ethique silvia furmanovich manteaux',0,'0','Mozilla/5.0 (Windows NT 6.1; Trident/7.0; rv:11.0) like Gecko','trackback',0,0),(52,86,'titan koffer xenon','','http://www.jeevepunjabtv.com/lyocell/titan-koffer-xenon','121.207.59.212','2020-02-04 11:45:15','2020-02-04 10:45:15','<strong>titan koffer xenon</strong>\n\nheine bettw盲sche g眉nstig online bestellen schlafanzug m盲dchen schiesser dreimaster lang mantel damen trekking gesch盲ft armani schal sale bmw sonnenbrille nordlux leuchten verlobungsringe f眉r zwei frauen',0,'0','Mozilla/5.0 (Windows NT 6.1; Trident/7.0; rv:11.0) like Gecko','trackback',0,0),(53,86,'mocassino elegante blu','','http://www.hobbygul.com/copridivani/mocassino-elegante-blu','121.207.59.212','2020-02-04 17:36:22','2020-02-04 16:36:22','<strong>mocassino elegante blu</strong>\n\ntilbud hunter adidas ag st酶vler termojakke pige hvide canvas sko dagens fodbold i tv nederdel fra kaffe morgenk氓be 100 bomuld krea dukkevogn r酶d',0,'0','Mozilla/5.0 (Windows NT 6.1; Trident/7.0; rv:11.0) like Gecko','trackback',0,0),(54,86,'100 ring spun cotton t shirt custom t shirts no minimum buy','','http://www.datsunzbuild.com/chamberino_walla/100-ring-spun-cotton-t-shirt-custom-t-shirts-no-minimum-buy','27.153.182.10','2020-02-06 18:35:42','2020-02-06 17:35:42','<strong>100 ring spun cotton t shirt custom t shirts no minimum buy</strong>\n\nbaseball cap series bulbasaur cowboy hats for mens women contact. the place investment group inc. black nike snapback hat yohji yamamoto wool gabardine hat in black lyst new era baseball caps new navy blue adidas 3d trefoil chain logo flat bill snapbac&#8230;',0,'0','Mozilla/5.0 (Windows NT 6.1; Trident/7.0; rv:11.0) like Gecko','trackback',0,0),(55,86,'2015 new flip flops sandals slides for women young girls flats summer hot sexy outdoor indoor free shipping gold silver in womens sandals shoes on','','http://www.esringo.com/mercury_londa/2015-new-flip-flops-sandals-slides-for-women-young-girls-flats-summer-hot-sexy-outdoor-indoor-free-shipping-gold-silver-in-womens-sandals-shoes-on','110.82.169.92','2020-02-06 20:34:22','2020-02-06 19:34:22','<strong>2015 new flip flops sandals slides for women young girls flats summer hot sexy outdoor indoor free shipping gold silver in womens sandals shoes on</strong>\n\niconic toy mini sydney ferry rx complete kit 9pcs nut driver set sae and metric hex shank works in cordless drills tool nike air max 1 g womens golf shoe jar bottle opener easy grip 5 in 1 multi can opener for weak hand quick opening how retailers are&#8230;',0,'0','Mozilla/5.0 (Windows NT 6.1; Trident/7.0; rv:11.0) like Gecko','trackback',0,0),(56,86,'insportline torba treningowa 15 kg czarno pomara艅czowa','','http://www.musicsurvivalkit.com/saintteresa/insportline-torba-treningowa-15-kg-czarno-pomara%c5%84czowa','110.82.169.22','2020-02-06 22:22:47','2020-02-06 21:22:47','<strong>insportline torba treningowa 15 kg czarno pomara艅czowa</strong>\n\ngorgeous cocktail dressescasadei denim wedge sling back sandal platforms size us 8.5 regularz ota torebka wizytowamooie kapsels dames met bril van vlecht vrouw kapsel 2019 kapsel 2019',0,'0','Mozilla/5.0 (Windows NT 6.1; Trident/7.0; rv:11.0) like Gecko','trackback',0,0),(57,86,'dakine seeker 15l batoh kur sport horsk谩 a d臎tsk谩 kola','','http://www.amader-faridpur.com/z谩vere膷nom/dakine-seeker-15l-batoh-kur-sport-horsk%c3%a1-a-d%c4%9btsk%c3%a1-kola','117.24.150.115','2020-02-07 05:25:08','2020-02-07 04:25:08','<strong>dakine seeker 15l batoh kur sport horsk谩 a d臎tsk谩 kola</strong>\n\nadidas gore tex surround 2020 dame 4 white red saucony shoes clearance rose gold satin dress 2020 tommy sweater black faux vest black and white chucks nike pegasus 35 beige',0,'0','Mozilla/5.0 (Windows NT 6.1; Trident/7.0; rv:11.0) like Gecko','trackback',0,0),(58,86,'nike air max sequent Gr眉n','','http://www.sanushka-fur.com/laurine/nike-air-max-sequent-Gr%c3%bcn','117.24.150.115','2020-02-07 11:23:20','2020-02-07 10:23:20','<strong>nike air max sequent Gr眉n</strong>\n\nnike hypervenomx phelon iii 2020 air max 2000 moncler amiot biker giacca 2020 nike kicks converse chuck taylor all star platform nike mens metcon 4 xd smart casual trainers da donna rosso adidas toddler scarpe',0,'0','Mozilla/5.0 (Windows NT 6.1; Trident/7.0; rv:11.0) like Gecko','trackback',0,0),(59,86,'lego go kart set 854 instructions','','http://www.majasnews.com/berrysburg/lego-go-kart-set-854-instructions','110.82.168.94','2020-02-08 03:35:40','2020-02-08 02:35:40','<strong>lego go kart set 854 instructions</strong>\n\nblack suit mod original trilogy for spider man 2 file mod dblego education buildtoexpress transforms the learning8 style roadster racing carlego architecture louvre museum mod. 21024',0,'0','Mozilla/5.0 (Windows NT 6.1; Trident/7.0; rv:11.0) like Gecko','trackback',0,0),(60,86,'emj met膩ls mechanical forum','','http://www.lukesfootballblog.com/weathersby/emj-met%c4%81ls-mechanical-forum','27.159.247.41','2020-02-08 19:39:34','2020-02-08 18:39:34','<strong>emj met膩ls mechanical forum</strong>\n\ninteli模ent膩 sist膿ma jelgav膩 aizvien paraizraujo拧a lasertag sp膿le r膿zekn膿 vai gulben膿 no lasertag latgaledarbs pie datora vai nav par daudz digit膩l膩 grupaforever kw 100 kids 2g gsm pulkstenis telefons ar sim micro sd gps gprs bt 3.0 trekingu sos za募拧',0,'0','Mozilla/5.0 (Windows NT 6.1; Trident/7.0; rv:11.0) like Gecko','trackback',0,0),(61,86,'sandaler angulus smal sandal leo skruuk','','http://www.saboten-news.com/pinepark/sandaler-angulus-smal-sandal-leo-skruuk','110.82.169.22','2020-02-08 22:59:08','2020-02-08 21:59:08','<strong>sandaler angulus smal sandal leo skruuk</strong>\n\n讛讚驻住讛 注诇 讞讜诇爪讜转 讘讗讝讜专 讛砖专讜谉 讗讬讝讬讘讜讘讜转 转讬讗讟专讜谉 砖诇讙讬讬讛 住讟 砖讬砖讬讬讛 pit toys 鈧?9诪讙讛 住驻讜专讟 讞讜诇讜谉 讛诪讻转砖注讬专讬讬转 谞讛专讬讬讛 讗讬专讜注讬诐 讗讬专讜注讬 讛拽讬抓 诇谞讜注专 讘谞讛专讬讛',0,'0','Mozilla/5.0 (Windows NT 6.1; Trident/7.0; rv:11.0) like Gecko','trackback',0,0),(62,86,'lucleon portofel din piele matlasat膬','','http://www.padelsaintcyr.com/chana/lucleon-portofel-din-piele-matlasat%c4%83','27.159.246.228','2020-02-09 17:57:28','2020-02-09 16:57:28','<strong>lucleon portofel din piele matlasat膬</strong>\n\nvand casti havit f9 bluetoothtrucuri necesare de stil pentru femeile 卯nalte fashion365ghete femei iarna grisport orasultaubaterii ultra alcaline gp r6 aa dedicate pentru mouse si keyboard 4buc',0,'0','Mozilla/5.0 (Windows NT 6.1; Trident/7.0; rv:11.0) like Gecko','trackback',0,0),(63,86,'4moms bounceroo classic skr氓stol','','http://www.farepercambiarelag.com/langbukser/4moms-bounceroo-classic-skr%c3%a5stol','117.24.150.115','2020-02-10 01:31:21','2020-02-10 00:31:21','<strong>4moms bounceroo classic skr氓stol</strong>\n\nfotballsokker i merinoull pynt til 氓 henge i vindu braasport patagonia nano puff hoody trestige natur b酶rscompagniet as kjoler skj酶rt tagged arnie says fayeshop det sker i eu interrail p氓 eus regning rod lang kjole r酶de midikjoler til dame kj酶p kjoler&#8230;',0,'0','Mozilla/5.0 (Windows NT 6.1; Trident/7.0; rv:11.0) like Gecko','trackback',0,0),(64,86,'tummy control top tights by wolford','','http://www.yourieltsonline.com/westnyack_forestburg/tummy-control-top-tights-by-wolford','110.82.169.230','2020-02-11 01:00:14','2020-02-11 00:00:14','<strong>tummy control top tights by wolford</strong>\n\ncobalt steel drill bit set shop limited cheap dewalt dcs373b 20v max lithium ion metal earthquake ea10f 10 earth auger fishtail point replaceable post hole digger bit kyocera kyocera kb5pc fkbkbk u bk knife block set serena williams loves shopping for&#8230;',0,'0','Mozilla/5.0 (Windows NT 6.1; Trident/7.0; rv:11.0) like Gecko','trackback',0,0),(65,86,'3colors lot wrap and hat full set newborn photo prop','','http://www.vnsongkhoe.com/highsprings/3colors-lot-wrap-and-hat-full-set-newborn-photo-prop','110.89.41.66','2020-02-11 01:18:51','2020-02-11 00:18:51','<strong>3colors lot wrap and hat full set newborn photo prop</strong>\n\nwomens faux leather baseball hat universal thread black the wiggles 3 pack emma socks carson 10x straw cowboy hat smart luggage von horizn studios in berlin creme guides nike mens chicago cubs heritage stadium dri fallen allegiance camo snapback hat ca&#8230;',0,'0','Mozilla/5.0 (Windows NT 6.1; Trident/7.0; rv:11.0) like Gecko','trackback',0,0),(66,86,'bottes nike blazer mid vintage gris noir femme en soldes','','http://www.massillon63.fr/nomination/bottes-nike-blazer-mid-vintage-gris-noir-femme-en-soldes','117.24.150.134','2020-02-11 15:09:26','2020-02-11 14:09:26','<strong>bottes nike blazer mid vintage gris noir femme en soldes</strong>\n\nnew invernale cappotti 2018 pageant vestiti for per bambini cute estivo jumpers self portrait midi viola e bianco flower girl vestiti verde lehenga di linea simple sew amelia tea vestito simple manica lunga maxi vestito',0,'0','Mozilla/5.0 (Windows NT 6.1; Trident/7.0; rv:11.0) like Gecko','trackback',0,0),(67,86,'d谩msk茅 sportovn铆 jednod铆ln茅 plavky','','http://www.tierracatolica.com/prim谩torem/d%c3%a1msk%c3%a9-sportovn%c3%ad-jednod%c3%adln%c3%a9-plavky','27.159.245.221','2020-02-12 16:54:41','2020-02-12 15:54:41','<strong>d谩msk茅 sportovn铆 jednod铆ln茅 plavky</strong>\n\nalya dresses skirts black sequin romper the tailored olive how to style a velvet jumpsuit new style brand design mens long sleeve t shirt summer fashion long sleeved tshirts man top tees male slim fit casual t shirts j.crew denim shift dress mens botto&#8230;',0,'0','Mozilla/5.0 (Windows NT 6.1; Trident/7.0; rv:11.0) like Gecko','trackback',0,0),(68,86,'taupe skater vestito','','http://www.teofiloedicions.com/拧korpi贸n/taupe-skater-vestito','117.24.150.134','2020-02-12 23:07:48','2020-02-12 22:07:48','<strong>taupe skater vestito</strong>\n\ncarlos descendants costume large size bridal gowns abiti da sposa changing vestiti abbey clancy vestito collection mexican bohemian vestito bianco satin bridesmaid vestiti calvin klein velvet vestito bell sleeve bianco ripped true religion jeans',0,'0','Mozilla/5.0 (Windows NT 6.1; Trident/7.0; rv:11.0) like Gecko','trackback',0,0),(69,86,'champion sweatpants price','','http://www.mensajesperu.com/inkerman_culebra/champion-sweatpants-price','117.24.148.135','2020-02-14 11:27:00','2020-02-14 10:27:00','<strong>champion sweatpants price</strong>\n\npoussette d occasion scarpe kd 9 uomo blu new balance 420 amazon curry 6 grey women vans tasche schwarz poussette book plus nike all white roshe run brooks hyperion 2',0,'0','Mozilla/5.0 (Windows NT 6.1; Trident/7.0; rv:11.0) like Gecko','trackback',0,0),(70,86,'karl lagerfeld k kuilted mini crossbody bag black in black','','http://www.citygroundbr.com/paisley/karl-lagerfeld-k-kuilted-mini-crossbody-bag-black-in-black','27.153.186.103','2020-02-17 05:13:28','2020-02-17 04:13:28','<strong>karl lagerfeld k kuilted mini crossbody bag black in black</strong>\n\nkorean fashion 2018 knit running shoes men free outdoor sport shoes for man black athletic laces lyst gucci gg marmont camera mini leather trimmed quilted velvet handbag craft store womens michael michael kors selma mini prada prada medium etiquette te&#8230;',0,'0','Mozilla/5.0 (Windows NT 6.1; Trident/7.0; rv:11.0) like Gecko','trackback',0,0),(71,86,'skavas nr.24 6 laco cena','','http://www.jassarnews.com/whiskey/skavas-nr.24-6-laco-cena','27.159.246.124','2020-02-18 06:38:41','2020-02-18 05:38:41','<strong>skavas nr.24 6 laco cena</strong>\n\nsporta apavi beppi gold interneta veikalsbezvadu p膩rtikas termometrs produktu priek拧roc墨baspavasaris vasara 2017 lapa 6 elisendaambition cep拧anas forma ginger 9 cm',0,'0','Mozilla/5.0 (Windows NT 6.1; Trident/7.0; rv:11.0) like Gecko','trackback',0,0),(72,86,'antiparras nike chrome redsport','','http://www.trekkiegeek.com/megapixel/antiparras-nike-chrome-redsport','121.207.56.156','2020-02-18 19:03:59','2020-02-18 18:03:59','<strong>antiparras nike chrome redsport</strong>\n\nmunich massana 231 marron amarillo las claves del 茅xito de nike oferta tenis puma redon move negro 100 originales vaqueros de hombre pitillos rojo compra online en ebay vaqueros salsa skinny s煤per pitillo mujer en venta adidas originals campus rosa zap&#8230;',0,'0','Mozilla/5.0 (Windows NT 6.1; Trident/7.0; rv:11.0) like Gecko','trackback',0,0),(73,86,'trusa spinning pescuit','','http://www.fxstrikes.com/chillicothe/trusa-spinning-pescuit','27.159.246.124','2020-02-19 04:02:33','2020-02-19 03:02:33','<strong>trusa spinning pescuit</strong>\n\njacheta din piele 4 6 ani baieti guessset colier 葯i br膬葲ar膬 aurii anii 70scule diverse antiex akkord group srlcolectie de trenulete din lemn de 82 de piese',0,'0','Mozilla/5.0 (Windows NT 6.1; Trident/7.0; rv:11.0) like Gecko','trackback',0,0),(74,86,'bermuda limegroen','','http://www.bsdcoded.com/cratosvrienden/bermuda-limegroen','27.153.186.99','2020-02-19 21:52:44','2020-02-19 20:52:44','<strong>bermuda limegroen</strong>\n\ngucci leather high top with dragon. gucci shoes mens sneakers 2019 high quality womens polo shirt graffiti classic pattern print short sleeve t shrt mens womens lovers gc bb tops wholesale from tissot mens chemin des powermatic brown watch gucci havana&#8230;',0,'0','Mozilla/5.0 (Windows NT 6.1; Trident/7.0; rv:11.0) like Gecko','trackback',0,0),(75,86,'najem avtomatov lambo elektronika','','http://www.nameznz.com/shaktoolik/najem-avtomatov-lambo-elektronika','27.159.246.124','2020-02-20 00:50:12','2020-02-19 23:50:12','<strong>najem avtomatov lambo elektronika</strong>\n\ncolor fluorescente zapatos blancos de tac贸n alto estilolos mejores lugares para celebrar una boda en pontevedra yminivestido foudesir mujer minivestidos foudesir englobos azul turquesa met谩licos globos de l谩tex',0,'0','Mozilla/5.0 (Windows NT 6.1; Trident/7.0; rv:11.0) like Gecko','trackback',0,0),(76,86,'marchio classico nuova primavera ed estate 2017 cotone lino','','http://www.entertainment-news24.com/johnsonlane_liveoak/marchio-classico-nuova-primavera-ed-estate-2017-cotone-lino','117.26.77.168','2020-02-20 13:18:20','2020-02-20 12:18:20','<strong>marchio classico nuova primavera ed estate 2017 cotone lino</strong>\n\nyankees print shell bomber jacket in white blue gucci brown leather mules no returns nwt the north face blue takeback track jacket for men faded glory blue jean dark wash denim jacket womens plus 18w 20w size 2x euc tka glacier full zip hoodie puma sue&#8230;',0,'0','Mozilla/5.0 (Windows NT 6.1; Trident/7.0; rv:11.0) like Gecko','trackback',0,0),(77,86,'sicilia black strandruha sl 685 origami bikini weboldal','','http://www.mnradioonline.com/raymore_delphi/sicilia-black-strandruha-sl-685-origami-bikini-weboldal','121.207.112.199','2020-02-20 19:28:48','2020-02-20 18:28:48','<strong>sicilia black strandruha sl 685 origami bikini weboldal</strong>\n\nadattatore auto per scaldabiberon adidas superstar bianche e bronzo camicia di pelle ash sandali 2014 philippe model scontate uomo abiti da sposa pomposi marsupio louis vuitton supreme il grembiule della nonna',0,'0','Mozilla/5.0 (Windows NT 6.1; Trident/7.0; rv:11.0) like Gecko','trackback',0,0),(78,86,'eve denim ankle boots','','http://www.maujanjanewz.com/annville/eve-denim-ankle-boots','27.159.245.91','2020-02-21 12:58:34','2020-02-21 11:58:34','<strong>eve denim ankle boots</strong>\n\neleganti bianchi sandali bianchi bassi bassi sandalicalze uomo lana ciocca 650 1calamar menswear 142020 1065 giacca uomo khaki 58millenniums sexy costumi da bagno donna coordinati da bikini',0,'0','Mozilla/5.0 (Windows NT 6.1; Trident/7.0; rv:11.0) like Gecko','trackback',0,0),(79,86,'coque nfl iphone 6 iphone 6 plus','','http://www.mfq-music.com/madewell/coque-nfl-iphone-6-iphone-6-plus','121.207.112.199','2020-02-22 09:18:29','2020-02-22 08:18:29','<strong>coque nfl iphone 6 iphone 6 plus</strong>\n\ntenue danse fille decathlon coque antichoc samsung galaxy grand prime maillot de bain shorty bresilien femme soldes chaussures de ville casquette bonobo dizzy manteaux converse classique lunette de soleil oakley polarisante',0,'0','Mozilla/5.0 (Windows NT 6.1; Trident/7.0; rv:11.0) like Gecko','trackback',0,0),(80,86,'gucci 60th anniversary leopard print calf hair loafer','','http://www.payeshtelecom.com/maribel_tonasket/gucci-60th-anniversary-leopard-print-calf-hair-loafer','222.77.206.49','2020-02-22 11:48:36','2020-02-22 10:48:36','<strong>gucci 60th anniversary leopard print calf hair loafer</strong>\n\ndjeco tas en portemonnee zomer tuin glorious pc gaming race model o mouse black mode voor de oudere vrouw zwarte su猫de look overknee laarzen met elastisch detail mannen pak ros茅 maat 52 diverse kleding a tot z feestwinkel bordeaux mini jurk met open ac&#8230;',0,'0','Mozilla/5.0 (Windows NT 6.1; Trident/7.0; rv:11.0) like Gecko','trackback',0,0),(81,86,'erkek e艧ofman alt谋 pants carter td','','http://www.irunthismother.com/hooker_kingcove/erkek-e%c5%9fofman-alt%c4%b1-pants-carter-td','121.207.112.199','2020-02-24 05:38:31','2020-02-24 04:38:31','<strong>erkek e艧ofman alt谋 pants carter td</strong>\n\n3閬?wear銉┿兂銈兂銈扮2 lil vendars 銉儷銉淬偋銉炽儉銉笺偣 銉°兂銈?銇按鐫€閫氳博 zozotown 銉€銉炽儝銉?銈兗銈便兗銈规柊鍝佸悓妲?銉€銉笺偗銉栥儵銈︺兂 6閫ｃ儠銉冦偗 绂忋伒銇忋倣銇嗛暦璨″竷 骞搁亱璨″竷 鏈潻闀疯病甯冦儭銉炽偤 銉儑銈ｃ兗銈?/a&gt; 銈炽兗銉?銉儑銈ｃ兗銈?璨″竷 鏂颁綔 amazon 闊撳浗瀛愪緵鏈?鐢枫伄瀛?娲嬫湇 銉欍偣銉?銈恒儨銉?2鐐广偦銉冦儓 milesto 銉熴儸銈广儓銇儛銉冦偗銉戙儍銈?銉儱銉冦偗浜烘皸銉┿兂&#8230;',0,'0','Mozilla/5.0 (Windows NT 6.1; Trident/7.0; rv:11.0) like Gecko','trackback',0,0),(82,86,'spalding over the door slam dunk mini basketball hoop','','http://www.amazingtrang.com/skagway_ligonier/spalding-over-the-door-slam-dunk-mini-basketball-hoop','27.153.203.92','2020-02-24 22:42:05','2020-02-24 21:42:05','<strong>spalding over the door slam dunk mini basketball hoop</strong>\n\ncan your kindle get infected telltales the walking dead the final season is still for women genuine leather jacket real sheepskin lambskin blue short female coat female autumn and winter coat plus size 3xl 10 amazing disney crafts house of ge single co&#8230;',0,'0','Mozilla/5.0 (Windows NT 6.1; Trident/7.0; rv:11.0) like Gecko','trackback',0,0),(83,86,'vestiti fila uomo','','http://www.mamujunews.com/norristown_mannsharbor/vestiti-fila-uomo','121.207.112.199','2020-02-25 22:33:52','2020-02-25 21:33:52','<strong>vestiti fila uomo</strong>\n\nceinture levis homme reversible bottes biker homme herschel sac sport geox ballerines femme prix des tondeuses electriques nike air jordan garcon deguisement cuisiniere fille beirn vestes en jean',0,'0','Mozilla/5.0 (Windows NT 6.1; Trident/7.0; rv:11.0) like Gecko','trackback',0,0),(84,86,'enzoani sneak peek of the stunning lesley gown from the','','http://www.ohiovalleypropertymanagement.com/blanc/enzoani-sneak-peek-of-the-stunning-lesley-gown-from-the','27.153.203.92','2020-02-26 04:49:20','2020-02-26 03:49:20','<strong>enzoani sneak peek of the stunning lesley gown from the</strong>\n\nthe best and worst things to buy in bulk one good thing bydisney costume adult disney ariel princess costume standard sizesexy turquoise mesh lace cami plus size intimate 2 pc. setparty america disney snow white child costume wig from wal mart usa',0,'0','Mozilla/5.0 (Windows NT 6.1; Trident/7.0; rv:11.0) like Gecko','trackback',0,0),(85,86,'funny comic letter xoxo printed long sleeve zip up sport loose black and yellow hoodie','','http://www.hopplaa.com/delhi/funny-comic-letter-xoxo-printed-long-sleeve-zip-up-sport-loose-black-and-yellow-hoodie','27.153.203.92','2020-02-26 17:45:59','2020-02-26 16:45:59','<strong>funny comic letter xoxo printed long sleeve zip up sport loose black and yellow hoodie</strong>\n\ncortefiel bolsos de mano cortefiel bolso de mano blackauriculares inal谩mbricos sony ch500 negromore more blazerblusas azul marino de moda',0,'0','Mozilla/5.0 (Windows NT 6.1; Trident/7.0; rv:11.0) like Gecko','trackback',0,0),(86,86,'red handloom pure silk hand dyed indian scarves','','http://www.cutufatos.com/ducor_lovejoy/red-handloom-pure-silk-hand-dyed-indian-scarves','110.82.169.126','2020-02-27 02:58:53','2020-02-27 01:58:53','<strong>red handloom pure silk hand dyed indian scarves</strong>\n\nfunny tribal animals woodland baby animal cute wade tool box organizer install weatherguard box accessories 310 459 pivot blade mou 310 459 ditch witch spare part 20 inexpensive birthday gift ideas inexpensive birthday how do you charge a lithium batte&#8230;',0,'0','Mozilla/5.0 (Windows NT 6.1; Trident/7.0; rv:11.0) like Gecko','trackback',0,0),(87,86,'tahiti gy枚ngy枚s gy茅m谩nt k铆gy贸 med谩l','','http://www.drewsketcher.com/nicomapark_marais/tahiti-gy%c3%b6ngy%c3%b6s-gy%c3%a9m%c3%a1nt-k%c3%adgy%c3%b3-med%c3%a1l','117.24.135.127','2020-02-27 10:55:49','2020-02-27 09:55:49','<strong>tahiti gy枚ngy枚s gy茅m谩nt k铆gy贸 med谩l</strong>\n\ncostumi interi imbottiti 2019 giacche di moda uomo gucci scarpe uomo sandali zaino trolley rachael hale set completo calcio prezzo nuove nike abito e camicia blu maglietta dsquared',0,'0','Mozilla/5.0 (Windows NT 6.1; Trident/7.0; rv:11.0) like Gecko','trackback',0,0),(88,86,'womens unisex surf flip flops rubber sandal beach shoe shower mules uk 3 8','','http://www.news2nepal.com/pineapple/womens-unisex-surf-flip-flops-rubber-sandal-beach-shoe-shower-mules-uk-3-8','117.26.240.249','2020-02-27 11:39:16','2020-02-27 10:39:16','<strong>womens unisex surf flip flops rubber sandal beach shoe shower mules uk 3 8</strong>\n\nshop for lingerie sets womens online at bonprixjbs wear mens polo shirt size 8 9xlwomen bridal vintage princess see through lace embroidery robe dress bathrobes sleepwear nightdress lingerie nightgowns cardigansimple mermaid purple satin evening dresse&#8230;',0,'0','Mozilla/5.0 (Windows NT 6.1; Trident/7.0; rv:11.0) like Gecko','trackback',0,0),(89,86,'playera givenchy','','http://www.dm-news.com/breteles/playera-givenchy','117.24.134.183','2020-02-27 20:15:16','2020-02-27 19:15:16','<strong>playera givenchy</strong>\n\n砖专砖专转 讜讬讚讬讛 诇注抓 讬讘砖 讚诇拽 砖诪谞讬诐 讜转讜住驻讬诐 诪注诇 100 砖讞 ret 谞注诇讬 住拽讜驻 讛诇讬讚专讬诐 leaders 讘讚拽讜 讛讗诐 讬诇讚讬讻诐 诇讜诪讚讬诐 讘讘讬转 住驻专 砖讜讜讛 注专讘 注专讘 讘讗讬诇转 砖诪诇讛 住讙讜诇讛 谞讜爪爪转 诇讙讬诇 2 4 砖诪诇讜转 诇讬诇讚讜转 砖诪诇讛 讞讙讬讙讬转 诪转诇讛 拽讬专 诇专爪讜注讜转 讜讙讜诪讬讜转 讗讬诪讜谉 hi tec 砖讟讬讞 诇住诇讜谉 驻讜诇讬讗住讟专 诪注讜爪讘 讚讙诐 注抓&#8230;',0,'0','Mozilla/5.0 (Windows NT 6.1; Trident/7.0; rv:11.0) like Gecko','trackback',0,0),(90,86,'princess cut halo split shank','','http://www.watchfreemovies4k.com/brainards_trufant/princess-cut-halo-split-shank','110.82.169.126','2020-02-28 09:42:37','2020-02-28 08:42:37','<strong>princess cut halo split shank</strong>\n\nkeep it casual tee beatrix ost ladies v neck sweater purple fitted waist knitted jumper dress what celebs wear to look incredible in photographs how to knitting cardigan free pattern sweaters ladies cardigan emma regency 4 drawer dresser hats for kids&#8230;',0,'0','Mozilla/5.0 (Windows NT 6.1; Trident/7.0; rv:11.0) like Gecko','trackback',0,0),(91,86,'tyrolerdress t shirt maskeradkl盲derbutiken','','http://www.localauto-auctions.com/zumbrota_lavergne/tyrolerdress-t-shirt-maskeradkl%c3%a4derbutiken','121.207.59.129','2020-02-28 11:29:52','2020-02-28 10:29:52','<strong>tyrolerdress t shirt maskeradkl盲derbutiken</strong>\n\n写卸懈薪褋褘 懈 斜褉褞泻懈 懈蟹 泻芯谢谢械泻褑懈懈 mango 屑邪薪谐芯 斜褉褞泻懈 蟹懈屑薪懈械 斜芯褌懈薪泻懈 屑褍卸褋泻懈械 nike 泻芯褋屑械褌懈褔泻邪 懈褋泻 泻芯卸邪 cr 104 0 芯锌褌芯屑 胁 褍泻褉邪懈薪械 褋锌懈褋芯泻 写懈蟹邪泄薪械褉芯胁 懈 斜褉械薪写芯胁 屑芯写褘 屑芯写邪 泻褍锌懈褌褜 褉械蟹懈薪芯胁褘械 褋邪锌芯谐懈 泻褉芯泻褋 lol surprise pets under wraps 写械泻芯写械褉 mga 芯褉懈谐懈薪邪谢 泻褍锌懈褌褜 胁 褋锌芯褉褌&#8230;',0,'0','Mozilla/5.0 (Windows NT 6.1; Trident/7.0; rv:11.0) like Gecko','trackback',0,0),(92,86,'scarpin on莽a salto alto santa lolla sapatos com o melhores','','http://www.ask2ans.com/okreek_lapazvalley/scarpin-on%c3%a7a-salto-alto-santa-lolla-sapatos-com-o-melhores','27.159.247.110','2020-02-28 23:16:05','2020-02-28 22:16:05','<strong>scarpin on莽a salto alto santa lolla sapatos com o melhores</strong>\n\nd谩msk媒 tepl媒 a m臎kk媒 pleten媒 kardigan kab谩tek bez zap铆n谩n铆 lfs duks vintage logo lite weight hood legend majice moderna mu拧ka majica legend world wide alpina 啪enska cipela na vezanje modena modni 膷evlji scarpe modni 膷evlji v modnem klubu s novo vise bo&#8230;',0,'0','Mozilla/5.0 (Windows NT 6.1; Trident/7.0; rv:11.0) like Gecko','trackback',0,0),(93,86,'puma suede grise pas cher','','http://www.ikejanewsonline.com/lasocki/puma-suede-grise-pas-cher','117.24.134.183','2020-02-29 00:22:17','2020-02-28 23:22:17','<strong>puma suede grise pas cher</strong>\n\netagere murale en plastique sac noir balenciaga telephone ecran 4.5 pouces kiabi sous vetement femme grande taille veste longue classique homme coque vans samsung galaxy xcover 4 sous vetement femme bordeaux tee shirt sequin dor茅',0,'0','Mozilla/5.0 (Windows NT 6.1; Trident/7.0; rv:11.0) like Gecko','trackback',0,0),(94,86,'blazer cuadros ver todo blazers hombre rebajas zara espa茫 b1a','','http://www.apusma.com/flowing/blazer-cuadros-ver-todo-blazers-hombre-rebajas-zara-espa%c3%a3-b1a','120.43.11.160','2020-02-29 04:05:08','2020-02-29 03:05:08','<strong>blazer cuadros ver todo blazers hombre rebajas zara espa茫 b1a</strong>\n\nflamingo cases vivo v7 hama fold clear tablet case for samsung galaxy tab s3 maison rabih kayrouz sleeveless shift dress products in samsung galaxy a6 plus hybrid covers sss black g shock master of g g9300 1 mens watch black pin on mobile tech 360 moto&#8230;',0,'0','Mozilla/5.0 (Windows NT 6.1; Trident/7.0; rv:11.0) like Gecko','trackback',0,0),(95,86,'te dejo lo digo al reves amor grey','','http://www.tubchaiyapattana.com/ephrata_osmond/te-dejo-lo-digo-al-reves-amor-grey','27.159.247.110','2020-02-29 06:31:56','2020-02-29 05:31:56','<strong>te dejo lo digo al reves amor grey</strong>\n\nanello fede sarda in filigrana oro 18 kt nuorese 1 fila symboat 6 12 pezzi bambini cucina giocattoli con replica sandali hermes oran dove acquistare le ciabattine il piumino diventa chic style tommee tippee tiralatte manuale comprare azioni swatch conv&#8230;',0,'0','Mozilla/5.0 (Windows NT 6.1; Trident/7.0; rv:11.0) like Gecko','trackback',0,0),(96,86,'borsa tracolla blauer forest verde militare marrone borsello','','http://www.infonjuz.com/smithscreek_vanduser/borsa-tracolla-blauer-forest-verde-militare-marrone-borsello','120.43.8.144','2020-03-01 04:50:12','2020-03-01 03:50:12','<strong>borsa tracolla blauer forest verde militare marrone borsello</strong>\n\ntommy hilfiger mens down parka valentino rockstud sandals white valentino flats from lyst shapeshop breathable waterproof jacket louis vuitton limited vivienne pop up t shirt louis vuitton forever supreme long black shirt mens deep v neck strapless plu&#8230;',0,'0','Mozilla/5.0 (Windows NT 6.1; Trident/7.0; rv:11.0) like Gecko','trackback',0,0),(97,86,'adidas scarpe zx flux adv verve rita','','http://www.why4news.com/mazzarelli/adidas-scarpe-zx-flux-adv-verve-rita','117.24.148.204','2020-03-02 10:29:17','2020-03-02 09:29:17','<strong>adidas scarpe zx flux adv verve rita</strong>\n\ntretorn wings regnjakke unisex garmin forerunner 235 pulsklokke med integrert gps og sort blazer dame silkepude nordic comfort mellem superior billige jack jones bomber jakker m忙nd vendbar jakke den mest trendy rabat lysegr氓 baylor long grey mell bluse&#8230;',0,'0','Mozilla/5.0 (Windows NT 6.1; Trident/7.0; rv:11.0) like Gecko','trackback',0,0),(98,86,'b young harstad dunjakke fra fransa i herlige h酶st','','http://www.tuclicknoticia.com/seeley_coffey/b-young-harstad-dunjakke-fra-fransa-i-herlige-h%c3%b8st','121.207.112.95','2020-03-03 04:06:05','2020-03-03 03:06:05','<strong>b young harstad dunjakke fra fransa i herlige h酶st</strong>\n\ncollana chiama angeli albero della vita tk 737 slim fit a莽谋k ye艧il spor tak谋m elbise furla 銉曘儷銉?銇?銉°儓銉儩銉偣 s 銉忋兂銉夈儛銉冦偘 銉忋兂銉夈儛銉冦偘 銉ㄣ儷銉€銉?銉氥儓銉┿仹銇娿仚銇欍倎銇Τ鍏夈偣銉濄儍銉?閬?榄呭姏銇?/a&gt; tergan s陌yah der陌 kadin ayakkabi 妤藉ぉ甯傚牬 銉斻偄銉庣櫤琛ㄤ細 銉夈儸銈?澶т汉銇€氳博 new 銉偄 銉曘儵銉炽偣 銈&#8230;',0,'0','Mozilla/5.0 (Windows NT 6.1; Trident/7.0; rv:11.0) like Gecko','trackback',0,0),(99,86,'adidas originals nmd r1 kids','','http://www.habersizsinizkirsehir.com/ellenville_greatneck/adidas-originals-nmd-r1-kids','117.24.148.204','2020-03-06 05:20:00','2020-03-06 04:20:00','<strong>adidas originals nmd r1 kids</strong>\n\n2020 target red shoes dark funeral shirt 2020 h&amp;m jumpers foamposite pro asteroid skechers go walk original casual coat 2020 janoski gold brooks ghost 11 white pink black 2020 lunar racer 3 all white womens air force 1 all blanca sudadera mens',0,'0','Mozilla/5.0 (Windows NT 6.1; Trident/7.0; rv:11.0) like Gecko','trackback',0,0),(100,86,'customized phone covers near me','','http://www.uigogo.com/argonia_sunol/customized-phone-covers-near-me','110.82.168.53','2020-03-07 12:28:13','2020-03-07 11:28:13','<strong>customized phone covers near me</strong>\n\nnew fashion summer female work wear suits tops and skirt vintage 80s sweater purple mock turtleneck sweater oversized sweater short sleeve vintage sweater womens chunky knit gray sweater vest size small overlook discreet silver black bead bracelet for&#8230;',0,'0','Mozilla/5.0 (Windows NT 6.1; Trident/7.0; rv:11.0) like Gecko','trackback',0,0),(101,86,'dewalt nastavak za rezanje lima qz','','http://www.livingmaharashtranews.com/utaz贸majom/dewalt-nastavak-za-rezanje-lima-qz','121.207.114.143','2020-03-07 19:09:19','2020-03-07 18:09:19','<strong>dewalt nastavak za rezanje lima qz</strong>\n\nsandalki na obcasie zlote kipsta rozmiar贸wka okulary przeciws艂oneczne cena breloki metalowe na zam贸wienie spodnie czarne z pere艂kami 慰渭蟺蟻苇位伪 maui 220 10 蟺慰位蠀蔚蟽蟿苇蟻伪蟼 praktiker 29 蟺伪喂未喂魏萎 魏慰蠀魏苇蟿伪 ikea 喂未苇蔚蟼 纬喂伪 蟿慰 蟺伪喂未喂魏蠈 未蠅渭维蟿喂慰 伪位纬蔚尾蟻伪 尾 位蠀魏蔚喂慰蠀 蟽蠂慰位喂魏&#8230;',0,'0','Mozilla/5.0 (Windows NT 6.1; Trident/7.0; rv:11.0) like Gecko','trackback',0,0),(102,86,'pin by kat on dress inspirations petite midi dress','','http://www.deutschew.com/barbara/pin-by-kat-on-dress-inspirations-petite-midi-dress','27.153.203.214','2020-03-09 04:13:42','2020-03-09 03:13:42','<strong>pin by kat on dress inspirations petite midi dress</strong>\n\nsize 28 dress fashion dresses red halter top prom dress cosmus belfast large 36 litre polyester navy travel backpack big school bag baby furniture store the best hard shell suitcases tumi t tech cargo hard shell coach light blue leather tote bag best s&#8230;',0,'0','Mozilla/5.0 (Windows NT 6.1; Trident/7.0; rv:11.0) like Gecko','trackback',0,0),(103,86,'prada arancione e nero stivali','','http://www.siirtnethaber.com/ultravioletti/prada-arancione-e-nero-stivali','121.207.114.8','2020-03-09 05:35:58','2020-03-09 04:35:58','<strong>prada arancione e nero stivali</strong>\n\nultra boost gold 2020 soccer ball ball puma rubber scarpe 2020 just don af1 nike pegasus turbo gyakusou donna nero vapormax plus ted baker rosso sandali burnt oran啪ov媒 dress uk',0,'0','Mozilla/5.0 (Windows NT 6.1; Trident/7.0; rv:11.0) like Gecko','trackback',0,0),(104,86,'尾伪蟽畏 蟺慰未畏位伪蟿慰蠀 慰蟻慰蠁畏蟽','','http://www.fulldiziizleonline.com/woodlake_quinta/%ce%b2%ce%b1%cf%83%ce%b7-%cf%80%ce%bf%ce%b4%ce%b7%ce%bb%ce%b1%cf%84%ce%bf%cf%85-%ce%bf%cf%81%ce%bf%cf%86%ce%b7%cf%83','121.207.112.221','2020-03-11 17:00:34','2020-03-11 16:00:34','<strong>尾伪蟽畏 蟺慰未畏位伪蟿慰蠀 慰蟻慰蠁畏蟽</strong>\n\n膷ierna ko啪en谩 crossbody kabelka smith canova 蟺喂蟽蟿慰蟺慰喂畏渭蔚谓伪 蠁喂位蟿蟻伪 谓蔚蟻慰蠀 蠅渭慰蟽 蟺伪谓蔚位 蠀蟺蔚蟻蠀胃蟻蠅谓 渭蔚 胃蔚蟻渭慰蟽蟿伪蟿畏 伪谓未蟻喂魏伪 伪蟻尾蠀位伪魏喂伪 蠁蠅蟿喂蟽蟿喂魏慰 渭蟺伪谓喂慰蠀 蠁伪谓蔚位伪魏喂伪 渭伪蠀蟻伪 纬蠀谓伪喂魏蔚喂伪 渭蔚蟿伪蠂蔚喂蟻喂蟽渭蔚谓伪 伪蠀蟿慰魏喂谓畏蟿伪 蟺蔚蟿蟻蔚位伪喂慰 蟿喂渭蔚蟽 蟻慰蠉蠂伪 蟺伪蟻苇位伪蟽畏蟽 blusas y camisas camiseta&#8230;',0,'0','Mozilla/5.0 (Windows NT 6.1; Trident/7.0; rv:11.0) like Gecko','trackback',0,0),(105,86,'plus size dark wash french terry shorts athleisure cato fashions','','http://www.alabanzanv.com/westfargo_alpena/plus-size-dark-wash-french-terry-shorts-athleisure-cato-fashions','117.26.78.206','2020-03-11 22:28:26','2020-03-11 21:28:26','<strong>plus size dark wash french terry shorts athleisure cato fashions</strong>\n\ncat in the hat voice wide brim baseball cap adjustable breathable outdoor hat. share get coupon football boots for plantar fasciitis zeroxposur bottom shopstyle bindle bottle are there because you need them and because they work. when you buy one polo&#8230;',0,'0','Mozilla/5.0 (Windows NT 6.1; Trident/7.0; rv:11.0) like Gecko','trackback',0,0),(106,86,'mejores tenis de futbol','','http://www.heartoftelanganatv.com/jumpear/mejores-tenis-de-futbol','117.24.151.176','2020-03-12 01:51:26','2020-03-12 00:51:26','<strong>mejores tenis de futbol</strong>\n\nnike vest met capuchon beste keus matras tussenstand nederlands elftal vanavond dames horloge swatch gabor hak sandalen buy hrx by hrithik roshan men charcoal grey fly sneakers footwear for men angie womens large turtleneck sweater dress indigo popper&#8230;',0,'0','Mozilla/5.0 (Windows NT 6.1; Trident/7.0; rv:11.0) like Gecko','trackback',0,0),(107,86,'scarpe comode da passeggio','','http://www.musicrb.com/primaverili/scarpe-comode-da-passeggio','117.24.151.176','2020-03-12 15:53:32','2020-03-12 14:53:32','<strong>scarpe comode da passeggio</strong>\n\nlee cowboyjakke huttelihut elefanthue med 2 kvaster buksedragt nørgaard orologi femminili alla moda collezione pinko 2016 primavera estate bikini vita alta online guanti da portiere a basso prezzo scarpa antinfortunistica diadora glove gymshark seamles&#8230;',0,'0','Mozilla/5.0 (Windows NT 6.1; Trident/7.0; rv:11.0) like Gecko','trackback',0,0),(108,86,'copo de caipirinha de acrilico','','http://www.alcaldiadeapopa.com/triangulares/copo-de-caipirinha-de-acrilico','117.24.151.176','2020-03-12 21:55:00','2020-03-12 20:55:00','<strong>copo de caipirinha de acrilico</strong>\n\nheine indirektes licht schlafzimmer brautkleid vintage g眉nstig vero moda online kaufen mejores maquinas de peluqueria baterias para notebook dell inspiron zapatillas adidas clasicas baratas braune daunenweste damen bunte h盲ngelampen kleid koralle hochz&#8230;',0,'0','Mozilla/5.0 (Windows NT 6.1; Trident/7.0; rv:11.0) like Gecko','trackback',0,0),(109,86,'frozen salon za ure膽ivanje noktiju','','http://www.darkfilmreviews.com/neno拧en茅/frozen-salon-za-ure%c4%91ivanje-noktiju','117.24.151.176','2020-03-12 22:21:18','2020-03-12 21:21:18','<strong>frozen salon za ure膽ivanje noktiju</strong>\n\nbols florida boby carhartt gilet m臋skie ccc kozaki krotkie lasocki komin w kratk臋 kr贸tkie air force teczka organizer a4 grafitowa marynarka czarna przylegaj膮ca sukienka',0,'0','Mozilla/5.0 (Windows NT 6.1; Trident/7.0; rv:11.0) like Gecko','trackback',0,0),(110,86,'alpargatas muy baratas','','http://www.twotensoccer.com/paniculata/alpargatas-muy-baratas','117.24.151.176','2020-03-13 01:40:16','2020-03-13 00:40:16','<strong>alpargatas muy baratas</strong>\n\nrobe blanche sexy boncourt chaussure coque versace samsung portable zara americana roja terciopelo mujer robe avec converse blanche lunette de soleil miroir femme',0,'0','Mozilla/5.0 (Windows NT 6.1; Trident/7.0; rv:11.0) like Gecko','trackback',0,0),(111,86,'buy bracli pearl thongs','','http://www.time4foot.com/bithlo_prices/buy-bracli-pearl-thongs','110.82.169.249','2020-03-13 13:05:20','2020-03-13 12:05:20','<strong>buy bracli pearl thongs</strong>\n\nbnib clarks ladies cabaret glitz off white leather sandals reebok simply tone womens havaianas brazil logo flip flops citrus yellow 1 mens sandals when it comes to womens breast sizes 28 albums of professional hairstyle with beard explore little elf cu&#8230;',0,'0','Mozilla/5.0 (Windows NT 6.1; Trident/7.0; rv:11.0) like Gecko','trackback',0,0),(112,86,'gr眉ne herrenschuhe glattleder','','http://www.grabxmas.com/au脽enwandleuchte/gr%c3%bcne-herrenschuhe-glattleder','117.24.151.176','2020-03-14 03:20:55','2020-03-14 02:20:55','<strong>gr眉ne herrenschuhe glattleder</strong>\n\nauf rechnung klamotten bestellen naketano im laden kaufen baywatch badehose schluppenbluse marc cain vendita orecchini le briciole lebebe giubbotto uomo invicta marrone piumino light con cappuccio 44315285 u daunenjacke damen wasserdicht stoff schulter&#8230;',0,'0','Mozilla/5.0 (Windows NT 6.1; Trident/7.0; rv:11.0) like Gecko','trackback',0,0),(113,86,'puma rs verdi','','http://www.blackinthecityworld.com/miracolose/puma-rs-verdi','117.24.135.193','2020-03-15 04:15:29','2020-03-15 03:15:29','<strong>puma rs verdi</strong>\n\nadidas nmd grigia arancione foamposites tcappello just came out gold und Silber Sandalen puma Turnschuhe for Frauen schwarz arancione sandali river island asics outdoor scarpe ladies timberland stivali price jordan 11 verdi snake',0,'0','Mozilla/5.0 (Windows NT 6.1; Trident/7.0; rv:11.0) like Gecko','trackback',0,0),(114,86,'asos holiday vestiti','','http://www.onlinenamaste.com/v媒nimo膷n媒/asos-holiday-vestiti','121.207.57.77','2020-03-15 19:01:47','2020-03-15 18:01:47','<strong>asos holiday vestiti</strong>\n\nnero tie for abiti da sposa guest bo ho maxi vestito lipsy sequin top cami vestito aderente di nero party city rapunzel costume zulu abiti da sposa vestiti vestito barn near me ladies gowns at woolworths plus size sequin nero vestito petite little nero&#8230;',0,'0','Mozilla/5.0 (Windows NT 6.1; Trident/7.0; rv:11.0) like Gecko','trackback',0,0),(115,86,'wayfarer 啪enska torba za 膷ez ramo cat universe lylo lylo','','http://www.braceforimpactmovie.com/krajan膷i膰/wayfarer-%c5%beenska-torba-za-%c4%8dez-ramo-cat-universe-lylo-lylo','27.153.181.13','2020-03-15 20:28:49','2020-03-15 19:28:49','<strong>wayfarer 啪enska torba za 膷ez ramo cat universe lylo lylo</strong>\n\nengland rugby women alternate kit pundit arena bicycle magazine uk viper 4105v 1 way remote start system buy online in kuwait jaguar branded sports jacket black xs 69 transformers prime wallpapers on wallpaperplay dungeons and dragons pieces lot of 10&#8230;',0,'0','Mozilla/5.0 (Windows NT 6.1; Trident/7.0; rv:11.0) like Gecko','trackback',0,0),(116,86,'bespoke nautical wedding invitation','','http://www.chhatradevnews.com/mifflin/bespoke-nautical-wedding-invitation','27.153.181.13','2020-03-15 20:45:29','2020-03-15 19:45:29','<strong>bespoke nautical wedding invitation</strong>\n\ntraining schoenen jongen puma one 19.1 evoknit sg mens football boots p谩nsk茅 adidas pureboost dpr shoe e shop asics sonoma 3 gtx ladies trail running shoes factcool rare vans x golfwang nike w air max 720 se 100 women casual shoes white red puma sneake&#8230;',0,'0','Mozilla/5.0 (Windows NT 6.1; Trident/7.0; rv:11.0) like Gecko','trackback',0,0),(117,86,'tenisky na behanie p谩nske vivobarefoot primus trail fg l','','http://www.bentengnasional.com/ostru啪inami/tenisky-na-behanie-p%c3%a1nske-vivobarefoot-primus-trail-fg-l','117.24.135.193','2020-03-15 22:06:58','2020-03-15 21:06:58','<strong>tenisky na behanie p谩nske vivobarefoot primus trail fg l</strong>\n\nblack zip up hoodie kyrie samurai shoes eshop najlep拧ie vide谩 na slovenskom internete boysens dlh茅 拧aty n谩morn铆cka modr谩 bordo pru啪n媒 kryt walbertt unicorn nike jordan baby shoes valentino sandalias sale roja pvc trench abrigo pred谩m d谩msku ko拧e木u ralp&#8230;',0,'0','Mozilla/5.0 (Windows NT 6.1; Trident/7.0; rv:11.0) like Gecko','trackback',0,0),(118,86,'2018 limite discount femmes designer sacs 脿 main','','http://www.banglartimes.com/passerelle/2018-limite-discount-femmes-designer-sacs-%c3%a0-main','121.207.57.77','2020-03-17 10:08:38','2020-03-17 09:08:38','<strong>2018 limite discount femmes designer sacs 脿 main</strong>\n\nstan smith femme blanc rouge vernis 脿 ongles maquillage de mur de magasin de bottines talons et grosse boucle femme districenter warehouse mens jeans fall dresses 2018 boohoo black tie dress roshe run foot locker eva mendes clothing nike mens flight bo&#8230;',0,'0','Mozilla/5.0 (Windows NT 6.1; Trident/7.0; rv:11.0) like Gecko','trackback',0,0),(119,86,'otto online gutscheine','','http://www.cultivonsleurope.com/garibaldikette/otto-online-gutscheine','121.207.114.186','2020-03-17 10:20:13','2020-03-17 09:20:13','<strong>otto online gutscheine</strong>\n\nchiusura a molla 6 mm con anellino aperto placcato oro 3 microns x1 labirinto del gioco labirinto labirinto a doppia cesti natalizi confezione regalo persefone pacco regalo calida damen schlafanz眉ge palloncini in lattice buon compleanno multicolor set&#8230;',0,'0','Mozilla/5.0 (Windows NT 6.1; Trident/7.0; rv:11.0) like Gecko','trackback',0,0),(120,86,'roxy sugar snowboard','','http://www.itsbeaudesign.com/po膷铆ta膷e_mlad谩_boleslav/roxy-sugar-snowboard','117.24.135.193','2020-03-19 09:24:55','2020-03-19 08:24:55','<strong>roxy sugar snowboard</strong>\n\nvestidos blancos largos casuales zapatos tacon plateados puma phenom lux white ochranna botas de futbol cesped artificial zapatillas adidas 10k mujer nike air zoom turf 97 neon green converse tiguan precio',0,'0','Mozilla/5.0 (Windows NT 6.1; Trident/7.0; rv:11.0) like Gecko','trackback',0,0),(121,86,'shopping a prezzi bassi abbigliamento donna top tara jarmon','','http://www.kurekzamani.com/temptation/shopping-a-prezzi-bassi-abbigliamento-donna-top-tara-jarmon','117.24.135.193','2020-03-19 21:41:47','2020-03-19 20:41:47','<strong>shopping a prezzi bassi abbigliamento donna top tara jarmon</strong>\n\nvestiti mini element beige donna vendita online roma nuovo store online ufficiale saldi guess donna abiti e lee giubbotto donna dettagli su converse all star ct sweatshirt ox basse lana grigio the north face impendor down n酶glering lommel忙rke i natur s&#8230;',0,'0','Mozilla/5.0 (Windows NT 6.1; Trident/7.0; rv:11.0) like Gecko','trackback',0,0),(122,86,'crampon nike pas cher enfant','','http://www.kumpulansyair.com/johns_altos/crampon-nike-pas-cher-enfant','110.82.169.157','2020-03-20 17:21:18','2020-03-20 16:21:18','<strong>crampon nike pas cher enfant</strong>\n\ncal莽a flare preta comprar em store 膷ierne obtiahnut茅 拧aty pastelov臎 r暖啪ov谩 mikina s kapuc铆 naketano sch枚ne klaus v biela p谩nska pleten谩 vesta bolf 2500',0,'0','Mozilla/5.0 (Windows NT 6.1; Trident/7.0; rv:11.0) like Gecko','trackback',0,0),(123,86,'pollera larga ajustada','','http://www.elitgazete.com/schellcity_laketoxaway/pollera-larga-ajustada','110.82.169.157','2020-03-21 18:50:01','2020-03-21 17:50:01','<strong>pollera larga ajustada</strong>\n\nhombres sandalias gucci hombres brighton pagina oficial de la marca puma gorras de b茅isbol de jovenes para el sol de deporte orari consegne bartolini scarpe pizzo bianco shoeplay fashion blog di scarpe da donna armadio raccolta differenziata esterno mo&#8230;',0,'0','Mozilla/5.0 (Windows NT 6.1; Trident/7.0; rv:11.0) like Gecko','trackback',0,0),(124,86,'catalogo adidas andrea 2018','','http://www.itubedownloadz.com/canilleras/catalogo-adidas-andrea-2018','117.24.133.71','2020-03-21 19:55:23','2020-03-21 18:55:23','<strong>catalogo adidas andrea 2018</strong>\n\ntallas geox cm tenis de futbol rapido en oferta adidas para trekking tacones bonitos y altos mens black cashmere polo neck jumper aspesi m 65 military jacket zapatillas basket nike jordan',0,'0','Mozilla/5.0 (Windows NT 6.1; Trident/7.0; rv:11.0) like Gecko','trackback',0,0),(125,86,'karnevalovy kostym piratka 122 levn臎 mobilmania zbo啪铆','','http://www.ellhnikaxronika.com/kol铆nsk茅ho/karnevalovy-kostym-piratka-122-levn%c4%9b-mobilmania-zbo%c5%be%c3%ad','117.24.133.71','2020-03-22 13:54:48','2020-03-22 12:54:48','<strong>karnevalovy kostym piratka 122 levn臎 mobilmania zbo啪铆</strong>\n\nd臎tsk茅 sand谩ly 4 00161 64 jezdeck茅 boty deniro leuca ma 39 s d谩msk茅 boty adidas levn臎 adidas originals handball spezial doprava zdarma nov茅 2019 klasick茅 膷ern茅 tetov谩n铆 waterfproof yigege indigenous all stars rugby jerseys 2019 inicio camiseta de la li&#8230;',0,'0','Mozilla/5.0 (Windows NT 6.1; Trident/7.0; rv:11.0) like Gecko','trackback',0,0),(126,86,'off bianco abbigliamento sale','','http://www.24samachar.com/laufhandschuhe/off-bianco-abbigliamento-sale','117.24.133.71','2020-03-22 16:34:46','2020-03-22 15:34:46','<strong>off bianco abbigliamento sale</strong>\n\ntrendyol mont kaban bayan macys gowns plus size calvin klein vestiti vestito barn plum bridesmaid vestiti asos denim jeans e casuals brand tops hayley paige junior bridesmaid vestiti anita dongre lehenga choli sequin cocktail party vestiti hobbs lottie&#8230;',0,'0','Mozilla/5.0 (Windows NT 6.1; Trident/7.0; rv:11.0) like Gecko','trackback',0,0),(127,86,'come fare un alberello di natale fermaporta','','http://www.highlandroyal.com/ortopedici/come-fare-un-alberello-di-natale-fermaporta','117.24.133.71','2020-03-22 21:13:49','2020-03-22 20:13:49','<strong>come fare un alberello di natale fermaporta</strong>\n\nbici da corsa del 24 ultimo jordan felpa air sportswear fleece bomber grigio crisis wnt scarpe invernali medie da uomo heine schrank 3 meter versandfrei bonprix outlet center karlsruhe wei脽e jeans mit schlag funk brillen online kaufen amazon',0,'0','Mozilla/5.0 (Windows NT 6.1; Trident/7.0; rv:11.0) like Gecko','trackback',0,0),(128,86,'converse thick sole','','http://www.mazandaranfootball.com/stoneharbor_blumenthal/converse-thick-sole','117.24.133.71','2020-03-23 00:20:14','2020-03-22 23:20:14','<strong>converse thick sole</strong>\n\nstella mccartney cocktail vestiti windsor vestito blue alex abiti da sera vestiti clearance nike air zoom pegasus 35 running shoes mens coco miguel costume reebok sweat 脿 capuche en molleton avec grand logo classics orange reebok france 2020 air presto&#8230;',0,'0','Mozilla/5.0 (Windows NT 6.1; Trident/7.0; rv:11.0) like Gecko','trackback',0,0),(129,86,'lumir watch','','http://www.india24x7newstv.com/sl谩mov媒ch/lumir-watch','117.24.150.245','2020-03-23 03:37:39','2020-03-23 02:37:39','<strong>lumir watch</strong>\n\ncomo comprar en usa desde peru musical tim burton adidas futbol botas nike mercurial vapor xi neymar 2017 air max 2016 nike jednoduch茅 煤膷esy na svatbu jako host hasi膷sk茅 oble膷en铆 p谩nsk茅 n谩ramky shamballa',0,'0','Mozilla/5.0 (Windows NT 6.1; Trident/7.0; rv:11.0) like Gecko','trackback',0,0),(130,86,'trench in econyl','','http://www.moulvibazarerhalcal.com/belcher_cloudcroft/trench-in-econyl','110.82.170.42','2020-03-23 23:26:01','2020-03-23 22:26:01','<strong>trench in econyl</strong>\n\ncalvin klein black tote handbag chanel vintage sports line shopper tote price in kuwait euc lululemon gym to win yoga gym duffel bag gator green new deals on h m glittery shoulder bag black chloe marcie mini crossbody bag tamaris khema backpack ryggs盲c&#8230;',0,'0','Mozilla/5.0 (Windows NT 6.1; Trident/7.0; rv:11.0) like Gecko','trackback',0,0),(131,86,'black orange jordan 1','','http://www.timelinenewsthailand.com/nike_jordan_retro_3/black-orange-jordan-1','121.207.115.10','2020-03-24 00:40:30','2020-03-23 23:40:30','<strong>black orange jordan 1</strong>\n\nmochila bebe stokke trajes de comunion hortensia maeso 2019 sudadera minnie ni帽a gafas agatadas juana de arco ropa camisetas de futbol oficiales baratas jordan shoes for guys mx suzuki joga tri膷ko reebok run 10 zapatilla adidas x tango 18.3 in balonman&#8230;',0,'0','Mozilla/5.0 (Windows NT 6.1; Trident/7.0; rv:11.0) like Gecko','trackback',0,0),(132,86,'qualit脿 bohemian vestiti','','http://www.2018shopsnewstore.com/larsen_unionvalley/qualit%c3%a0-bohemian-vestiti','121.207.58.158','2020-03-24 22:33:16','2020-03-24 21:33:16','<strong>qualit脿 bohemian vestiti</strong>\n\nmens ethnic wear designs smart casual christmas party miglior christmas attire polo neck vestito boho bianco flower girl vestiti anna frozen kost媒m abito monospalla vestito mini holly willoughby karen millen vestito',0,'0','Mozilla/5.0 (Windows NT 6.1; Trident/7.0; rv:11.0) like Gecko','trackback',0,0),(133,86,'adidas girls hoodie adibreak','','http://www.streamingmovie2018.com/gavehits/adidas-girls-hoodie-adibreak','121.207.58.192','2020-03-25 17:48:38','2020-03-25 16:48:38','<strong>adidas girls hoodie adibreak</strong>\n\nadidas essentials linear trekvartlange bukser dame surprise tours show me copenhagen nike damen rosa leder textil sneaker pom pom sneaker gold dots med velcro garmin forerunner 235 pris beste billig telefon villmarksbutikk oslo tommy hilfiger 3d hoodie&#8230;',0,'0','Mozilla/5.0 (Windows NT 6.1; Trident/7.0; rv:11.0) like Gecko','trackback',0,0),(134,86,'girls short sleeve sequin striped t shirt cat jack green target','','http://www.gamesfunclub.com/highshoals_riverwood/girls-short-sleeve-sequin-striped-t-shirt-cat-jack-green-target','120.43.8.230','2020-03-25 18:07:53','2020-03-25 17:07:53','<strong>girls short sleeve sequin striped t shirt cat jack green target</strong>\n\nlgbt t shirt funny cat pun gay pride shirts pl 鈥?polozatee embroidered dragon cropped tank top new wtaps design hoodie treasure bond canvas baseball cap nike air soldes nike huarache chaussures femme exclusif yupoo hats 163543 new gucci beige gg canvas&#8230;',0,'0','Mozilla/5.0 (Windows NT 6.1; Trident/7.0; rv:11.0) like Gecko','trackback',0,0),(135,86,'le costume gris anthracite homme en 40 photos mode homme','','http://www.song-320kbps.com/adidas_botte_homme/le-costume-gris-anthracite-homme-en-40-photos-mode-homme','110.82.169.65','2020-03-30 12:11:28','2020-03-30 11:11:28','<strong>le costume gris anthracite homme en 40 photos mode homme</strong>\n\nkeds 诪讻谞住讬讬诐 诇讬诇讚讬诐 诪讻谞住讬讬诐 讞讙讬讙讬讬诐 诇讘谞讬诐 讗驻讜专 讗驻讜专 dr martens 32 noir vernis cool tiro verni noir en cuir mocassins hommes pantoufles 诇拽谞讜转 讘讙讚讬 讬诇讚讜转 shein il 讘讙讚讬 讬诇讚讜转 砖诪诇转 讚讜讘讚讘谞讬诐 讚讜专讬转 砖讚讛 转讬拽 专讜讻住谉 拽讬讚诪讬 住讙讜诇 paul frank b unique 讞讟讬讘转 讙讜诇谞讬 9 t&#8230;',0,'0','Mozilla/5.0 (Windows NT 6.1; Trident/7.0; rv:11.0) like Gecko','trackback',0,0),(136,86,'gr酶n pure sleep pyjamas fra m眉sli til b酶rn','','http://www.plus90kora.com/websters_cedarfort/gr%c3%b8n-pure-sleep-pyjamas-fra-m%c3%bcsli-til-b%c3%b8rn','222.77.206.140','2020-04-03 04:48:39','2020-04-03 03:48:39','<strong>gr酶n pure sleep pyjamas fra m眉sli til b酶rn</strong>\n\nvir谩gos k枚nt枚s n艖i regina fekete giro savix spd sl orsz谩g煤ti cip艖 bonprix pamut zak贸 hauser cruiser 3s n艖i ker茅kp谩r l谩szl贸 ker茅kp谩r szak眉zlet 銈儉銉犮偍銉儦 銉儑銈ｃ兗銈?绂忚 wren silver tone watch nike air max 1 97 eclipse mache customs sneaker bar detroit firen&#8230;',0,'0','Mozilla/5.0 (Windows NT 6.1; Trident/7.0; rv:11.0) like Gecko','trackback',0,0),(137,86,'marvel boys captain america swim short clothing','','http://www.mirbek.com/kalaoa_woodway/marvel-boys-captain-america-swim-short-clothing','27.153.223.160','2020-04-05 15:19:57','2020-04-05 14:19:57','<strong>marvel boys captain america swim short clothing</strong>\n\ncallaway callaway mens big tall golf performance flat front cargo shorts mystic diva womens board shorts aurora exertek twist yoga crop pants jurassic world 2 water bottles for sale at mens waterproof tactical shorts elastic waist quick dry combat carg&#8230;',0,'0','Mozilla/5.0 (Windows NT 6.1; Trident/7.0; rv:11.0) like Gecko','trackback',0,0),(138,86,'砖诪诇讜转 注专讘 爪谞讜注讜转 razili','','http://www.042cobed.com/诪注讬诇_注讜专_诪讞讬专_castro/%d7%a9%d7%9e%d7%9c%d7%95%d7%aa-%d7%a2%d7%a8%d7%91-%d7%a6%d7%a0%d7%95%d7%a2%d7%95%d7%aa-razili','110.82.168.92','2020-04-06 02:28:27','2020-04-06 01:28:27','<strong>砖诪诇讜转 注专讘 爪谞讜注讜转 razili</strong>\n\npantalon grande taille woodstock camel active en velours chemise homme noire et carreaux bleu vert homme v锚tements marque d opportunit茅 adidas originals gris 砖诇讜诪讬 讚讚讜谉 砖诪诇讜转 注专讘 2014 stuff to buy 讛住驻拽讬诐 谞讙讚 砖讜驻专住诇 诪讜讞讬诐 注诇 讞讬讜讘讬诐 讞讚 爪讚讚讬讬诐 讙诇讜讘住 homme&#8230;',0,'0','Mozilla/5.0 (Windows NT 6.1; Trident/7.0; rv:11.0) like Gecko','trackback',0,0),(139,86,'scaldamuscoli calcio lunghi','','http://www.currentenergynews.com/faretti_per_parete/scaldamuscoli-calcio-lunghi','117.24.151.56','2020-04-08 07:27:13','2020-04-08 06:27:13','<strong>scaldamuscoli calcio lunghi</strong>\n\nbauletto dolan left coast negozi vestiti da sera camicie poco prezzo cuffie blitz prezzo miglior calcolatrice asics nimbus 16 opinioni occhiali da sole rettangolari piccoli trapano brushless zaino monospalla louis vuitton',0,'0','Mozilla/5.0 (Windows NT 6.1; Trident/7.0; rv:11.0) like Gecko','trackback',0,0),(140,86,'讟讘诇转 诪讬讚讜转 讘讙讚讬 讬诐','','http://www.innews60.com/砖专砖专转_砖诪讜转_注讬讙讜诇讬诐/%d7%98%d7%91%d7%9c%d7%aa-%d7%9e%d7%99%d7%93%d7%95%d7%aa-%d7%91%d7%92%d7%93%d7%99-%d7%99%d7%9d','117.24.151.56','2020-04-08 18:20:38','2020-04-08 17:20:38','<strong>讟讘诇转 诪讬讚讜转 讘讙讚讬 讬诐</strong>\n\n讞讜驻砖讛 讛砖讜讜讗转 诪讞讬专讬诐 hvitevarer i haugesund modern design egersund flaggermus skjelett kostyme as mc butikk konkurs stavanger aftenblad on my wishlist julie sandlau smykker frk. mejer lyngen lightweight down750 jacket finn herre sportskl忙r p氓 酶repynt ut&#8230;',0,'0','Mozilla/5.0 (Windows NT 6.1; Trident/7.0; rv:11.0) like Gecko','trackback',0,0),(141,86,'vans batoh realm','','http://www.westovercomputing.com/willowick_flippen/vans-batoh-realm','222.77.207.122','2020-04-09 14:21:19','2020-04-09 13:21:19','<strong>vans batoh realm</strong>\n\n诪拽诇 诇注讬住讛 讗讻讬诇 讚讜专讗讘诇 住讟讬拽 xs petstages 注诪谞讜讗诇 砖诪诇讜转 讻诇讛 转诪讜谞讛 2453353 诪转讞转谞讬诐 讗讝 诪讛 讞讚砖 爪专讻谞讜转 讜诇讬讬祝 住讟讬讬诇 讞讚砖 注诇 讛诪讚祝 爪注爪讜注讬诐 zipline casual best laptop trekking backpack for men women college girls boys fits 15.6 inch vintage gold fabric wedge hoste&#8230;',0,'0','Mozilla/5.0 (Windows NT 6.1; Trident/7.0; rv:11.0) like Gecko','trackback',0,0),(142,86,'bell猫ra store','','http://www.neonbet110.com/scarpa_chanel/bell%c3%a8ra-store','117.24.151.56','2020-04-10 14:30:06','2020-04-10 13:30:06','<strong>bell猫ra store</strong>\n\nrock mit pulli schalke 04 shop online ecco stiefel schwarz bluse schwarz rosa ibm thinkpad rucksack adidas sweatshirt jacken boss handtaschen outlet brautkleider 2018 kollektion damen poncho mit kapuze heine besteck runder griff',0,'0','Mozilla/5.0 (Windows NT 6.1; Trident/7.0; rv:11.0) like Gecko','trackback',0,0),(143,86,'住谞讬拽专住 讬诇讚讬诐 讙讬谞住 讻讞讜诇 讻讛讛','','http://www.innews60.com/讛讬诇讚讬诐_砖诇_拽住讟专讜_2016/%d7%a1%d7%a0%d7%99%d7%a7%d7%a8%d7%a1-%d7%99%d7%9c%d7%93%d7%99%d7%9d-%d7%92%d7%99%d7%a0%d7%a1-%d7%9b%d7%97%d7%95%d7%9c-%d7%9b%d7%94%d7%94','117.24.151.56','2020-04-10 22:18:40','2020-04-10 21:18:40','<strong>住谞讬拽专住 讬诇讚讬诐 讙讬谞住 讻讞讜诇 讻讛讛</strong>\n\n诪讻谞住讬讬诐 拽爪专讬诐 诇讘谞讜转 pepita 诪专诪诇讚讛 诪专拽讟 拽谞讬讜转 讘讗讬谞讟专谞讟 讟讬讜诇 住讙讜讜讬 讘转诇 讗讘讬讘 住讙讜讜讬 讘注讬专 segb 5 拽讜谞住驻讬专爪讬讜转 注诇 住讚专讜转 讬诇讚讬诐 砖讗讛讘谞讜 谞讬讜讝讘讜拽住 诪驻讬抓 专讬讞 100 诪 注诇讬讜谞讬转 拽专讜砖讛 砖讞讜专讛 谞注诇讬 谞讬讬拽 讘诪讘爪注 kj酶p rosa panneb氓nd til baby p氓 nett 讘讬讟讜讞 专讻讘讬 讞讘专讛 讘讬讟讜讞 爪讬讬 专讻讘&#8230;',0,'0','Mozilla/5.0 (Windows NT 6.1; Trident/7.0; rv:11.0) like Gecko','trackback',0,0),(144,86,'clarks tempt appeal pump','','http://www.dnepr-online.com/wells_benns/clarks-tempt-appeal-pump','27.153.221.128','2020-04-12 20:32:25','2020-04-12 19:32:25','<strong>clarks tempt appeal pump</strong>\n\nexo hair exoplastia alisamento capilar 2x500ml leave on o rei do c茅u mulheres swimwear one piece mai么s tamanhos pijama maternidade e camisola maternidade any any doudoune le coq sportif homme soldes asics mens gel foundation walker 3 graxa para sapato&#8230;',0,'0','Mozilla/5.0 (Windows NT 6.1; Trident/7.0; rv:11.0) like Gecko','trackback',0,0),(145,86,'costumi perizoma 2018','','http://www.casadish.com/classifica_serie_s/costumi-perizoma-2018','117.24.134.155','2020-04-13 00:39:57','2020-04-12 23:39:57','<strong>costumi perizoma 2018</strong>\n\nscarpe di harley quinn zaino captain america tuta da sci prezzo pantaloni con riga laterale bianca pochette gialla liu jo palazzo saluzzo paesana matrimonio dragon trainer giochi preziosi saucony modelli 2015 stokton sneakers prezzo test samsonite koff&#8230;',0,'0','Mozilla/5.0 (Windows NT 6.1; Trident/7.0; rv:11.0) like Gecko','trackback',0,0),(146,86,'vestidos coctel online espa帽a','','http://www.cricketkagyan.com/bonifay_american/vestidos-coctel-online-espa%c3%b1a','27.153.221.128','2020-04-13 14:35:43','2020-04-13 13:35:43','<strong>vestidos coctel online espa帽a</strong>\n\ntrunks clothing swimsuit america united states the best swimsuit brands to buy this year womens sexy black mesh push up monokini style one piece bathing suit l orecchini swarovski symbolic 5489533 dettagli su bobina decespugliatore stihl modulo accensi&#8230;',0,'0','Mozilla/5.0 (Windows NT 6.1; Trident/7.0; rv:11.0) like Gecko','trackback',0,0),(147,86,'sandalia west coast','','http://www.themykotr.com/mix_bolsas_atacado/sandalia-west-coast','117.26.243.154','2020-04-15 00:07:58','2020-04-14 23:07:58','<strong>sandalia west coast</strong>\n\ncheap wedding chair covers dresser table cloth wayfair outdoor rugs leroy merlin merlin spandex chair sashes wholesale cuscini per poltroncine da esterno french country chair slipcovers cal莽a de couro feminina colcci pentes wahl magic clip sun sea salt&#8230;',0,'0','Mozilla/5.0 (Windows NT 6.1; Trident/7.0; rv:11.0) like Gecko','trackback',0,0),(148,86,'mocassini hogan donna mocassino nero','','http://www.trabaspost.com/preventi/mocassini-hogan-donna-mocassino-nero','27.153.221.128','2020-04-16 03:29:32','2020-04-16 02:29:32','<strong>mocassini hogan donna mocassino nero</strong>\n\ncuotas de precios de halloween mujer zapatos massimo dutti oasis mono largo estilo falda pantal贸n con parte delantera conjuntos de ropa de moda 2016 chaleco de hombre tommy hilfiger rojo con capucha tommy 谩rbol de navidad con adornos funda nordica infa&#8230;',0,'0','Mozilla/5.0 (Windows NT 6.1; Trident/7.0; rv:11.0) like Gecko','trackback',0,0),(149,86,'Personalizado caso Huawei vengadores TPU para Honor 9','','https://es.aliexpress.com/item/4000626343432.html','121.207.58.122','2020-04-16 04:57:55','2020-04-16 03:57:55','<strong>Personalizado caso Huawei vengadores TPU para Honor 9</strong>\n\nFunda de Xiaomi personalizada Metal Magnetic Glass tel cubierta Capa Coque para Xiaomi A3 Funda de tel personalizada silicona suave para iPhone 11 Pro Funda personalizada para iphone xs Blancanieves Princess para iPhone 6 6S Personalizado iPhone caso l&#8230;',0,'0','Mozilla/5.0 (Windows NT 6.1; Trident/7.0; rv:11.0) like Gecko','trackback',0,0),(150,86,'mobila living sufragerie 卯n floresti','','http://www.tomeryekutiel.com/evarts_melbeta/mobila-living-sufragerie-%c3%aen-floresti','117.24.135.87','2020-04-17 11:29:50','2020-04-17 10:29:50','<strong>mobila living sufragerie 卯n floresti</strong>\n\npantaloni dama cu talie inalta verzi casual vand ie olteneasca textile din buzau mobila sifonier dulap dormitor sufragerie 写械褌褋泻芯械 屑械薪褞 蟹邪泻邪蟹邪褌褜 瑭︿箺銈ゃ兂銉椼儸銉冦偡銉с兂 渚℃牸銇?09涓囧唵 鏂板瀷polo銇渚°仺娉ㄦ剰鐐广伅锛焩w 銈炽兂銈姐兗銉儐銉笺儢銉?銉嗐兗銉栥儷 銈点偆銉夈儐銉笺儢銉?浣滄キ鍙?銈儠銈с儐銉笺儢銉?褉邪褋锌褉芯写邪卸&#8230;',0,'0','Mozilla/5.0 (Windows NT 6.1; Trident/7.0; rv:11.0) like Gecko','trackback',0,0),(151,86,'mini usb hdmi k谩bel','','http://www.armanestantour.com/febru谩ra/mini-usb-hdmi-k%c3%a1bel','121.207.58.122','2020-04-18 10:01:24','2020-04-18 09:01:24','<strong>mini usb hdmi k谩bel</strong>\n\nj crew 9 board shorts mens 33 royal blue swim trunks boardshorts nylon billabong lite hearted womens ripped denim shorts womens clothing coral laguna locked in kids swim trunks balenciaga bb round satin shoulder bag mytheresa summer cloth slim cotton b&#8230;',0,'0','Mozilla/5.0 (Windows NT 6.1; Trident/7.0; rv:11.0) like Gecko','trackback',0,0),(152,86,'Personalizado iphone xs max caso Anti-knock brillante polvo de brillo caja del tel para para iPhone XS Max','','https://es.aliexpress.com/item/4000630981263.html','121.207.58.122','2020-04-18 19:28:36','2020-04-18 18:28:36','<strong>Personalizado iphone xs max caso Anti-knock brillante polvo de brillo caja del tel para para iPhone XS Max</strong>\n\nFunda personalizada TPU para iPhone X Funda personalizada para Samsung cubierta para Note 8 Funda de tel personalizada transparente lujo personalizada DIY nombre 2020 moda para iphone 11 Funda personalizada para iphone xs max case para iPhone 11 Pro',0,'0','Mozilla/5.0 (Windows NT 6.1; Trident/7.0; rv:11.0) like Gecko','trackback',0,0),(153,86,'market trends and forecast 2019 2023 increase in','','http://www.assumpcioperruqueria.com/blueball_tybeeisland/market-trends-and-forecast-2019-2023-increase-in','121.207.58.122','2020-04-18 21:12:41','2020-04-18 20:12:41','<strong>market trends and forecast 2019 2023 increase in</strong>\n\nfunny pitbull t shirts tees best knee brace for knee pain relief 2018 womens high platform shoes women wedge platform sneakers hidden heel 2019 suede mesh thick sole high rise go dry plus size compression leggings malu trevejo accidentally goes live ex&#8230;',0,'0','Mozilla/5.0 (Windows NT 6.1; Trident/7.0; rv:11.0) like Gecko','trackback',0,0),(154,86,'regolabarba precisione','','http://www.pkshowbiz.com/assorbilatte/regolabarba-precisione','121.207.112.126','2020-04-19 05:48:56','2020-04-19 04:48:56','<strong>regolabarba precisione</strong>\n\nricaricabile 3 rasoio elettrico miglior prezzo natur schuhe versand w盲rmende unterw盲sche sch枚ne kurze kleider g眉nstig scarpe nike bambini maglia donna nuvita aerosol ricambi zalando scarpe nike uomo maschera per capelli secchi e crespi shampoo forfora&#8230;',0,'0','Mozilla/5.0 (Windows NT 6.1; Trident/7.0; rv:11.0) like Gecko','trackback',0,0),(155,86,'zapatitos de bebe con perlas','','http://www.nojm5.com/ojotas_lady_stork/zapatitos-de-bebe-con-perlas','27.153.181.228','2020-04-19 18:47:04','2020-04-19 17:47:04','<strong>zapatitos de bebe con perlas</strong>\n\nlegend 7 academy fg ver partido federer nadal blusas de vestir manga larga para dama black and cream floor rug number 9 balloon double split topper spannbettlaken usando bon茅 aba reta mule arezzo couro reloj casio chronograph wr100m ropa de bebe tejido',0,'0','Mozilla/5.0 (Windows NT 6.1; Trident/7.0; rv:11.0) like Gecko','trackback',0,0),(156,86,'rochie clos orsay cu imprimeu floral roz pastelat','','http://www.w88oto.com/glandorf_calumet/rochie-clos-orsay-cu-imprimeu-floral-roz-pastelat','121.207.112.126','2020-04-19 19:36:55','2020-04-19 18:36:55','<strong>rochie clos orsay cu imprimeu floral roz pastelat</strong>\n\nslapi de casa barbati st.martin 銈汇兂銉堛優銉笺儊銉?闀烽澊 6611 銈儍銈?銈ㄣ兂銈搞儖銈儢銉笺儎 銉偆銉?/a&gt; 銉┿偝銈广儐 lacoste 銈搞儯銈便儍銉?涓犊 銉栥儷銈俱兂 銈广偪銉炽儔銈儵銉?銉熴儔銉笀 銈淬偡銉冦偗 銈淬偣銉儶 v绯?鏈?銈儍銉堛偨銉?銉併儱銉嬨儍銈?銈儠銈枫儳銉儉銉?/a&gt; 卸械薪褋泻懈泄 泻芯卸邪薪褘泄 褉褞泻蟹邪泻 泻芯谢懈斜褉懈 泻褍锌懈褌褜 胁 懈写械邪谢褜薪褘械 斜械谢褘械 泻械写褘 芯褌 calvin&#8230;',0,'0','Mozilla/5.0 (Windows NT 6.1; Trident/7.0; rv:11.0) like Gecko','trackback',0,0),(157,86,'vintage brooch with citrine pronged stones vintage costume','','http://www.iyibiranne.com/maplerapids_laferia/vintage-brooch-with-citrine-pronged-stones-vintage-costume','117.24.148.237','2020-04-21 08:49:46','2020-04-21 07:49:46','<strong>vintage brooch with citrine pronged stones vintage costume</strong>\n\nmas谩啪ne pr铆stroje na chrbticu porcelanove salky na kavu p谩nske pr铆vesky na krk kupanie psa game of thrones letter print cotton t shirt women sexy tumblr graphic tee pink t shirt casual tshirts bae tops tees shirts in balenciaga everyday billfold everyd&#8230;',0,'0','Mozilla/5.0 (Windows NT 6.1; Trident/7.0; rv:11.0) like Gecko','trackback',0,0),(158,86,'carteira infantil coruja stephen joseph','','http://www.mrrepairservice.com/pigeoncreek_threelakes/carteira-infantil-coruja-stephen-joseph','110.82.169.232','2020-04-21 12:40:29','2020-04-21 11:40:29','<strong>carteira infantil coruja stephen joseph</strong>\n\njansport world traveler backpack puma r698 39 women martens 2976 florida puma new look yellow bag rogue t shirt cal莽a jeans feminina azul escura aproveite king55 l bicicleta infantil aro 20 caloi barbie com cesto rosa kit com tr锚s pares de meias infant&#8230;',0,'0','Mozilla/5.0 (Windows NT 6.1; Trident/7.0; rv:11.0) like Gecko','trackback',0,0),(159,86,'adidas originals zaino classico con stampa mimetica','','http://www.chainatday.com/stimolazione/adidas-originals-zaino-classico-con-stampa-mimetica','117.24.148.14','2020-04-23 07:36:52','2020-04-23 06:36:52','<strong>adidas originals zaino classico con stampa mimetica</strong>\n\nguy harvey fishing board shorts mens 38 aftco swim suit swimwear trunks plantronics model p620s petsafe transmitter beeping black zip up hoodie for men drziak na kyticu andulky na predaj asos mustard box pleat midi skirt with tan plaited belt and given&#8230;',0,'0','Mozilla/5.0 (Windows NT 6.1; Trident/7.0; rv:11.0) like Gecko','trackback',0,0),(160,86,'osta naiset tennarit netist盲 emp verkkokauppa','','http://www.fueradelaulafesc.com/naiset_ugg_jd_sports/osta-naiset-tennarit-netist%c3%a4-emp-verkkokauppa','27.153.220.202','2020-04-23 11:26:57','2020-04-23 10:26:57','<strong>osta naiset tennarit netist盲 emp verkkokauppa</strong>\n\nb艖r hat谩s煤 nadr谩g cs铆p艖 fazonnal 2 sz铆nben giubbotto inter nike rituals sakura gift set camera de carro em promo莽茫o nas lojas cal莽a moletom puma bmw motorsport sweat masculina cinza cal莽a moletom puma jogger classics t7 track preta ye艧il ceket kad谋n ni&#8230;',0,'0','Mozilla/5.0 (Windows NT 6.1; Trident/7.0; rv:11.0) like Gecko','trackback',0,0),(161,86,'britax kes盲p盲盲llinen malliin duo plus','','http://www.northeasternfashion.com/fox_lompakko_blue/britax-kes%c3%a4p%c3%a4%c3%a4llinen-malliin-duo-plus','27.153.221.110','2020-04-24 22:45:46','2020-04-24 21:45:46','<strong>britax kes盲p盲盲llinen malliin duo plus</strong>\n\n28 lg wz monitor tv tunerrel dlouh茅 tmav臎 膷erven茅 spole膷ensk茅 拧aty anabell central pi臋tro obuwie pss spo艂em bia艂ystok jaqueta kappa granger 18 feminina marinho e vinho cal莽a jeans jockos 36 masculina masculino promocao oferta buty markowe w pozna艅',0,'0','Mozilla/5.0 (Windows NT 6.1; Trident/7.0; rv:11.0) like Gecko','trackback',0,0),(162,86,'hospital wear','','http://www.suosdeytravel.com/windermere_mkena/hospital-wear','117.24.135.4','2020-04-25 06:25:11','2020-04-25 05:25:11','<strong>hospital wear</strong>\n\nbrands sportswear clothing discount for sell recommendable under armour phenom mens crew socks 3 pack light blue men girls jackets under armour coldgear reactor insulated under armour blue fly fast printed running capris formal pageant gowns fashion un&#8230;',0,'0','Mozilla/5.0 (Windows NT 6.1; Trident/7.0; rv:11.0) like Gecko','trackback',0,0),(163,86,'first trailer for the lego ninjago movie brings plastic','','http://www.bvbrugby.com/crenshaw_hiram/first-trailer-for-the-lego-ninjago-movie-brings-plastic','110.82.171.59','2020-04-25 10:57:44','2020-04-25 09:57:44','<strong>first trailer for the lego ninjago movie brings plastic</strong>\n\ntrepes vai k膩pnes izvelkamie d墨v膩ni izvelkamais st奴ra d墨vans llworld spider man vs man in lizard costume vs the lizard lego duplo ville familienhaus set 4966 spielhaus bett k眉che komplett ovp artstation lego one piece marshall d. teach marshall fire ch&#8230;',0,'0','Mozilla/5.0 (Windows NT 6.1; Trident/7.0; rv:11.0) like Gecko','trackback',0,0),(164,86,'stivali isabel marant bu donna economici online','','http://www.waterliliespreschool.com/spazzolata/stivali-isabel-marant-bu-donna-economici-online','110.82.171.59','2020-04-27 01:53:15','2020-04-27 00:53:15','<strong>stivali isabel marant bu donna economici online</strong>\n\nblue les copains borse a mano caterina c slip on cipele sa zakovicama obu膰a rijeka akcijaa tople cizme za zimu u stanju nepromocive broj 28 kor膷ule zimn茅 detsk茅 tempish fur expanze girl oltre catalogo primavera estate 2015 dilei knsam donne acciaio ino&#8230;',0,'0','Mozilla/5.0 (Windows NT 6.1; Trident/7.0; rv:11.0) like Gecko','trackback',0,0),(165,86,'lentille sterling gray','','http://www.xartut.com/coque_soccer_j3_prix/lentille-sterling-gray','27.153.203.46','2020-04-27 07:38:43','2020-04-27 06:38:43','<strong>lentille sterling gray</strong>\n\nnike nouveaut茅 basket lunette de soleil ray ban homme 2018 casque de scooter collant velo hiver proteini aminokiseline ko拧ulja design shops near me sense ultra 5 magasin femme chic',0,'0','Mozilla/5.0 (Windows NT 6.1; Trident/7.0; rv:11.0) like Gecko','trackback',0,0),(166,86,'disposable respirator mask ffp2 for','','http://www.shairng-online.com/mcgrady_losserranos/disposable-respirator-mask-ffp2-for','121.207.58.61','2020-04-28 01:03:25','2020-04-28 00:03:25','<strong>disposable respirator mask ffp2 for</strong>\n\nzongorapad sz眉linapi rendezv茅ny helysz铆nek h谩tizs谩k 谩rukeres艖 cuisine pour enfants termometro per temperatura basale costo prirodno bilje cucumber face mask for glowing skin retro farsangi jelmezek carousel faj谩t茅kok fjallraven kanken elad贸 sedlo prest&#8230;',0,'0','Mozilla/5.0 (Windows NT 6.1; Trident/7.0; rv:11.0) like Gecko','trackback',0,0),(167,86,'disfraz para nena de 2 a帽os','','http://www.mazandnezamnews.com/sponsor/disfraz-para-nena-de-2-a%c3%b1os','110.82.169.53','2020-04-29 06:06:58','2020-04-29 05:06:58','<strong>disfraz para nena de 2 a帽os</strong>\n\nsoczewki kontaktowe pure vision stringi meskie p贸艂buty badura m臋skie iphone 6s cristal roto cortes de pelo corto modernos traje real madrid ni帽o 2018 camisa escolar ni帽a ubranka do chrztu producent wozek spacerowy blizniaczy mejores camisetas basicas h&#8230;',0,'0','Mozilla/5.0 (Windows NT 6.1; Trident/7.0; rv:11.0) like Gecko','trackback',0,0),(168,86,'przek艂adki do segregatora a4 karty plastikowe kolorowe pp q','','http://www.radio4gelche.com/synu艣/przek%c5%82adki-do-segregatora-a4-karty-plastikowe-kolorowe-pp-q','120.43.10.42','2020-05-01 11:03:41','2020-05-01 10:03:41','<strong>przek艂adki do segregatora a4 karty plastikowe kolorowe pp q</strong>\n\nkapelusz czarny du偶y filcowy w dodatki adidas 3 stripe jog rybaczki damskie rozm.xs new zdj臋cie chytr茅 hodinky samsung gear michael kors tenisky christian louboutin louis strass clair de lune flat sneakers womens sandals christian louboutin amazoubille&#8230;',0,'0','Mozilla/5.0 (Windows NT 6.1; Trident/7.0; rv:11.0) like Gecko','trackback',0,0),(169,86,'promocije 5 godina jamstva','','http://www.montaguefamilyassociation.com/bob谩nek/promocije-5-godina-jamstva','120.43.8.171','2020-05-01 23:44:11','2020-05-01 22:44:11','<strong>promocije 5 godina jamstva</strong>\n\ntacones altos para mujer tacones finos bicicleta lifepo4 faja reductora leonisa de segunda mano por 15 en playa de sant danijel cosmetics boja za kosu 100ml 5.4 mix copper light pro膷itajte naslov lijepa na拧a hrvatska gumene 膷izme strana 1 啪enska obu膰a&#8230;',0,'0','Mozilla/5.0 (Windows NT 6.1; Trident/7.0; rv:11.0) like Gecko','trackback',0,0),(170,86,'tenis fila plataforma feminino','','http://www.cafeinetoff.com/lakegoodwin_haywood/tenis-fila-plataforma-feminino','121.207.56.138','2020-05-02 20:07:38','2020-05-02 19:07:38','<strong>tenis fila plataforma feminino</strong>\n\nt shirt bia艂y dzieci臋cy konstgjorda v盲xter 卮賮丕胤 乇賵丕卅丨 丿丕卅乇賷 kdk 丨噩賲 20 爻賲 1024 丿賵乇丞 魏伪渭蔚蟻伪 蠀蠄畏位畏蟼 伪谓伪位蠀蟽畏蟼 魏维渭蔚蟻蔚蟼 蟺伪蟻伪魏慰位慰蠉胃畏蟽畏蟼 abrigos y chaquetas de hombre parka 100 algod贸n compra szampan srebrny bling kryszta ruched suknia balowa suknia lubna cen&#8230;',0,'0','Mozilla/5.0 (Windows NT 6.1; Trident/7.0; rv:11.0) like Gecko','trackback',0,0),(171,86,'cheap price unique tee shirts marshmello fan art mens t shirts youth short t shirt crew neck hombre funny tees','','http://www.mirbek.com/theilman_fallsington/cheap-price-unique-tee-shirts-marshmello-fan-art-mens-t-shirts-youth-short-t-shirt-crew-neck-hombre-funny-tees','110.82.168.141','2020-05-02 21:35:59','2020-05-02 20:35:59','<strong>cheap price unique tee shirts marshmello fan art mens t shirts youth short t shirt crew neck hombre funny tees</strong>\n\nnautical striped t shirt white blue the man behind the bump pregnant af adidas techfit chill 9 inch mens short running tights green www new little girls unicorn mens beach pants topshop floral button front cami dear santa funny german shepherd puppies&#8230;',0,'0','Mozilla/5.0 (Windows NT 6.1; Trident/7.0; rv:11.0) like Gecko','trackback',0,0),(172,86,'i va拧a kupaonica mo啪e izgledati ovako indizajn s mirjanom','','http://www.blackmangoresort.com/independent_drakesboro/i-va%c5%a1a-kupaonica-mo%c5%bee-izgledati-ovako-indizajn-s-mirjanom','117.24.133.156','2020-05-07 00:26:20','2020-05-06 23:26:20','<strong>i va拧a kupaonica mo啪e izgledati ovako indizajn s mirjanom</strong>\n\n賲丿賷乇賷丞 丕賱禺丿賲丕 丕賱噩丕賲毓賷丞 丕賱賲爻賷賱丞 丕賱賯胤亘 毓賱賳 毓賳 賵馗賷賮 賲丿賵賳丞 huawei p8 lite funda silicona disney incluir no babycentar igra膷ke shop babycentar 未喂伪魏蠈蟺蟿蔚蟼 蔚蟻纬伪位蔚委蠅谓 radio eska gor膮ca 20 koszulka halka 偶wirek cats best nature gold cena golarki philips m艂oto wi&#8230;',0,'0','Mozilla/5.0 (Windows NT 6.1; Trident/7.0; rv:11.0) like Gecko','trackback',0,0),(173,86,'triumph bh blau','','http://www.paanakhabar.com/platzset/triumph-bh-blau','117.26.241.100','2020-05-07 13:47:49','2020-05-07 12:47:49','<strong>triumph bh blau</strong>\n\nimpresora 3d tipo prusa asequible zapatos para ni帽os colorfur verano nuevos zapatos de agua para sportmode g眉nstig online kaufen gro脽handel wangjiang thermo underwear m盲nner baumwolle herren crewneck t shirt gr眉n champion gant gr眉n schn眉rschuhe damen a&#8230;',0,'0','Mozilla/5.0 (Windows NT 6.1; Trident/7.0; rv:11.0) like Gecko','trackback',0,0),(174,86,'szoknya black pencil outfit','','http://www.moneytipscenter.com/sujt谩sos_ruha/szoknya-black-pencil-outfit','27.153.223.96','2020-05-07 22:11:37','2020-05-07 21:11:37','<strong>szoknya black pencil outfit</strong>\n\nszoknya black with white lines iphone 6s m茅retei olcs贸 perget艖 botok blokk konyhab煤tor comprar tom ford ft 0690 01c online fdlzz pantalones deportivos de yoga ropa deportiva para mujeres podkoszulki damskie allegro m臋skie ccc torebka na d艂ugim pasku ka&#8230;',0,'0','Mozilla/5.0 (Windows NT 6.1; Trident/7.0; rv:11.0) like Gecko','trackback',0,0),(175,86,'set bicchieri moderni','','http://www.michalklebs.com/posturale/set-bicchieri-moderni','121.207.56.247','2020-05-09 12:29:51','2020-05-09 11:29:51','<strong>set bicchieri moderni</strong>\n\nneueste philips rasierer dirndl rot blau brautkleid satin spitze m盲nner epilierer brautkleider creme iphone xr ladekabel kleid f眉r hochzeit g眉nstig herren sneaker online winterjacken g眉nstig kaufen markisenstoffe meterware restposten baby mobile halter&#8230;',0,'0','Mozilla/5.0 (Windows NT 6.1; Trident/7.0; rv:11.0) like Gecko','trackback',0,0),(176,86,'turquoise bottoms out authentic brand vintage surf shorts size','','http://www.mirbek.com/trinchera_pearlington/turquoise-bottoms-out-authentic-brand-vintage-surf-shorts-size','27.153.220.73','2020-05-10 22:08:01','2020-05-10 21:08:01','<strong>turquoise bottoms out authentic brand vintage surf shorts size</strong>\n\ncti custom hinge stickers with 枚ssur logo latest version austin reed signature mens xl casual shirt purple striped cotton i quiksilver 8 16 highline bush bandit 18 youth boys boardshort shorts womens patriotic american flag usa athletic workout legging&#8230;',0,'0','Mozilla/5.0 (Windows NT 6.1; Trident/7.0; rv:11.0) like Gecko','trackback',0,0),(177,86,'nike 拧portov谩 obuv wmns nike downshifter 9 b茅啪ov谩','','http://www.ordumesaj.com/ly啪iarom/nike-%c5%a1portov%c3%a1-obuv-wmns-nike-downshifter-9-b%c3%a9%c5%beov%c3%a1','110.82.168.60','2020-05-10 22:17:54','2020-05-10 21:17:54','<strong>nike 拧portov谩 obuv wmns nike downshifter 9 b茅啪ov谩</strong>\n\npolo ralph lauren junior pas cher homme vente pas cher blanc kenzo chaussures white air force femme beige x ium classic wcs c2 accola maxi scarf 2862 r酶dt skjerf fjellreven poncho dccn petit sac 脿 main cuir femme sacs en cuir de mode pour femmes port茅&#8230;',0,'0','Mozilla/5.0 (Windows NT 6.1; Trident/7.0; rv:11.0) like Gecko','trackback',0,0),(178,86,'zapatillas de running questar boost tf m','','http://www.dreamsofabrownman.com/mauckport_lafferty/zapatillas-de-running-questar-boost-tf-m','121.207.114.142','2020-05-11 00:13:53','2020-05-10 23:13:53','<strong>zapatillas de running questar boost tf m</strong>\n\n丕賮囟賱 亘乇賳丕賲噩 vpn 賱賱丕賳丿乇賵賷丿 2019 丕賯賵賶 4 亘乇丕賲噩 vpn 賲噩丕賳賷丞 賵 賰爻乇 泻谢褍屑斜褘 懈蟹 锌芯写褉褍褔薪褘褏 褋褉械写褋褌胁 褋胁芯懈屑懈 褉褍泻邪屑懈 ropa de ni os para bodas en asturias aigner roma handbag black nike 488298 086 air force 1 cool grey black white lunar shoes size 8 kofer za 拧minku k&#8230;',0,'0','Mozilla/5.0 (Windows NT 6.1; Trident/7.0; rv:11.0) like Gecko','trackback',0,0),(179,86,'vintage busnel ryggs盲ck v盲ska tyg 327932636','','http://www.gencimamhatipliler.com/vasque/vintage-busnel-ryggs%c3%a4ck-v%c3%a4ska-tyg-327932636','222.77.207.240','2020-05-11 02:01:58','2020-05-11 01:01:58','<strong>vintage busnel ryggs盲ck v盲ska tyg 327932636</strong>\n\nnu b枚rjar arbetet bakom kulisserna. sweden international horse show hilda eriksson hot batman dr盲kt barn laga stenskott eller byt vindruta p氓 global watercolor striped shirt tommy regnkl盲der titta p氓 v氓rt store urval vida byxor dam s盲lja artwork tiger&#8230;',0,'0','Mozilla/5.0 (Windows NT 6.1; Trident/7.0; rv:11.0) like Gecko','trackback',0,0),(180,86,'uni ball recharge pour stylo bille jetstream rt r茅tractable. gel bleue','','http://www.skijaski-skokovi.com/d茅grad茅es/uni-ball-recharge-pour-stylo-bille-jetstream-rt-r%c3%a9tractable.-gel-bleue','117.26.241.100','2020-05-11 02:21:27','2020-05-11 01:21:27','<strong>uni ball recharge pour stylo bille jetstream rt r茅tractable. gel bleue</strong>\n\nbilbarnstol fr氓n 3 氓r sk氓pbelysning led batteri zendium zubn谩 pasta sensitive 75 ml kniha elegantn铆 拧perky peyotov媒m stehem braun mq500 soup integrovan媒 syst茅m v budov臎 rekonstrukce existuj铆c铆ho rodinn茅ho aiguilles pour tresser clover vieilli 脿 franges&#8230;',0,'0','Mozilla/5.0 (Windows NT 6.1; Trident/7.0; rv:11.0) like Gecko','trackback',0,0),(181,86,'armani jeans handtasche pink lackleder','','http://www.fisiltihaber.com/dudubags/armani-jeans-handtasche-pink-lackleder','117.26.243.121','2020-05-12 03:50:47','2020-05-12 02:50:47','<strong>armani jeans handtasche pink lackleder</strong>\n\nbestellen grimey flying saucer hoodie yellow hoodies replik r眉ckenfreies kleid lang盲rmlig schwarz von somnia luna neue art und weise marken sommer stil frauen kleidung sexy mtg new fashion rucksack casual men bolso desigual shopping unique 19waxa01 com&#8230;',0,'0','Mozilla/5.0 (Windows NT 6.1; Trident/7.0; rv:11.0) like Gecko','trackback',0,0),(182,86,'povlak n谩hradn铆 na anatomick媒 pol拧t谩艡 l暖啪koviny jane膷ek','','http://www.attractedskin.com/postavi膷k谩m/povlak-n%c3%a1hradn%c3%ad-na-anatomick%c3%bd-pol%c5%a1t%c3%a1%c5%99-l%c5%af%c5%bekoviny-jane%c4%8dek','27.153.223.144','2020-05-12 20:57:11','2020-05-12 19:57:11','<strong>povlak n谩hradn铆 na anatomick媒 pol拧t谩艡 l暖啪koviny jane膷ek</strong>\n\npelikan 735 k 117 preu脽ischblau deckfarben ersatz sch盲lchen 92001 051 010 aus leder g眉nstige kleider in kurzgr枚脽en kaufen asics damen gel kayano 26 running shoe pin en all makeup bruska n谩stroj暖 weinig rondamat 960 specifikace falco kuchy艌sk谩 linka dun&#8230;',0,'0','Mozilla/5.0 (Windows NT 6.1; Trident/7.0; rv:11.0) like Gecko','trackback',0,0),(183,86,'讘讞讚专讬 讞专讚讬诐 讞讚砖讜转 讜讬讚讗讜','','http://www.sinematografik.com/dillon/%d7%91%d7%97%d7%93%d7%a8%d7%99-%d7%97%d7%a8%d7%93%d7%99%d7%9d-%d7%97%d7%93%d7%a9%d7%95%d7%aa-%d7%95%d7%99%d7%93%d7%90%d7%95','117.26.76.27','2020-05-13 06:03:00','2020-05-13 05:03:00','<strong>讘讞讚专讬 讞专讚讬诐 讞讚砖讜转 讜讬讚讗讜</strong>\n\nhalpahalli ylivieska valokuvapaperi laser neulepaidat edulliset tuoksut netist盲 诇谞拽讜诐 拽专诐 驻谞讬诐 讘讙讚讬 讬诐 砖诇诪讬诐 诇讛讝诪谞讛 讘讗讬谞讟专谞讟 sis盲pelikeng盲t koko 26 nuorten juhlavaatteet 诪讻讜谞转 砖讟讬驻讛 拽专砖专',0,'0','Mozilla/5.0 (Windows NT 6.1; Trident/7.0; rv:11.0) like Gecko','trackback',0,0),(184,86,'kommoden kleinm枚bel','','http://www.itsbizchannel.com/vorhand/kommoden-kleinm%c3%b6bel','117.24.148.235','2020-05-13 14:09:08','2020-05-13 13:09:08','<strong>kommoden kleinm枚bel</strong>\n\nsparschwein witzig aufbewahrungsbox plastik harry potter kaufen giubbino moto con airbag 12v 3 watt led intense pure air contouring farben damen bluse kariert rot shampoo bei schnell fettenden haaren haare f枚hnen m盲nner jeans lange gr枚脽en herren hauben&#8230;',0,'0','Mozilla/5.0 (Windows NT 6.1; Trident/7.0; rv:11.0) like Gecko','trackback',0,0),(185,86,'anorak femme avec fourrure','','http://www.almaghribia24.com/pissenlits/anorak-femme-avec-fourrure','117.24.148.235','2020-05-13 14:17:43','2020-05-13 13:17:43','<strong>anorak femme avec fourrure</strong>\n\npyjama damen sommer trachten lederhose outlet heine weisses tischtuch kaufen robe pour un gala comparatif cordage tennis robe longue style western couvert service sweat femme fashion union scarponcini scarpa in goretex scatole per fiori pantaloni da la&#8230;',0,'0','Mozilla/5.0 (Windows NT 6.1; Trident/7.0; rv:11.0) like Gecko','trackback',0,0),(186,86,'nuevo catalogo media markt','','http://www.uruguayenfotos.com/godwin_midland/nuevo-catalogo-media-markt','110.82.170.58','2020-05-15 14:25:44','2020-05-15 13:25:44','<strong>nuevo catalogo media markt</strong>\n\nwharfedale diamond 220 zubeh枚r f眉r gamer panasonic er131 h wann rasieren best safety razor for shaving head 45 tendencias de carteras usadas para explorar comentarios bolsa de valores mochila jansport superbreak 501 34n verde agua con picaflor present&#8230;',0,'0','Mozilla/5.0 (Windows NT 6.1; Trident/7.0; rv:11.0) like Gecko','trackback',0,0),(187,86,'scippis riley baseballcap aus','','http://www.ladanmc.com/teegeschirr/scippis-riley-baseballcap-aus','27.153.223.144','2020-05-17 08:00:16','2020-05-17 07:00:16','<strong>scippis riley baseballcap aus</strong>\n\n20.000 meilen mit der miles and more rozlu膷ka se svobodou jak se pat艡铆 magaz铆n the wedding post d臎tsk谩 softshellov谩 bunda respir谩tor cover guard ffp3 recenze philips s 6620 11 wet dry holic铆 strojek eyeliner gelingt welcher lidstrich dvotinst neugebore&#8230;',0,'0','Mozilla/5.0 (Windows NT 6.1; Trident/7.0; rv:11.0) like Gecko','trackback',0,0),(188,86,'el艖szoba b煤tor','','http://www.lilaozel.com/pomi膷emo/el%c5%91szoba-b%c3%bator','121.207.113.214','2020-05-18 23:36:57','2020-05-18 22:36:57','<strong>el艖szoba b煤tor</strong>\n\n艣wiat przemys艂u kosmetycznego 2 2014 by 艣wiat przemys艂u nohavice do p谩sa forest profi stretch anonymous voice with text to speech tachipirina per mal di pancia prisma turku avoinna new baby monitors 2016 reparation af mobiltelefon aparat masura digital',0,'0','Mozilla/5.0 (Windows NT 6.1; Trident/7.0; rv:11.0) like Gecko','trackback',0,0),(189,86,'goth pelle marsupio borsa steampunk r茅tro spalla confezioni','','http://www.lushsalonkc.com/elegantidonna/goth-pelle-marsupio-borsa-steampunk-r%c3%a9tro-spalla-confezioni','121.207.113.11','2020-05-19 06:34:27','2020-05-19 05:34:27','<strong>goth pelle marsupio borsa steampunk r茅tro spalla confezioni</strong>\n\nblack thickening cold winter jacket with hood warm oversize long coat for women w1002 viano膷n茅 oble膷enie armani exchange womens patent small cross body bag red balenciaga georges v 2019 all you need to know before you grandma a mom without rules funny&#8230;',0,'0','Mozilla/5.0 (Windows NT 6.1; Trident/7.0; rv:11.0) like Gecko','trackback',0,0),(190,86,'supreme ss18 waist bag in black depop','','http://www.sagarratnadapoli.com/golfmanor/supreme-ss18-waist-bag-in-black-depop','27.153.221.86','2020-05-20 10:22:47','2020-05-20 09:22:47','<strong>supreme ss18 waist bag in black depop</strong>\n\ncrocodile python snakeskin multicolor big bag by gianni barbato dakine 101 29l backpack small antony messenger bag oxblood multicolour 讗专讙讜谞讬转 讗专谞拽 诇讚专讻讜谉 谞专转讬拽 谞住讬注讜转 诇讚专讻讜谉 讛讻讬专讜 讗转 砖讻讜谞转 讘讬讗诇讬拽 讘专诪转 讙谉 专诪转 讙谉 讛讗专抓 infantry chrono pilot blue h酶rev忙rn&#8230;',0,'0','Mozilla/5.0 (Windows NT 6.1; Trident/7.0; rv:11.0) like Gecko','trackback',0,0),(191,86,'panske diesel hodinky','','http://www.pashupatinathkhabar.com/komfortn谩/panske-diesel-hodinky','117.24.133.67','2020-05-21 00:37:00','2020-05-20 23:37:00','<strong>panske diesel hodinky</strong>\n\nmini pochette nera con piume fucsia e strass burberry borsa shopping donna tessuto beige amazon borsa da mare spiaggia piscina chiusura a zip e tasca convertible flat bag in blu printed leather cl2 2.0 portafoglio da uomo in pelle nera twinset simona b&#8230;',0,'0','Mozilla/5.0 (Windows NT 6.1; Trident/7.0; rv:11.0) like Gecko','trackback',0,0),(192,86,'levneelektro let谩k krava艡e aktu谩ln铆 ak膷n铆 let谩k','','http://www.gizmusic.com/dob铆jan铆m/levneelektro-let%c3%a1k-krava%c5%99e-aktu%c3%a1ln%c3%ad-ak%c4%8dn%c3%ad-let%c3%a1k','27.153.220.112','2020-05-21 11:56:18','2020-05-21 10:56:18','<strong>levneelektro let谩k krava艡e aktu谩ln铆 ak膷n铆 let谩k</strong>\n\ndaywear pflege 30 ml von est茅e lauder neuwertig severin hair care gl盲tteisen roboter bausatz kinder faith in nature 拧ampon proti lup暖m bio periny a polstare aloe vera vesna levn臎 uhlova bruska p艡erov spielzeug in m枚ssingen g眉nstige angebote finden orig&#8230;',0,'0','Mozilla/5.0 (Windows NT 6.1; Trident/7.0; rv:11.0) like Gecko','trackback',0,0),(193,86,'bilstereo dab dab radio pioneer mvh 280dab jula','','http://www.crazytubeupload.com/julekjole_strikk/bilstereo-dab-dab-radio-pioneer-mvh-280dab-jula','27.153.220.56','2020-05-21 17:48:55','2020-05-21 16:48:55','<strong>bilstereo dab dab radio pioneer mvh 280dab jula</strong>\n\njust female t酶j sko fra alle fashionsites 茅t sted lange hvite kjoler nike basket rosherun gs classique new balance 580 femme basket adidas zx flux rose fluo sandales talon compens茅 unisa ford mustang 50 ans argent茅 homme sweat shirt 脿 capuche s pantalo&#8230;',0,'0','Mozilla/5.0 (Windows NT 6.1; Trident/7.0; rv:11.0) like Gecko','trackback',0,0),(194,86,'spirit halloween costume store','','http://www.livenumber4d.com/aluma_redoak/spirit-halloween-costume-store','117.24.133.221','2020-05-21 19:01:34','2020-05-21 18:01:34','<strong>spirit halloween costume store</strong>\n\ndress the population corey chiffon ted baker weekend bag mens 2020 nike jackets yami gautam lehenga new mens under armour speedfit hike boots black boys toddler ua young gifted long sleeve under armour mens ua tactical bucket boonie hat marine od green&#8230;',0,'0','Mozilla/5.0 (Windows NT 6.1; Trident/7.0; rv:11.0) like Gecko','trackback',0,0),(195,86,'转诇讬讜谉 驻谞讬谞讛 诪专诪诇讚讛 诪专拽讟','','http://www.alrayanews.com/tannehill/%d7%aa%d7%9c%d7%99%d7%95%d7%9f-%d7%a4%d7%a0%d7%99%d7%a0%d7%94-%d7%9e%d7%a8%d7%9e%d7%9c%d7%93%d7%94-%d7%9e%d7%a8%d7%a7%d7%98','27.153.220.135','2020-05-21 19:18:22','2020-05-21 18:18:22','<strong>转诇讬讜谉 驻谞讬谞讛 诪专诪诇讚讛 诪专拽讟</strong>\n\ninteligente ropa pink connection playera azul marino con zapatos para ni帽os y botas de agua monpetit comprar zapatillas nike sb argentina mundo atractivas marca gorras planas baratas nba chicago bulls sombrero paja ref free jacket silver mother of the&#8230;',0,'0','Mozilla/5.0 (Windows NT 6.1; Trident/7.0; rv:11.0) like Gecko','trackback',0,0),(196,86,'lamparas techo para dormitorios','','http://www.thehiddencities.com/biotina/lamparas-techo-para-dormitorios','27.153.220.135','2020-05-22 01:44:49','2020-05-22 00:44:49','<strong>lamparas techo para dormitorios</strong>\n\ncartera carolina herrera bar de cocina decoracion muebles de madera articulos de papeler铆a d谩mske 拧t媒lov茅 kabelky s vyb铆jan铆m v bordovej farbe kvalitn茅 p谩nske modr茅 top谩nky bugatti kabelky elegantn媒 d谩msky batoh emily noah miriam 拧ed谩 farby s golierom&#8230;',0,'0','Mozilla/5.0 (Windows NT 6.1; Trident/7.0; rv:11.0) like Gecko','trackback',0,0),(197,86,'star wars pet stuff','','http://www.mynaijastars.com/d茅l茅gu茅s/star-wars-pet-stuff','117.24.133.19','2020-05-27 04:44:58','2020-05-27 03:44:58','<strong>star wars pet stuff</strong>\n\nmini ophidia mini leather crossbody bag low price balenciaga speed trainer low with white textured pool slides womens accessories adorable clay jewelry making ideas 6 clay clothing rodarte black fur jacket new fashion mens long winter coats slim fit me&#8230;',0,'0','Mozilla/5.0 (Windows NT 6.1; Trident/7.0; rv:11.0) like Gecko','trackback',0,0),(198,86,'the dreadful story behind pompom accessories peta','','http://www.leymesina.com/vanndale_sammamish/the-dreadful-story-behind-pompom-accessories-peta','121.207.114.83','2020-05-27 14:04:54','2020-05-27 13:04:54','<strong>the dreadful story behind pompom accessories peta</strong>\n\nlisted on depop by nelldsouza paires de sneakers color茅es pour de plain coque iglaze napa pour iphone 6 et 6s coque iphone 4s 4 moxie cover rubber rigide ultra fine motif t茅l茅phone engineer safety vest smart band yoho tommy hilfiger toiletries dist gre&#8230;',0,'0','Mozilla/5.0 (Windows NT 6.1; Trident/7.0; rv:11.0) like Gecko','trackback',0,0),(199,86,'tania lampa uv','','http://www.urserial1.com/z谩sadn铆/tania-lampa-uv','121.207.112.183','2020-05-29 19:50:05','2020-05-29 18:50:05','<strong>tania lampa uv</strong>\n\na4 papier cena masaz chrbta o拧etrenie pleti ultrazvukom pl谩vacie dosky collezione borse philipp plein primavera estate 2017 abbigliamento applicabile 2016 nero venerd矛 vendita zaino unisex business croce svizzera sacchi black fringed logo leather tote&#8230;',0,'0','Mozilla/5.0 (Windows NT 6.1; Trident/7.0; rv:11.0) like Gecko','trackback',0,0),(200,86,'dit lokale apotek glostrup shoppingcenter sundhed og helse','','http://www.bioparqueparadise.com/eventyrbestik/dit-lokale-apotek-glostrup-shoppingcenter-sundhed-og-helse','27.153.223.218','2020-05-30 10:26:35','2020-05-30 09:26:35','<strong>dit lokale apotek glostrup shoppingcenter sundhed og helse</strong>\n\nbrove uld frakke monks robe melange fyns kostumeudlejning bl酶d blondetop i materialet modal k酶b logitech mus djeco sushi bar aki et maki k酶b sushi legemad her rezzato bricoman registreringsvilk氓r for nyhedsbrevene skridtt忙ller armb氓nd med ur jumpsuit c&#8230;',0,'0','Mozilla/5.0 (Windows NT 6.1; Trident/7.0; rv:11.0) like Gecko','trackback',0,0),(201,86,'borsa donna 2019 primavera e estate new european e american','','http://www.noticiaspalmeiras.com/kundalini/borsa-donna-2019-primavera-e-estate-new-european-e-american','121.207.56.101','2020-06-01 08:51:17','2020-06-01 07:51:17','<strong>borsa donna 2019 primavera e estate new european e american</strong>\n\ncat body harness top dentelle where can you buy umbrellas mermaid maternity medium panel maternity board shorts black nwt mens under armour coolswitch compression training leggings white l 1271331 s men captain morgan official crew gear swim shorts whi&#8230;',0,'0','Mozilla/5.0 (Windows NT 6.1; Trident/7.0; rv:11.0) like Gecko','trackback',0,0),(202,86,'borsa gialla in pelle','','http://www.areabioskop.com/fondatrice/borsa-gialla-in-pelle','59.58.207.117','2020-06-02 08:57:09','2020-06-02 07:57:09','<strong>borsa gialla in pelle</strong>\n\nartiklar i kategorin garderoben skor r盲tt start t盲cke eco bomull vagn vagga sk盲rmaskin nils johan vandringsbyxor friluftsfr盲mjandet ny rabatt gummist枚vlar lejon dam gummist枚vel mijo crochet crochet inspiration and design from sweden tamaris b盲sta sneak&#8230;',0,'0','Mozilla/5.0 (Windows NT 6.1; Trident/7.0; rv:11.0) like Gecko','trackback',0,0),(203,86,'makita gyepszell艖ztet艖','','http://www.inpracticect.com/拧titite/makita-gyepszell%c5%91ztet%c5%91','117.24.148.175','2020-06-02 12:23:37','2020-06-02 11:23:37','<strong>makita gyepszell艖ztet艖</strong>\n\ninfrapanel akci贸 5 forintos micro usb dc 5v 枚vt谩ska 谩r global beauty care black mask pap铆r t谩rol贸doboz prix expedition',0,'0','Mozilla/5.0 (Windows NT 6.1; Trident/7.0; rv:11.0) like Gecko','trackback',0,0),(204,86,'High Quality Attack On Titan Mikasa Japan For LG G2 G3 G4 G5 G6 G7 K4 K7 K8 K10 K12 K40 Mini Plus Stylus ThinQ 2016 2017 2018','','https://www.aliexpress.com/item/Info/4000932145663.html','117.24.148.175','2020-06-03 19:18:37','2020-06-03 18:18:37','<strong>High Quality Attack On Titan Mikasa Japan For LG G2 G3 G4 G5 G6 G7 K4 K7 K8 K10 K12 K40 Mini Plus Stylus ThinQ 2016 2017 2018</strong>\n\nTPU Cell Bags For Huawei Honor 4C 5A 5C 5X 6 6A 6X 7 7A 7C 7X 8 8C 8S 9 10 10i 20 20i Lite Pro Protector Flowers Fox Butterfly Print Cute Melancholy Kitten Fashion Necklace Handmade Rectangle Shape Choker Necklace Jewelry Multi Designs For Girls Gta Sa&#8230;',0,'0','Mozilla/5.0 (Windows NT 6.1; Trident/7.0; rv:11.0) like Gecko','trackback',0,0),(205,86,'scarpe alte vans sconti vans mix checker sk8 hi rosse','','http://www.filmkoshti.com/riscaldata/scarpe-alte-vans-sconti-vans-mix-checker-sk8-hi-rosse','117.24.148.175','2020-06-03 20:31:06','2020-06-03 19:31:06','<strong>scarpe alte vans sconti vans mix checker sk8 hi rosse</strong>\n\nsigvaris sports recovery compression socks compression stockings best james bond gifts 2019 gift ideas for james bond fans alexander wang bite frayed cuff denim shorts in black lyst shiny leggings for women donjoy playmaker ii wrap knee brace. previous&#8230;',0,'0','Mozilla/5.0 (Windows NT 6.1; Trident/7.0; rv:11.0) like Gecko','trackback',0,0),(206,86,'sneakers rubens','','http://www.mitrasouvenir.com/solidali/sneakers-rubens','220.162.165.126','2020-06-04 20:52:48','2020-06-04 19:52:48','<strong>sneakers rubens</strong>\n\nvestidos hasta la rodilla juveniles cordones anchos comprar aretes al por mayor heine modeversand deutschland duitse mode webshop sale sportschoenen heren tasche veloursleder schwarz strickkleid auf rechnung skibekleidung g眉nstig herren bluse schwarz v&#8230;',0,'0','Mozilla/5.0 (Windows NT 6.1; Trident/7.0; rv:11.0) like Gecko','trackback',0,0),(207,86,'cal a pantacourt preta com bot es','','http://www.rechte-koeln.com/etter_pamelia/cal-a-pantacourt-preta-com-bot-es','121.207.56.90','2020-06-05 21:07:51','2020-06-05 20:07:51','<strong>cal a pantacourt preta com bot es</strong>\n\nindpakket f忙rdig gave til voksne marca 2018 camisa de moda masculina manga larga tops doble cuello negocios camisas vestir para hombre delgada citizen reloj anal贸gico de cuarzo para mujer 尾蟻伪未蠀谓维 蠀蠁维蟽渭伪蟿伪 谓蠀蠁喂魏畏 未伪谓蟿蔚位伪 魏蔚谓蟿畏渭蔚谓畏 渭蔚 蟺慰蠀蟺慰蠀位伪 bunda h盲rk&#8230;',0,'0','Mozilla/5.0 (Windows NT 6.1; Trident/7.0; rv:11.0) like Gecko','trackback',0,0),(208,86,'d谩mska obuv online','','http://www.turtog.com/challenge_wyanet/d%c3%a1mska-obuv-online','117.24.151.90','2020-06-06 01:49:18','2020-06-06 00:49:18','<strong>d谩mska obuv online</strong>\n\n2019 lovely layer stainless steel thermal insulated lunch box bento food container school lunch boxes bags under armour shoes gold and black under armour sale uk under armour shoes uk best price ua cleats for cheap do you have the will it takes to run&#8230;',0,'0','Mozilla/5.0 (Windows NT 6.1; Trident/7.0; rv:11.0) like Gecko','trackback',0,0),(209,86,'lentes d esol con lente polarizada','','http://www.smallmdm.com/lentes_bali_rusty/lentes-d-esol-con-lente-polarizada','27.153.223.95','2020-06-08 03:58:01','2020-06-08 02:58:01','<strong>lentes d esol con lente polarizada</strong>\n\ncarolina herrera black wallet with original box black carolina arranca el 38 campamento de educaci贸n mejor online en venta seleccione original espejuelos online lentes ray ban sombreados armazones anteojos de sol aviador de anteojo sol retro mayor ante&#8230;',0,'0','Mozilla/5.0 (Windows NT 6.1; Trident/7.0; rv:11.0) like Gecko','trackback',0,0),(210,86,'gucci belt similar cheap outlet','','http://www.bevosbait.com/thorofare_branchburg/gucci-belt-similar-cheap-outlet','220.162.165.126','2020-06-09 11:13:17','2020-06-09 10:13:17','<strong>gucci belt similar cheap outlet</strong>\n\nDulzura 讛讜诇讜讙专驻讬转 讘诇讬谞讙 sparkle 诪讬谞讬 砖诪诇转 专爪讜注讛 诇诇讗 诪砖注谞转 bodycon 住拽住讬 讛诪驻诇讙讛 streetwear 2019 住转讬讜 讞讜专祝 讘讙讚讬 clubwear 2019 讙讚讜诇 讘讚 讗讜驻谞讛 注诪讬讚 谞砖讬诐 砖讞讜专 讜诇讘谉 驻住讬诐 讻转祝 转讬拽 拽谞讬讜转 Tote 驻砖转谉 讻讜转谞讛 拽谞讬讜转 砖拽讬讜转 诪拽住讬诪讗诇讬 BZ926 讗讜驻谞讛 讻驻讜诇 砖讜专讛 诪讜住讬祝 砖讬注专 拽讜诪讘住&#8230;',0,'0','Mozilla/5.0 (Windows NT 6.1; Trident/7.0; rv:11.0) like Gecko','trackback',0,0),(211,86,'nova progressiva shampoo','','http://www.fullbrockers.com/starkville_marbleton/nova-progressiva-shampoo','27.153.220.230','2020-06-12 13:56:49','2020-06-12 12:56:49','<strong>nova progressiva shampoo</strong>\n\noutlook mail kurulumu e ticaret stihl fs111r k酶b nds kosttilskud til dyr billigt hos 蟽蔚蟿 魏伪位蠉渭渭伪蟿伪 伪蠀蟿慰魏喂谓萎蟿慰蠀 9蟿渭蠂 未蔚蟻渭伪蟿委谓畏 safari 渭伪蠉蟻慰 autoline hair clipper philips qg3332 23 beard audio rca mini jack 3.5 mm 谐写械 屑芯卸薪芯 泻褍锌懈褌褜 写褍褏芯胁芯泄 褕泻邪褎 finmaskigt&#8230;',0,'0','Mozilla/5.0 (Windows NT 6.1; Trident/7.0; rv:11.0) like Gecko','trackback',0,0),(212,86,'nike air force tela','','http://www.yawmiatmaghrebi.com/bocadillos/nike-air-force-tela','27.153.222.9','2020-06-13 14:24:47','2020-06-13 13:24:47','<strong>nike air force tela</strong>\n\ngaastra giacca invernale blu scuro alte uomo f 1.3 le base green night cargo bright red adidas originals levis vintage deri mont kontakt auto拧kola progres m谩sa 茅s a medve j谩t茅kok 茅s 茅p铆t艖j谩t茅kok 蠂维蟻蟿喂谓伪 魏伪位伪渭维魏喂伪 魏伪蠁苇 蠄伪位委未喂 魏慰蟻未苇位伪 sante 蟿伪渭蟺维 蟺位伪蟿蠁蠈蟻&#8230;',0,'0','Mozilla/5.0 (Windows NT 6.1; Trident/7.0; rv:11.0) like Gecko','trackback',0,0),(213,86,'khaki vapormax plus twitter.com','','http://www.telugugossipsadda.com/saucier_richwood/khaki-vapormax-plus-twitter.com','117.24.135.148','2020-06-14 00:53:51','2020-06-13 23:53:51','<strong>khaki vapormax plus twitter.com</strong>\n\nwymiary mebli ogrodowych 毓乇囟 丕夭賷丕亍 賲賱丕亘爻 丿丕禺賱賷丞 賱賱亘丿賷賳丕 賲賵囟丞 talk me black crop top come realizzare la copertina di un libro creaciones pandora bolso 01 jane anekke beige suszarka do w艂os贸w babyliss d171e 斜芯褉写芯胁芯械 褋褌懈谢褜薪芯械 褕懈褎芯薪芯胁芯械 锌谢邪褌褜械 胁 褎邪泻褌褍褉薪褘泄&#8230;',0,'0','Mozilla/5.0 (Windows NT 6.1; Trident/7.0; rv:11.0) like Gecko','trackback',0,0),(214,86,'gafas oakley chinas acc. para motos y cuatrimotos en mercado','','http://www.volimteviseodsebe.com/adidas_x_184_fg/gafas-oakley-chinas-acc.-para-motos-y-cuatrimotos-en-mercado','27.153.222.9','2020-06-14 10:17:07','2020-06-14 09:17:07','<strong>gafas oakley chinas acc. para motos y cuatrimotos en mercado</strong>\n\nmayo chix pul贸ver aldi term茅kkeres艖 star wars n艖i jelmez zapatillas adidas mujer casual compara precios en lectura polarizadas tr90 plegables wymiary walizek podr贸偶nych van dal thong talerze pepco amnesia ruh谩k rendel茅se cip艖 nike air max x undefeated',0,'0','Mozilla/5.0 (Windows NT 6.1; Trident/7.0; rv:11.0) like Gecko','trackback',0,0),(215,86,'tende camera letto','','http://www.jnvpanchmahal.com/kitaravahvistin/tende-camera-letto','27.153.184.188','2020-06-15 07:41:00','2020-06-15 06:41:00','<strong>tende camera letto</strong>\n\njojoba oil for beard tammi ty枚taso fekete p茅ntek m疟szaki cikkek 讙 讞讬讜谉 讟诇驻讜谉 讛爪注讜转 注讘讜讚讛 讗讘 讘讬转 讬爪讬讗转 讛讞讙 专讗砖 讛砖谞讛 2016 转专诪讬诇 讟讬讜诇讬诐 70 诇讬讟专 专讜诪讘讛 诪讘专砖讜转 ferro da stiro verticale mediaworld google cast 谩r',0,'0','Mozilla/5.0 (Windows NT 6.1; Trident/7.0; rv:11.0) like Gecko','trackback',0,0),(216,86,'lego star wars 8','','http://www.jfreemanlaw.com/turnbull_dassel/lego-star-wars-8','27.153.183.121','2020-06-15 16:39:40','2020-06-15 15:39:40','<strong>lego star wars 8</strong>\n\nfemmes canard doudoune plume manteau console design maria en verre tremp茅 par zendart s茅lection furreal friends a7274eu40 peluche rasoi archivi scegliere il ricambio doc martens boots uomo manteau isabel marant 茅toile vinted rare vintage peluche tigre&#8230;',0,'0','Mozilla/5.0 (Windows NT 6.1; Trident/7.0; rv:11.0) like Gecko','trackback',0,0),(217,86,'magnum pro kosiarka spalinowa 4.5km','','http://www.jmrosillo.com/strzy偶y/magnum-pro-kosiarka-spalinowa-4.5km','27.153.184.188','2020-06-15 22:42:52','2020-06-15 21:42:52','<strong>magnum pro kosiarka spalinowa 4.5km</strong>\n\n蟽蟿伪胃蔚蟻维 魏伪喂 伪蟽蠉蟻渭伪蟿伪 蟿畏位苇蠁蠅谓伪 渭蔚 蠈蠁蔚位慰蟼 15 蠁蠈蟻蔚渭伪 maxi 魏蟻慰蠀伪味苇 蠁蟿苇蟻蔚蟼 伪位蠀蟽委未蔚蟼 魏慰蠀蟿委 魏伪位位蠀谓蟿喂魏蠋谓 渭蔚 魏伪胃蟻苇蟺蟿畏 timber box kleine wolke 03800 位蔚喂伪谓蟿喂魏维 蟽蠁慰蠀纬纬伪蟻维魏喂伪 蟿蔚蟿蟻维蟺位蔚蠀蟻伪 蠂蟻蠅渭伪 蟿蔚蠂谓慰蟿蟻慰蟺喂伪 蟽慰蠁委蟿伪 纬苇谓慰蠀蟼 胃畏位蠀魏慰蠉 the decopages 伪渭渭慰尾慰位萎 蟽蟿慰魏 蔚喂魏蠈谓伪. 蔚喂&#8230;',0,'0','Mozilla/5.0 (Windows NT 6.1; Trident/7.0; rv:11.0) like Gecko','trackback',0,0),(218,86,'zaino in pelle con bamb霉 3','','http://www.statecraftdiscerned.com/valverde_cassel/zaino-in-pelle-con-bamb%c3%b9-3','27.153.184.188','2020-06-16 01:54:15','2020-06-16 00:54:15','<strong>zaino in pelle con bamb霉 3</strong>\n\nmarca nike gorro rojo deporte running monta帽a balinco gorra de b茅isbol para hombre verde gorro estilo marinero para hombre y mujer 驻诇住 诇讬讬讝专 prolaser 884 884 kapro 2368 讞谞讜转 clarity 讘转诇 讗讘讬讘 讗讜驻谞讛 讞讜讘拽转 注讜诇诐 invitate matrimonio estivo il look perfetto&#8230;',0,'0','Mozilla/5.0 (Windows NT 6.1; Trident/7.0; rv:11.0) like Gecko','trackback',0,0),(219,86,'lilla keen keen seacamp ii cnx black','','http://www.isocero.com/brewerton_paskenta/lilla-keen-keen-seacamp-ii-cnx-black','27.153.222.41','2020-06-16 05:34:25','2020-06-16 04:34:25','<strong>lilla keen keen seacamp ii cnx black</strong>\n\ndress kjole blue lolite dr. adams se hele vores udvalg af overt酶j online her dr joha b酶rnet酶j og babyt酶j undert酶j floral wrap dress navy alexia designs junior bridesmaids style 14 satin maxi skirt vetements black size 14 uk in synthetic nice mermaid sw&#8230;',0,'0','Mozilla/5.0 (Windows NT 6.1; Trident/7.0; rv:11.0) like Gecko','trackback',0,0),(220,86,'bluzka na imprez臋 do klubu','','http://www.justiceforgage.com/jako艣/bluzka-na-imprez%c4%99-do-klubu','27.153.222.9','2020-06-16 12:52:47','2020-06-16 11:52:47','<strong>bluzka na imprez臋 do klubu</strong>\n\ndamskie sanda艂y trekkingowe teva woman terra fi lite atitlan black white ponadczasowa r贸偶owe odzie偶 damska designers remix w zalando dresy szikeny czarne z 偶贸艂tym haftem camisa de rayas mujer bolso pepe jeans fringe azul remeras hombre lisas algod贸n pe&#8230;',0,'0','Mozilla/5.0 (Windows NT 6.1; Trident/7.0; rv:11.0) like Gecko','trackback',0,0),(221,86,'combo of latest printed women t shirt','','http://www.nirbhiknews.com/sanleanna_loyal/combo-of-latest-printed-women-t-shirt','218.86.95.234','2020-06-17 02:31:54','2020-06-17 01:31:54','<strong>combo of latest printed women t shirt</strong>\n\n讟讜讜住 驻专转 诪砖讛 专讘谞讜 转诇讬讜谉 砖专砖专转 注诐 讛诇砖诐 拽讜诇专 砖专砖专转 讻住祝 砖专砖专转 讗讜驻谞讛 讗谞讬诪讛 转讻砖讬讟讬 谞砖讬诐 讘谞讜转 讞讙 讛诪讜诇讚 诪转谞讛 转讻诇讬转讬 讙讘专讬诐 谞砖讬诐 注讜专 讗诪讬转讬 诪驻转讞 诪讞讝讬拽 讗专讙讜谞讬转 Keychain 专讻讘 诪驻转讞 讗专谞拽 讬讜谞讬住拽住 Keysmart 转讬拽 驻讗讜抓 诪驻转讞讜转 诪拽专讛 住转讬讜 诪讝讚诪谉 讬诇讚讬诐 讞讙 诪讜诇讚 讞讜诇爪讜转 讬讬诇讜讚 转讬谞讜&#8230;',0,'0','Mozilla/5.0 (Windows NT 6.1; Trident/7.0; rv:11.0) like Gecko','trackback',0,0),(222,86,'david beckham fans with signs celebs at los angeles galaxy v','','http://www.suiuam.com/limecreek_tawascity/david-beckham-fans-with-signs-celebs-at-los-angeles-galaxy-v','121.207.56.113','2020-06-18 03:28:45','2020-06-18 02:28:45','<strong>david beckham fans with signs celebs at los angeles galaxy v</strong>\n\nwhite nike air long sleeve top foot locker id how many cowboy hat types do we have quora dallas cowboys navy blue jr team truckered youth adjustable hat nike tribute full polyester tracksuit zip jacket jogging bottms joggers ultra stylov茅 yourturn p谩ns&#8230;',0,'0','Mozilla/5.0 (Windows NT 6.1; Trident/7.0; rv:11.0) like Gecko','trackback',0,0),(223,86,'philips rasoi elettrici uomo','','http://www.filmkhaneh.com/ppaikou_savery/philips-rasoi-elettrici-uomo','27.153.223.8','2020-06-18 12:26:18','2020-06-18 11:26:18','<strong>philips rasoi elettrici uomo</strong>\n\nforest signature totem blu ray cd fiyatlar谋 bocinas bose para carro 890.00 en mercado libre 67091062 lamina depiladora braun 327 silkepil 7 5377 5327 5280 drakakis rent a car maquina cafe barata 24 x 24 paper cutter 1196860 芯锌邪褋薪邪褟 斜褉懈褌胁邪 dovo solingen&#8230;',0,'0','Mozilla/5.0 (Windows NT 6.1; Trident/7.0; rv:11.0) like Gecko','trackback',0,0),(224,86,'air max essential pas cher nouveau nike air max 90 noir et','','http://www.txjschool.com/tib茅tain/air-max-essential-pas-cher-nouveau-nike-air-max-90-noir-et','121.207.56.113','2020-06-18 23:44:19','2020-06-18 22:44:19','<strong>air max essential pas cher nouveau nike air max 90 noir et</strong>\n\nvidaxl soldrevne stearinlys 6 stk led lys varm hvit Brazo pivotante ajustable de tres v铆as para GoPro Hero 4 3 3 2 1 accesorios de C谩mara de Acci贸n 3 uds verano dulce volantes blusa s贸lida blusas florales correas vestido pantalones cortos reci茅n nacido&#8230;',0,'0','Mozilla/5.0 (Windows NT 6.1; Trident/7.0; rv:11.0) like Gecko','trackback',0,0),(225,86,'vendita biancheria letto','','http://www.hoodrv.com/tecniche/vendita-biancheria-letto','27.153.222.41','2020-06-20 23:15:16','2020-06-20 22:15:16','<strong>vendita biancheria letto</strong>\n\nf茅rfi wellsoft k枚nt枚s s枚t茅tk茅k sterling ez眉st f眉lbeval贸 op谩llal levendula damen guess high heel sandalette kaufen orginal verpacktes abendkleid von bonprix gr.36 38 spitze silberne g眉nstig kaufen ebay saint laurent portemonnaie mit monogramm herren bla&#8230;',0,'0','Mozilla/5.0 (Windows NT 6.1; Trident/7.0; rv:11.0) like Gecko','trackback',0,0),(226,86,'煤j n艖i kar贸ra cluse replika 贸ra','','http://www.childresssports.com/semmir艖l/%c3%baj-n%c5%91i-kar%c3%b3ra-cluse-replika-%c3%b3ra','121.207.56.68','2020-06-22 19:47:43','2020-06-22 18:47:43','<strong>煤j n艖i kar贸ra cluse replika 贸ra</strong>\n\nn艖i arany alkalmi t谩ska k茅zit谩sk谩k t谩ska web谩ruh谩z min艖s茅gi korall classic memory hab kisp谩rna 38x48 cm mayo chix assos gombos b艖r szoknya arany inda mint谩val 37 cm x index tech tudom谩ny kl铆mav谩ltoz谩st is okoz a m疟anyag szem茅t arany wales kark枚t艖 arany&#8230;',0,'0','Mozilla/5.0 (Windows NT 6.1; Trident/7.0; rv:11.0) like Gecko','trackback',0,0),(227,86,'socks tights shop socks hosiery asos','','http://www.uciemig.com/russiaville_buist/socks-tights-shop-socks-hosiery-asos','121.207.59.131','2020-06-24 21:25:43','2020-06-24 20:25:43','<strong>socks tights shop socks hosiery asos</strong>\n\ncoque puma samsung a6 2017 tpu 喔赋喔福喔编笟 samsung a5 2017 a6 a8 a9 2018 喔赋喔福喔编笟 galaxy s8 s9 plus silicon soft note9 coque housing thule roof box fitting blue stopwatch superga trainers blood glucose meter test strips best oscilloscope for audio new a&#8230;',0,'0','Mozilla/5.0 (Windows NT 6.1; Trident/7.0; rv:11.0) like Gecko','trackback',0,0),(228,86,'boys clothes toddler boy clothes belk','','http://www.dainikpunjab.com/latta_threepoints/boys-clothes-toddler-boy-clothes-belk','117.26.79.149','2020-06-25 01:33:15','2020-06-25 00:33:15','<strong>boys clothes toddler boy clothes belk</strong>\n\nchlap膷ensk茅 plavkov茅 拧ortky paradise d谩msk谩 kabelka 7910 53 online obchod rom 29 blau d谩msk茅 byty ara boty nej拧ir拧铆 v媒b臎r p谩nsk茅 p谩nsk茅 funk膷n铆 sportovn铆 tepl谩ky puma p谩nsk茅 kalhoty vomaks d臎tsk谩 postel melo 20 matrace 1834 91 vojt臎ch sv臎tov媒 ilustr谩to&#8230;',0,'0','Mozilla/5.0 (Windows NT 6.1; Trident/7.0; rv:11.0) like Gecko','trackback',0,0),(229,86,'gorras kawaii g贸tico','','http://www.techsturdy.com/gorras_adidas_3_rayas/gorras-kawaii-g%c3%b3tico','117.26.76.221','2020-06-25 07:00:37','2020-06-25 06:00:37','<strong>gorras kawaii g贸tico</strong>\n\nsnapback de pittsburgh steelers el evento de este mes light gray txglgwa sombreros unisex oro gorros de mujer compara ahora y chino oriental vietnamita paja sol consejos para elegir los zapatos para chaqu茅 perfectos s menom b谩b tka plain melange grey h&#8230;',0,'0','Mozilla/5.0 (Windows NT 6.1; Trident/7.0; rv:11.0) like Gecko','trackback',0,0),(230,86,'lebron xii. tenisice zagreb','','http://www.govtpolytechnicujjain.com/vnit艡n铆/lebron-xii.-tenisice-zagreb','27.153.223.180','2020-06-26 06:31:09','2020-06-26 05:31:09','<strong>lebron xii. tenisice zagreb</strong>\n\njeans pas cher taille haute 3 mod猫les trail pour courir l茅ger et accrocher cet hiver nike air max noir et blanc nike air max 2017 essential pas casio herreklokke g 2900f 1ver panneb氓nd med trykket logo p氓 fronten marque basket homme luxe sweats femme t&#8230;',0,'0','Mozilla/5.0 (Windows NT 6.1; Trident/7.0; rv:11.0) like Gecko','trackback',0,0),(231,86,'lampa wisz膮ca czarno z艂ota sigma hippo podw贸jna lampa sufitowa klosze z艂ote do jadalni','','http://www.kathrynhodgsonauthor.com/mak贸w/lampa-wisz%c4%85ca-czarno-z%c5%82ota-sigma-hippo-podw%c3%b3jna-lampa-sufitowa-klosze-z%c5%82ote-do-jadalni','117.26.76.47','2020-06-26 21:22:19','2020-06-26 20:22:19','<strong>lampa wisz膮ca czarno z艂ota sigma hippo podw贸jna lampa sufitowa klosze z艂ote do jadalni</strong>\n\nkoup臎 mobilu d谩msk茅 dlouh茅 py啪amo louis vuitton ladies backpack mount mercy university louis vuitton black bifold wallets for women for sale ebay marc jacobs handbags and purses christian louboutin city 120 platform sandals auth louis vuitton monogram&#8230;',0,'0','Mozilla/5.0 (Windows NT 6.1; Trident/7.0; rv:11.0) like Gecko','trackback',0,0),(232,86,'nacido de punto stretch con motivo','','http://www.russkoe-kino.com/citizens/nacido-de-punto-stretch-con-motivo','27.153.184.14','2020-06-27 05:05:02','2020-06-27 04:05:02','<strong>nacido de punto stretch con motivo</strong>\n\nqysz buena venta ropa interior skechers cipele wtn 4442 platinum hrana za pse menu piletina pack 3 slips sin costuras hombre pijama gisela mujer pijamas para audi softshell jakna james nicholson dve艡e 70 prav茅 kov谩n铆 d艡evo zimn铆 spac铆 pytle pro miminka&#8230;',0,'0','Mozilla/5.0 (Windows NT 6.1; Trident/7.0; rv:11.0) like Gecko','trackback',0,0),(233,86,'crossfit brand clothing','','http://www.junikhabar.com/kingcove_secretary/crossfit-brand-clothing','117.24.135.112','2020-06-27 22:44:20','2020-06-27 21:44:20','<strong>crossfit brand clothing</strong>\n\niphone tripod adaptor long sleeve business casual buy refrigerator 6.0 亘賵氐丞 賮乇賷賱丕賳丿乇 丕賱賲丨賱賷丞 丕賱匕賴亘 丕賱禺賷夭乇丕賳 賲賯亘囟 賲賯氐丕鬲 丕賱丨賱丕賯丞 賲爻鬲賯賷賲 賲賯氐 丕賱兀爻賳丕賳 賲賯氐 賲賯氐 丨賱丕賯丞 賲鬲禺氐氐 65賯胤毓丞丕賱賵丨丿丞丕賱兀禺囟乇賱賵丕夭賲丕賱胤丕賵賱丞丕賱賲丕卅丿丞賯丕亘賱賱賱鬲氐乇賮賲噩賲賵毓丞毓賱賶卮賰賱賯賱亘丨賮賱丞丕賱氐賻賾賮賷丨賻丞購丕賱賵賻乇賻賯賽賷&#8230;',0,'0','Mozilla/5.0 (Windows NT 6.1; Trident/7.0; rv:11.0) like Gecko','trackback',0,0),(234,86,'exclusieve leren tassen leren damestas helsinki long','','http://www.505-ch.com/rugtas_blauw_grijs/exclusieve-leren-tassen-leren-damestas-helsinki-long','27.153.223.138','2020-06-29 10:38:30','2020-06-29 09:38:30','<strong>exclusieve leren tassen leren damestas helsinki long</strong>\n\na蟺位喂魏伪 未喂蠁蠅蟿畏 伪谓蟿喂魏蔚 魏慰谓蟿蠈 蠁慰蠀蟽魏蠅蟿蠈 渭蟺慰蠀蠁维谓 畏渭蔚蟻畏蟽委伪 尾苇蟻慰喂伪蟼 蟺蟻蠅蟿慰蟽苇位喂未慰 蔚蠁畏渭蔚蟻委未伪蟼 15 11 18 fynda trumpet gul m盲ssing med guldlack bb basic basic t盲cke svalt 220x200 cm vit s盲ngkl盲der puma herr rebel crew r枚d collegetr枚ja good morning jungle dekbedove&#8230;',0,'0','Mozilla/5.0 (Windows NT 6.1; Trident/7.0; rv:11.0) like Gecko','trackback',0,0),(235,86,'designer kimono','','http://www.jmcvibes.com/troutman_metompkin/designer-kimono','117.24.148.18','2020-06-29 23:44:10','2020-06-29 22:44:10','<strong>designer kimono</strong>\n\nsterilized ear piercing studs studex northwave enduro jersey womens chuck taylor all star converse canvas dark blue ox converse chucks grau sterne grunewald new authentic vans womens old skool shoes black white llama teddy eco trash can vans av classic&#8230;',0,'0','Mozilla/5.0 (Windows NT 6.1; Trident/7.0; rv:11.0) like Gecko','trackback',0,0),(236,86,'f茅rfi uszodai k枚nt枚s v铆zilabd谩z谩shoz','','http://www.alpesmiel.com/puppia/f%c3%a9rfi-uszodai-k%c3%b6nt%c3%b6s-v%c3%adzilabd%c3%a1z%c3%a1shoz','117.24.133.114','2020-06-29 23:53:35','2020-06-29 22:53:35','<strong>f茅rfi uszodai k枚nt枚s v铆zilabd谩z谩shoz</strong>\n\nvelencei karnev谩l 谩larc 谩r maillot equipe de france 3 ans voyager avec son chien en laponie le mag du bosc. equitation camargue 脿 funny eye masks for sleeping mode demploi vtech mon doudou 脿 comptines charmant redessine sa collection puha meleg k枚nt枚s&#8230;',0,'0','Mozilla/5.0 (Windows NT 6.1; Trident/7.0; rv:11.0) like Gecko','trackback',0,0),(237,86,'gucci rush perfume 30ml','','http://www.huayuanart.com/cocineros/gucci-rush-perfume-30ml','117.24.134.189','2020-07-01 22:13:28','2020-07-01 21:13:28','<strong>gucci rush perfume 30ml</strong>\n\nextension uv disfraz de arlequin mujer auriculares iphone 6 originales detroit premium snapback hat camo lamica solid color bead flower women muslim keighley cashmere beanie ledvinka pro zeny zdravotn铆 pantofle medistyle damske plazove pantofle sede sn&#8230;',0,'0','Mozilla/5.0 (Windows NT 6.1; Trident/7.0; rv:11.0) like Gecko','trackback',0,0),(238,86,'kalosze damskie 艂贸d藕','','http://www.naijavoxpop.com/flanelow膮/kalosze-damskie-%c5%82%c3%b3d%c5%ba','27.153.221.143','2020-07-02 09:20:57','2020-07-02 08:20:57','<strong>kalosze damskie 艂贸d藕</strong>\n\nprancha nano titanium babyliss pro by roger larga 230潞 mochila ate 50 reais mochilas vozz escolar azul com o buty g贸rskie montura yaru tekno gtx moss green green acid fortuna czy sts kt贸ry bukmacher jest lepszy polski raw air 2018 lillehammer. konkurs&#8230;',0,'0','Mozilla/5.0 (Windows NT 6.1; Trident/7.0; rv:11.0) like Gecko','trackback',0,0),(239,86,'turecko moda pv118139','','http://www.songspk49.com/miner谩lna/turecko-moda-pv118139','117.26.242.205','2020-07-03 12:46:59','2020-07-03 11:46:59','<strong>turecko moda pv118139</strong>\n\nmanteau dhiver pour femme en laine vierge plus velours automne et co2 pistolet a bille replique sp2022 bb gant ski d茅cathlon quechua moufles 12a karnevalov茅 kost媒my a masky bazar horou拧any bezs谩膷kov媒 ty膷ov媒 vysava膷 hoover atv 264 bm 011 hn臎d媒 revolutio&#8230;',0,'0','Mozilla/5.0 (Windows NT 6.1; Trident/7.0; rv:11.0) like Gecko','trackback',0,0),(240,86,'x ultra mid 2 gtx hiking shoe detroit','','http://www.wetrubz.com/theresa_orbisonia/x-ultra-mid-2-gtx-hiking-shoe-detroit','121.207.58.193','2020-07-08 00:48:48','2020-07-07 23:48:48','<strong>x ultra mid 2 gtx hiking shoe detroit</strong>\n\ncolor kids anton badeshorts sort adidas originals trefoil tee t shirts green comfort nya 2019 designer m盲rke tweed ballet flats 2018 105 405 pink durable lacoste infant ziane trainers black white girls leather eri kitten heel boot in black best new aut&#8230;',0,'0','Mozilla/5.0 (Windows NT 6.1; Trident/7.0; rv:11.0) like Gecko','trackback',0,0),(241,86,'campera moto touring sport pista ls2 dubai impermeable negra','','http://www.dvd-ie.com/apretado/campera-moto-touring-sport-pista-ls2-dubai-impermeable-negra','117.26.242.205','2020-07-08 01:08:28','2020-07-08 00:08:28','<strong>campera moto touring sport pista ls2 dubai impermeable negra</strong>\n\npoprun sporttasche herren reisetasche mercator 2020 brautkleider online bestellen billiger kaufen kleid f眉r urlaub braga de bikini alta ibiza sloggi chesmono skyblue knitting long cardigan sweater mujer jumper modelo de ropa interior sexy lencer铆a er贸t&#8230;',0,'0','Mozilla/5.0 (Windows NT 6.1; Trident/7.0; rv:11.0) like Gecko','trackback',0,0),(242,86,'拽谞拽谉 转讛 讘专讝诇 讬驻谞讬 0.65 诇讬讟专 砖讞讜专 ocha','','http://www.aldeyarkw.com/dadecity_forestdale/%d7%a7%d7%a0%d7%a7%d7%9f-%d7%aa%d7%94-%d7%91%d7%a8%d7%96%d7%9c-%d7%99%d7%a4%d7%a0%d7%99-0.65-%d7%9c%d7%99%d7%98%d7%a8-%d7%a9%d7%97%d7%95%d7%a8-ocha','110.82.169.50','2020-07-09 04:19:12','2020-07-09 03:19:12','<strong>拽谞拽谉 转讛 讘专讝诇 讬驻谞讬 0.65 诇讬讟专 砖讞讜专 ocha</strong>\n\nkaffemaskine filter danske boliger til salg billige arbejdsbukser til m忙nd m氓lekande med v忙gt termometro digital medir febre em promo莽茫o nas lojas 2df6139 stalak za torbe grey r茅initialiser mot de passe icloud 砖讬讛讬讛 诇讻诐 讞讜专祝 10 讝讜讙 诪讞诪诪讬 讗讜讝谞讬讬诐 讗讘讬 讗讜&#8230;',0,'0','Mozilla/5.0 (Windows NT 6.1; Trident/7.0; rv:11.0) like Gecko','trackback',0,0),(243,86,'angel d臎tsk媒 啪upan bavln臎n媒 v铆ce barev','','http://www.mandesuryudunews.com/拧vabach/angel-d%c4%9btsk%c3%bd-%c5%beupan-bavln%c4%9bn%c3%bd-v%c3%adce-barev','110.82.168.182','2020-07-10 01:41:51','2020-07-10 00:41:51','<strong>angel d臎tsk媒 啪upan bavln臎n媒 v铆ce barev</strong>\n\npenny belts d谩msk媒 ko啪en媒 b铆l媒 p谩sek k sol谩rn铆 elektr谩rny antick茅 jednoduch茅 kr茅mov茅 svatebn铆 spole膷ensk茅 拧aty na ram铆nka v媒prodej zimn铆ch bot slevy a啪 70 herren arbeitssocken neu 3 paar gr枚脽e 43 46 in nord hamburg realistische silikon babypuppe weiche&#8230;',0,'0','Mozilla/5.0 (Windows NT 6.1; Trident/7.0; rv:11.0) like Gecko','trackback',0,0),(244,86,'hacer un disfraz de mujer maravilla','','http://www.dvd-ie.com/mensajera/hacer-un-disfraz-de-mujer-maravilla','110.89.41.76','2020-07-12 02:02:54','2020-07-12 01:02:54','<strong>hacer un disfraz de mujer maravilla</strong>\n\nvestido l铆neas negro eclipse calce regular compra ahora embroidered zapatos breathable mesh comprar zapatillas puma running hombre polleras largas de fiesta joules baby jersey hosen 2er set frank adidas damen marathon 10 ng stability laufschuhe wei脽 ea&#8230;',0,'0','Mozilla/5.0 (Windows NT 6.1; Trident/7.0; rv:11.0) like Gecko','trackback',0,0),(245,86,'dressy tops plus size uk','','http://www.riverwoodinswaziland.com/losojos_harrietta/dressy-tops-plus-size-uk','110.82.169.126','2020-07-12 18:55:27','2020-07-12 17:55:27','<strong>dressy tops plus size uk</strong>\n\noia joyas para el pelo para novias venta al por mayor sudaderas mujer de mujer simond sudaderas hombres sin capucha switchali chaqueta hombre cute black and white dresses dress fa floral gown white tj maxx dresses v neck rounded back lace bodycon dress&#8230;',0,'0','Mozilla/5.0 (Windows NT 6.1; Trident/7.0; rv:11.0) like Gecko','trackback',0,0),(246,86,'auto na baterky nie na vzduch','','http://www.visitvalbrembana.com/v媒bojkami/auto-na-baterky-nie-na-vzduch','110.82.171.147','2020-07-12 23:27:07','2020-07-12 22:27:07','<strong>auto na baterky nie na vzduch</strong>\n\ndismiss minnesota twins dri fit mesh back swoosh flex nike stretch 47 brand new york yankees red basic athletic logo toddler bucket hat andrea velour toffe shoes pons quintana luxusn铆 rohov谩 sedac铆 souprava allegra xv hn臎d谩 6 osob sv. hn臎d媒 omnitronic&#8230;',0,'0','Mozilla/5.0 (Windows NT 6.1; Trident/7.0; rv:11.0) like Gecko','trackback',0,0),(247,86,'double cases tab s2','','http://www.trumplatest.com/indianriver/double-cases-tab-s2','110.82.169.126','2020-07-13 15:17:06','2020-07-13 14:17:06','<strong>double cases tab s2</strong>\n\ngucci case iphone x xr xs max iphone 8 plus iphone 7 iphone court refuses in pharma patent case guitar music gothic style pattern iphone xr william lockie lambswool crew neck knit sweater men lambswool crew knit funda silicone case para el iphone 11 ne&#8230;',0,'0','Mozilla/5.0 (Windows NT 6.1; Trident/7.0; rv:11.0) like Gecko','trackback',0,0),(248,86,'mens boys american baller basketball jersey urban casual','','http://www.cromaticadigital.com/humeston_westglacier/mens-boys-american-baller-basketball-jersey-urban-casual','117.24.132.253','2020-07-14 10:33:36','2020-07-14 09:33:36','<strong>mens boys american baller basketball jersey urban casual</strong>\n\npottery barn discover the pottery barn bridal registry womens light blue floral print v neck evening dress long prom dress kids gigantic terrifying werewolf costume. express delivery formal dress online catalog fashion lego duplo princess tm frozen ice&#8230;',0,'0','Mozilla/5.0 (Windows NT 6.1; Trident/7.0; rv:11.0) like Gecko','trackback',0,0),(249,86,'wallets and wristlets leather and crochet wallets the sak','','http://www.sanremoinvacanza.com/christy/wallets-and-wristlets-leather-and-crochet-wallets-the-sak','110.82.169.126','2020-07-14 12:18:10','2020-07-14 11:18:10','<strong>wallets and wristlets leather and crochet wallets the sak</strong>\n\n拽住讟专讜 讙讜诇讚 讙讘专讬诐 拽谞讬讜谉 讛讝讛讘 home facebook 转讬拽讬 注讙诇讛 minene abiti da sera autunno inverno 2018 2019 stylosophy hekla co maglia donna nera maniche a palloncino lana e stella mccartney borsa piccola con logo fingerless star gloves zero maria cornejo beetl&#8230;',0,'0','Mozilla/5.0 (Windows NT 6.1; Trident/7.0; rv:11.0) like Gecko','trackback',0,0),(250,86,'inzer谩ty zlat媒 medailonek bazar a inzerce zdarma','','http://www.serpaize.com/拧ampionka/inzer%c3%a1ty-zlat%c3%bd-medailonek-bazar-a-inzerce-zdarma','117.24.134.0','2020-07-15 19:20:46','2020-07-15 18:20:46','<strong>inzer谩ty zlat媒 medailonek bazar a inzerce zdarma</strong>\n\np谩nsk茅 oble膷en铆 mustang zbo啪铆 m贸da the north face zimn铆 bundy d谩msk茅 拧ed谩 levn茅 online tepl谩 d谩msk谩 mikina s kapuc铆 na zip dobr媒textil deichmann velika akcija kuda u kupovinu koje su vrste lica kod 啪ena. vrste lica fujifilm instax mini 8 plavi blue ins&#8230;',0,'0','Mozilla/5.0 (Windows NT 6.1; Trident/7.0; rv:11.0) like Gecko','trackback',0,0),(251,86,'frames sunglasses for the iphone','','http://www.alisideritraditionalhousing.com/onaga_skippack/frames-sunglasses-for-the-iphone','110.82.169.37','2020-07-16 23:04:12','2020-07-16 22:04:12','<strong>frames sunglasses for the iphone</strong>\n\nmesh irodai sz茅k 铆gy k茅sz眉l a diy lebeg艖 felh艖l谩mpa round circle gold frame clear lens womens top handle handbags kate spade hani haven lane pink clear glasses trend spring 2017 kate spade iwatch band kemei shaving machine waldmann light pendelleuchte&#8230;',0,'0','Mozilla/5.0 (Windows NT 6.1; Trident/7.0; rv:11.0) like Gecko','trackback',0,0),(252,86,'coqui detské sivé čižmy všetky','','http://www.moodringsmusic.com/parfemovaná/coqui-detsk%c3%a9-siv%c3%a9-%c4%8di%c5%bemy-v%c5%a1etky','110.82.169.37','2020-07-17 19:15:33','2020-07-17 18:15:33','<strong>coqui detské sivé čižmy všetky</strong>\n\ndisfraces de enfermeras para niñas peinillas para cabello disfraz de abeja casero ľudia vrážajú do e shopov veľa peňazí a tie sa im nevracajú dioptrické okuliare lacoste elegantné tmavomodré nohavice hank juego de motos para bebes repisas con cajas de&#8230;',0,'0','Mozilla/5.0 (Windows NT 6.1; Trident/7.0; rv:11.0) like Gecko','trackback',0,0),(253,86,'gorras nike coppel','','http://www.esenyurtda.com/escamisetasfutbol/gorras-nike-coppel','110.82.169.37','2020-07-19 17:10:33','2020-07-19 16:10:33','<strong>gorras nike coppel</strong>\n\ndetalles de nivea crema crema cl谩sico para rostro zapatillas deportivas ropa mujer barata shobdw vestido de mujer verano manga media de midi vestidos mal煤 en rojo y otros momentazos del concierto de cadena dial tablier cuisine brod茅 salle de bain bain&#8230;',0,'0','Mozilla/5.0 (Windows NT 6.1; Trident/7.0; rv:11.0) like Gecko','trackback',0,0),(254,86,'gucci orologi da donna','','http://www.dainikbangajananee.com/trovarle/gucci-orologi-da-donna','110.82.169.37','2020-07-20 11:19:21','2020-07-20 10:19:21','<strong>gucci orologi da donna</strong>\n\n谞注诇讬 讗讚讬讚住 讙讘专讬诐 砖讞专讜讜转 adidas lite racer cln 驻讜讝讛 讘讬拽讜专转 讟诇讜讜讬讝讬讛 讜讜讗诇讛 转专讘讜转 fox 讞讜诇爪讜转 讘讬转 住驻专 castro anello da uomo in oro bianco con zircone florida tried to fix system. rebecca jual case vivo y71 louis vuitton hardcase kab. kediri iva emas tokope&#8230;',0,'0','Mozilla/5.0 (Windows NT 6.1; Trident/7.0; rv:11.0) like Gecko','trackback',0,0),(255,86,'katalog akcija samsung galaxy mobilni telefoni novembar 2015 cena','','http://www.gokendari.com/binford_jacksontown/katalog-akcija-samsung-galaxy-mobilni-telefoni-novembar-2015-cena','110.82.169.37','2020-07-22 00:40:51','2020-07-21 23:40:51','<strong>katalog akcija samsung galaxy mobilni telefoni novembar 2015 cena</strong>\n\n拽讟诇讜讙 谞注诇讬 诇讜专谉 2013 诪讻砖讬专 诇讛讻谞转 拽专驻 诪讘爪注讬 拽讬抓 2017 注讻砖讬讜 hvordan s忙tter man persienner op club matas pointshoppen ny barbermaskine royal copenhagen contrast krus tilbud legehus i tr忙 蠄畏蠁喂伪魏蠈 胃蔚蟻渭蠈渭蔚蟿蟻慰 尾慰位蟿蠈渭蔚蟿蟻慰 蟻慰位蠈喂 codice del lavoro libro birger k&#8230;',0,'0','Mozilla/5.0 (Windows NT 6.1; Trident/7.0; rv:11.0) like Gecko','trackback',0,0),(256,86,'daxon jupes femme','','http://www.grampanchayatcharcha.com/scintillantes/daxon-jupes-femme','110.82.168.158','2020-07-25 14:56:48','2020-07-25 13:56:48','<strong>daxon jupes femme</strong>\n\ncravate epaisse aviator lunette de soleil coffre fort standers avis kit outils bricolage combinaison double zip adidas superstar red sudaderas basicas con capucha baratas zapatillas deportivas de ni帽o new balance de color azul con cierre de velcro y co&#8230;',0,'0','Mozilla/5.0 (Windows NT 6.1; Trident/7.0; rv:11.0) like Gecko','trackback',0,0),(257,86,'come accedere su virgilio mail','','http://www.dainikbangajananee.com/scalatore/come-accedere-su-virgilio-mail','110.82.168.158','2020-07-26 08:45:45','2020-07-26 07:45:45','<strong>come accedere su virgilio mail</strong>\n\nlusome luxe womens grace long sleep chemise pilibhit jungle chuka beach latest video camilla parker bowles speaks on meghan markles family drama faces and stars print satin pants black uomo calvin klein pantaloni uomo abbigliamento tagliatore abito uom&#8230;',0,'0','Mozilla/5.0 (Windows NT 6.1; Trident/7.0; rv:11.0) like Gecko','trackback',0,0),(258,86,'boho flower embroidered top spaghetti stripe white strappy tank','','http://www.ebhevents.com/knoll_holden/boho-flower-embroidered-top-spaghetti-stripe-white-strappy-tank','117.24.150.95','2020-07-26 22:50:20','2020-07-26 21:50:20','<strong>boho flower embroidered top spaghetti stripe white strappy tank</strong>\n\nysl chain wallet quilted velvet black reebok classics schoenen heren outlet reebok workout plus kitchenaid artisan toaster rood st艡铆brn媒 艡et铆zek se symbolem nekone膷no st艡铆bro4u levn茅 online bonprix ko啪en谩 obuv 膷ern谩 zimn铆 boty p谩nsk茅 chiara vintage ma膷&#8230;',0,'0','Mozilla/5.0 (Windows NT 6.1; Trident/7.0; rv:11.0) like Gecko','trackback',0,0),(259,86,'hochwertige stehleuchten','','http://www.camping-la-vague.com/vertraut/hochwertige-stehleuchten','27.153.222.73','2020-07-26 23:28:23','2020-07-26 22:28:23','<strong>hochwertige stehleuchten</strong>\n\nmen winter knitted sweater customised uniform light pink pullover sweater custom car design phone case double breasted vs single breasted suits mens fashion gents lounge bright purple skinny jeans pink retro logo pullover hoodie deals michael michael k&#8230;',0,'0','Mozilla/5.0 (Windows NT 6.1; Trident/7.0; rv:11.0) like Gecko','trackback',0,0),(260,86,'4 in 1 leucht mikro typ c micro sd tf kartenleseger盲t f眉r iphone','','http://www.vahabonline.com/pflegebody/4-in-1-leucht-mikro-typ-c-micro-sd-tf-kartenleseger%c3%a4t-f%c3%bcr-iphone','110.82.168.75','2020-07-27 11:25:00','2020-07-27 10:25:00','<strong>4 in 1 leucht mikro typ c micro sd tf kartenleseger盲t f眉r iphone</strong>\n\nfl眉gel in der hinteren li stockfotos gro脽handel ma c make up pinsel 9er set bb drum kosmetik pinsel set page magazin 1 2012 kuhnert r盲uchermann schneemann mit ski bambusov茅 prk茅nko privilege 20 cm naau cz korzet 1505 17 edel jasmine d谩msk茅 ebook mantel&#8230;',0,'0','Mozilla/5.0 (Windows NT 6.1; Trident/7.0; rv:11.0) like Gecko','trackback',0,0),(261,86,'ormari膰 kupaonski lymo','','http://www.dentalsurgicalinstrument.com/spu啪vaste/ormari%c4%87-kupaonski-lymo','117.24.150.95','2020-07-30 19:16:51','2020-07-30 18:16:51','<strong>ormari膰 kupaonski lymo</strong>\n\nbeogradanke masovno koriste servis beba dolazi glas javnosti grad 膽ur膽evac za u膷enike odjela za djecu s te拧ko膰ama oglas prostirka od krzna prodaje se lebron lillard trade shots during 2019 nba all charlie 1 horse highway black hat cowgirl delight white&#8230;',0,'0','Mozilla/5.0 (Windows NT 6.1; Trident/7.0; rv:11.0) like Gecko','trackback',0,0),(262,86,'facebook venner men ikke s氓 venner dinside','','http://www.beritamufc.com/gould/facebook-venner-men-ikke-s%c3%a5-venner-dinside','117.24.150.107','2020-08-01 11:25:29','2020-08-01 10:25:29','<strong>facebook venner men ikke s氓 venner dinside</strong>\n\nblade gtx ms hikingsko bosch t酶rkestativ halloween feiring i oslo oslo city butikker femme cheville bottes daim noir middle chaussures dames mode chaussures femmes chaussures lace up casual bout pointu bottines fashionfolie basket femme fourr茅es montan&#8230;',0,'0','Mozilla/5.0 (Windows NT 6.1; Trident/7.0; rv:11.0) like Gecko','trackback',0,0),(263,86,'skije i pancerice za djecu','','http://www.ekhanei-jobs.com/ecologic膬/skije-i-pancerice-za-djecu','117.24.135.159','2020-08-03 22:20:40','2020-08-03 21:20:40','<strong>skije i pancerice za djecu</strong>\n\nnike sb x nba icon hoodie storm pink obsidian custom made new era hats new york yankees new era 59fifty nike mercurial superfly 6 elite fg cr7 chapter 6 desigual abrig electro magic d谩msk媒 kab谩t desigual s.oliver p谩nsk茅 tri膷ko xxl b铆l谩 tri膷ka pinterest&#8230;',0,'0','Mozilla/5.0 (Windows NT 6.1; Trident/7.0; rv:11.0) like Gecko','trackback',0,0),(264,86,'best pris p氓 duplo sammenlign priser hos prisjakt','','http://www.interiordesignn.com/skippack/best-pris-p%c3%a5-duplo-sammenlign-priser-hos-prisjakt','121.207.115.57','2020-08-05 12:47:47','2020-08-05 11:47:47','<strong>best pris p氓 duplo sammenlign priser hos prisjakt</strong>\n\nhestra skihansker og votter av h酶y kvalitet 40 dager og 40 en fortelling om stillhet lego friends julekalender 氓rstider og h酶ytider Camisa de chif贸n superior para mujer novedad de Verano de 2020 camisa Coreana de chif贸n Floral con volantes y cuello en&#8230;',0,'0','Mozilla/5.0 (Windows NT 6.1; Trident/7.0; rv:11.0) like Gecko','trackback',0,0);

--
